{"id":700178,"date":"2025-08-27T14:56:23","date_gmt":"2025-08-27T11:56:23","guid":{"rendered":"https:\/\/roveyayinevi.com.tr\/index.php\/urun\/ogretmen-ve-yonetici-yetistirmede-mentorluk\/"},"modified":"2026-04-16T02:09:33","modified_gmt":"2026-04-15T23:09:33","slug":"ogretmen-ve-yonetici-yetistirmede-mentorluk","status":"publish","type":"product","link":"https:\/\/roveyayinevi.com.tr\/index.php\/urun\/ogretmen-ve-yonetici-yetistirmede-mentorluk\/","title":{"rendered":"\u00d6\u011fretmen ve Y\u00f6netici Yeti\u015ftirmede Mentorluk"},"content":{"rendered":"<p>Mentorluk kavram\u0131 deneyimli bir i\u015fg\u00f6renin kendisinden daha az deneyime sahip meslekta\u015f\u0131na ki\u015fisel ve mesleki geli\u015fimini sa\u011flamas\u0131 i\u00e7in yard\u0131m etme s\u00fcrecini i\u015faret etmektedir. Mentorlu\u011fun e\u011fitim alan\u0131nda kullan\u0131lmas\u0131 ise yeni g\u00f6reve ba\u015flayan \u00f6\u011fretmenlere ve okul m\u00fcd\u00fcrlerine mesleki ve ki\u015fisel yard\u0131m sa\u011flanmas\u0131 noktas\u0131nda yo\u011funla\u015fmaktad\u0131r. S\u00fcre\u00e7 Amerika, \u0130ngiltere, Singapur ve pek \u00e7ok Avrupa \u00fclkesinde ba\u015far\u0131yla uygulanmaktad\u0131r. Yap\u0131lan ara\u015ft\u0131rmalarda mentorluk yoluyla yeti\u015fen m\u00fcd\u00fcrler ve \u00f6\u011fretmenler s\u00fcre\u00e7ten \u00e7ok yararland\u0131klar\u0131n\u0131 ifade etmi\u015flerdir. <\/p>\n","protected":false},"excerpt":{"rendered":"<p>Mentorluk kavram\u0131 deneyimli bir i\u015fg\u00f6renin kendisinden daha az deneyime sahip meslekta\u015f\u0131na ki\u015fisel ve mesleki geli\u015fimini sa\u011flamas\u0131 i\u00e7in yard\u0131m etme s\u00fcrecini i\u015faret etmektedir. Mentorlu\u011fun e\u011fitim alan\u0131nda kullan\u0131lmas\u0131<span class=\"excerpt-hellip\"> [\u2026]<\/span><\/p>\n","protected":false},"featured_media":0,"template":"","meta":{"_monsterinsights_skip_tracking":false,"_monsterinsights_sitenote_active":false,"_monsterinsights_sitenote_note":"","_monsterinsights_sitenote_category":0},"product_brand":[],"product_cat":[12312,12304],"product_tag":[],"class_list":{"0":"post-700178","1":"product","2":"type-product","3":"status-publish","5":"product_cat-diger","6":"product_cat-tarih","7":"pa_cilt-ciltsiz","8":"pa_tur-kitap","9":"pa_yayinevi-ani-yayincilik","10":"pa_yazar-ibrahim-kocabas","12":"first","13":"instock","14":"sale","15":"shipping-taxable","16":"purchasable","17":"product-type-simple"},"_links":{"self":[{"href":"https:\/\/roveyayinevi.com.tr\/index.php\/wp-json\/wp\/v2\/product\/700178","targetHints":{"allow":["GET"]}}],"collection":[{"href":"https:\/\/roveyayinevi.com.tr\/index.php\/wp-json\/wp\/v2\/product"}],"about":[{"href":"https:\/\/roveyayinevi.com.tr\/index.php\/wp-json\/wp\/v2\/types\/product"}],"wp:attachment":[{"href":"https:\/\/roveyayinevi.com.tr\/index.php\/wp-json\/wp\/v2\/media?parent=700178"}],"wp:term":[{"taxonomy":"product_brand","embeddable":true,"href":"https:\/\/roveyayinevi.com.tr\/index.php\/wp-json\/wp\/v2\/product_brand?post=700178"},{"taxonomy":"product_cat","embeddable":true,"href":"https:\/\/roveyayinevi.com.tr\/index.php\/wp-json\/wp\/v2\/product_cat?post=700178"},{"taxonomy":"product_tag","embeddable":true,"href":"https:\/\/roveyayinevi.com.tr\/index.php\/wp-json\/wp\/v2\/product_tag?post=700178"}],"curies":[{"name":"wp","href":"https:\/\/api.w.org\/{rel}","templated":true}]}}