{"id":700177,"date":"2025-08-27T14:56:22","date_gmt":"2025-08-27T11:56:22","guid":{"rendered":"https:\/\/roveyayinevi.com.tr\/index.php\/urun\/ogretim-teknolojileri-ve-materyal-tasarimi-2\/"},"modified":"2026-04-16T02:09:33","modified_gmt":"2026-04-15T23:09:33","slug":"ogretim-teknolojileri-ve-materyal-tasarimi-2","status":"publish","type":"product","link":"https:\/\/roveyayinevi.com.tr\/index.php\/urun\/ogretim-teknolojileri-ve-materyal-tasarimi-2\/","title":{"rendered":"\u00d6\u011fretim Teknolojileri Ve Materyal Tasar\u0131m\u0131"},"content":{"rendered":"<p>\u00d6\u011fretme-\u00f6\u011frenme s\u00fcrecinin etkili olarak d\u00fczenlenmesi, \u00f6\u011fretmenlerin, dersin etkili olarak planlanmas\u0131, ger\u00e7ekle\u015ftirilmesi, de\u011ferlendirilmesi ve d\u00fczeltilmesine ili\u015fkin \u00e7al\u0131\u015fmalar yapmas\u0131na ba\u011fl\u0131d\u0131r. \u00d6\u011fretmenlerin \u00d6\u011fretim teknolojileri ve Materyal Tasar\u0131m\u0131 konusundaki bilgi ve becerileri \u00f6\u011fretme-\u00f6\u011frenme s\u00fcrecinin daha etkili olarak ger\u00e7ekle\u015fmesine katk\u0131 getirecektir. \u00d6\u011frenci ve \u00f6\u011fretmenlerin \u00f6\u011fretim s\u0131ras\u0131nda bilgiyi payla\u015fma, bilgiye eri\u015fim, soyut g\u00f6sterimlerin somuta indirgenmesi, ileti\u015fim, g\u00fcd\u00fclenme, yarat\u0131c\u0131l\u0131k gibi \u00f6zelliklerin ortaya \u00e7\u0131kar\u0131lmas\u0131nda \u00f6\u011fretim teknolojileri ve materyal tasar\u0131m\u0131 dersinde kazan\u0131lacaklar\u0131n etkisi olduk\u00e7a fazlad\u0131r. <\/p>\n","protected":false},"excerpt":{"rendered":"<p>\u00d6\u011fretme-\u00f6\u011frenme s\u00fcrecinin etkili olarak d\u00fczenlenmesi, \u00f6\u011fretmenlerin, dersin etkili olarak planlanmas\u0131, ger\u00e7ekle\u015ftirilmesi, de\u011ferlendirilmesi ve d\u00fczeltilmesine ili\u015fkin \u00e7al\u0131\u015fmalar yapmas\u0131na ba\u011fl\u0131d\u0131r. \u00d6\u011fretmenlerin \u00d6\u011fretim teknolojileri ve Materyal Tasar\u0131m\u0131 konusundaki bilgi<span class=\"excerpt-hellip\"> [\u2026]<\/span><\/p>\n","protected":false},"featured_media":0,"template":"","meta":{"_monsterinsights_skip_tracking":false,"_monsterinsights_sitenote_active":false,"_monsterinsights_sitenote_note":"","_monsterinsights_sitenote_category":0},"product_brand":[],"product_cat":[12573,12566],"product_tag":[],"class_list":{"0":"post-700177","1":"product","2":"type-product","3":"status-publish","5":"product_cat-akademik-kitaplar","6":"product_cat-egitim","7":"pa_cilt-ciltsiz","8":"pa_tur-kitap","9":"pa_yayinevi-ani-yayincilik","10":"pa_yazar-kiymet-selvi","12":"first","13":"instock","14":"sale","15":"shipping-taxable","16":"purchasable","17":"product-type-simple"},"_links":{"self":[{"href":"https:\/\/roveyayinevi.com.tr\/index.php\/wp-json\/wp\/v2\/product\/700177","targetHints":{"allow":["GET"]}}],"collection":[{"href":"https:\/\/roveyayinevi.com.tr\/index.php\/wp-json\/wp\/v2\/product"}],"about":[{"href":"https:\/\/roveyayinevi.com.tr\/index.php\/wp-json\/wp\/v2\/types\/product"}],"wp:attachment":[{"href":"https:\/\/roveyayinevi.com.tr\/index.php\/wp-json\/wp\/v2\/media?parent=700177"}],"wp:term":[{"taxonomy":"product_brand","embeddable":true,"href":"https:\/\/roveyayinevi.com.tr\/index.php\/wp-json\/wp\/v2\/product_brand?post=700177"},{"taxonomy":"product_cat","embeddable":true,"href":"https:\/\/roveyayinevi.com.tr\/index.php\/wp-json\/wp\/v2\/product_cat?post=700177"},{"taxonomy":"product_tag","embeddable":true,"href":"https:\/\/roveyayinevi.com.tr\/index.php\/wp-json\/wp\/v2\/product_tag?post=700177"}],"curies":[{"name":"wp","href":"https:\/\/api.w.org\/{rel}","templated":true}]}}