{"id":700175,"date":"2025-08-27T14:56:22","date_gmt":"2025-08-27T11:56:22","guid":{"rendered":"https:\/\/roveyayinevi.com.tr\/index.php\/urun\/ogretim-ilke-ve-yontemleri-2\/"},"modified":"2026-04-16T02:09:33","modified_gmt":"2026-04-15T23:09:33","slug":"ogretim-ilke-ve-yontemleri-2","status":"publish","type":"product","link":"https:\/\/roveyayinevi.com.tr\/index.php\/urun\/ogretim-ilke-ve-yontemleri-2\/","title":{"rendered":"\u00d6\u011fretim \u0130lke ve Y\u00f6ntemleri"},"content":{"rendered":"<p>Bu kitap \u00f6\u011fretmen adaylar\u0131n\u0131n ve \u00f6\u011fretimle ilgilenenlerin \u00f6\u011fretim s\u00fcre\u00e7lerindeki bilgi ve becerilerini nas\u0131l geli\u015ftirip uygulayabileceklerine dair \u00e7a\u011fda\u015f \u00f6\u011fretim ilke ve y\u00f6ntemlerini tan\u0131tmak ve a\u00e7\u0131klamak amac\u0131yla alan\u0131nda uzman olan akademisyenler taraf\u0131ndan haz\u0131rlanm\u0131\u015ft\u0131r. Ayn\u0131 zamanda bu kitab\u0131n \u00f6\u011fretmen adaylar\u0131n\u0131n bilgilerini disiplinleraras\u0131 \u00e7a\u011fda\u015f yakla\u015f\u0131mlar \u00e7er\u00e7evesinden yap\u0131land\u0131rmas\u0131na yard\u0131mc\u0131 olaca\u011f\u0131 umulmaktad\u0131r. \ufffcTan\u0131t\u0131m Metni<\/p>\n","protected":false},"excerpt":{"rendered":"<p>Bu kitap \u00f6\u011fretmen adaylar\u0131n\u0131n ve \u00f6\u011fretimle ilgilenenlerin \u00f6\u011fretim s\u00fcre\u00e7lerindeki bilgi ve becerilerini nas\u0131l geli\u015ftirip uygulayabileceklerine dair \u00e7a\u011fda\u015f \u00f6\u011fretim ilke ve y\u00f6ntemlerini tan\u0131tmak ve a\u00e7\u0131klamak amac\u0131yla alan\u0131nda<span class=\"excerpt-hellip\"> [\u2026]<\/span><\/p>\n","protected":false},"featured_media":0,"template":"","meta":{"_monsterinsights_skip_tracking":false,"_monsterinsights_sitenote_active":false,"_monsterinsights_sitenote_note":"","_monsterinsights_sitenote_category":0},"product_brand":[],"product_cat":[12573,12566],"product_tag":[],"class_list":{"0":"post-700175","1":"product","2":"type-product","3":"status-publish","5":"product_cat-akademik-kitaplar","6":"product_cat-egitim","7":"pa_cilt-ciltsiz","8":"pa_tur-kitap","9":"pa_yayinevi-ani-yayincilik","10":"pa_yazar-bilal-duman","12":"first","13":"instock","14":"sale","15":"shipping-taxable","16":"purchasable","17":"product-type-simple"},"_links":{"self":[{"href":"https:\/\/roveyayinevi.com.tr\/index.php\/wp-json\/wp\/v2\/product\/700175","targetHints":{"allow":["GET"]}}],"collection":[{"href":"https:\/\/roveyayinevi.com.tr\/index.php\/wp-json\/wp\/v2\/product"}],"about":[{"href":"https:\/\/roveyayinevi.com.tr\/index.php\/wp-json\/wp\/v2\/types\/product"}],"wp:attachment":[{"href":"https:\/\/roveyayinevi.com.tr\/index.php\/wp-json\/wp\/v2\/media?parent=700175"}],"wp:term":[{"taxonomy":"product_brand","embeddable":true,"href":"https:\/\/roveyayinevi.com.tr\/index.php\/wp-json\/wp\/v2\/product_brand?post=700175"},{"taxonomy":"product_cat","embeddable":true,"href":"https:\/\/roveyayinevi.com.tr\/index.php\/wp-json\/wp\/v2\/product_cat?post=700175"},{"taxonomy":"product_tag","embeddable":true,"href":"https:\/\/roveyayinevi.com.tr\/index.php\/wp-json\/wp\/v2\/product_tag?post=700175"}],"curies":[{"name":"wp","href":"https:\/\/api.w.org\/{rel}","templated":true}]}}