{"id":700146,"date":"2025-08-27T14:56:14","date_gmt":"2025-08-27T11:56:14","guid":{"rendered":"https:\/\/roveyayinevi.com.tr\/index.php\/urun\/mistra-gunlukleri-1-bizans-surlari\/"},"modified":"2026-04-16T02:09:32","modified_gmt":"2026-04-15T23:09:32","slug":"mistra-gunlukleri-1-bizans-surlari","status":"publish","type":"product","link":"https:\/\/roveyayinevi.com.tr\/index.php\/urun\/mistra-gunlukleri-1-bizans-surlari\/","title":{"rendered":"Mistra G\u00fcnl\u00fckleri 1:  Bizans Surlar\u0131"},"content":{"rendered":"<p>Bizans \u0130mparatorlu\u011fu&#8217;nun efsanevi Vareg Muhaf\u0131zlar\u0131 imparatorlar\u0131 i\u00e7in canlar\u0131n\u0131 bile verirlerdi. \u0130mparatorlu\u011fun en b\u00fcy\u00fck s\u0131rr\u0131 onlara emanet edildi\u011findeyse gerekeni yapacaklar\u0131ndan kimsenin ku\u015fkusu olmad\u0131. Bizans surlar\u0131 d\u00fcnyan\u0131n en g\u00fc\u00e7l\u00fc imparatorlu\u011funa kar\u015f\u0131 ayakta kalmaya \u00e7abalarken bir \u015fehzadenin, soylu bir han\u0131mefendinin ve bir sava\u015f\u00e7\u0131n\u0131n yollar\u0131 kesi\u015fecek, tarih yaz\u0131l\u0131rken m\u00fcrekkebi yine insan olacakt\u0131r. (Tan\u0131t\u0131m B\u00fclteninden) <\/p>\n","protected":false},"excerpt":{"rendered":"<p>Bizans \u0130mparatorlu\u011fu&#8217;nun efsanevi Vareg Muhaf\u0131zlar\u0131 imparatorlar\u0131 i\u00e7in canlar\u0131n\u0131 bile verirlerdi. \u0130mparatorlu\u011fun en b\u00fcy\u00fck s\u0131rr\u0131 onlara emanet edildi\u011findeyse gerekeni yapacaklar\u0131ndan kimsenin ku\u015fkusu olmad\u0131. Bizans surlar\u0131 d\u00fcnyan\u0131n en<span class=\"excerpt-hellip\"> [\u2026]<\/span><\/p>\n","protected":false},"featured_media":0,"template":"","meta":{"_monsterinsights_skip_tracking":false,"_monsterinsights_sitenote_active":false,"_monsterinsights_sitenote_note":"","_monsterinsights_sitenote_category":0},"product_brand":[],"product_cat":[12291,12711],"product_tag":[],"class_list":{"0":"post-700146","1":"product","2":"type-product","3":"status-publish","5":"product_cat-edebiyat","6":"product_cat-roman-oyku","7":"pa_cilt-ciltsiz","8":"pa_tur-kitap","9":"pa_yayinevi-epsilon-yayinlari","10":"pa_yazar-james-heneage","12":"first","13":"instock","14":"sale","15":"shipping-taxable","16":"purchasable","17":"product-type-simple"},"_links":{"self":[{"href":"https:\/\/roveyayinevi.com.tr\/index.php\/wp-json\/wp\/v2\/product\/700146","targetHints":{"allow":["GET"]}}],"collection":[{"href":"https:\/\/roveyayinevi.com.tr\/index.php\/wp-json\/wp\/v2\/product"}],"about":[{"href":"https:\/\/roveyayinevi.com.tr\/index.php\/wp-json\/wp\/v2\/types\/product"}],"wp:attachment":[{"href":"https:\/\/roveyayinevi.com.tr\/index.php\/wp-json\/wp\/v2\/media?parent=700146"}],"wp:term":[{"taxonomy":"product_brand","embeddable":true,"href":"https:\/\/roveyayinevi.com.tr\/index.php\/wp-json\/wp\/v2\/product_brand?post=700146"},{"taxonomy":"product_cat","embeddable":true,"href":"https:\/\/roveyayinevi.com.tr\/index.php\/wp-json\/wp\/v2\/product_cat?post=700146"},{"taxonomy":"product_tag","embeddable":true,"href":"https:\/\/roveyayinevi.com.tr\/index.php\/wp-json\/wp\/v2\/product_tag?post=700146"}],"curies":[{"name":"wp","href":"https:\/\/api.w.org\/{rel}","templated":true}]}}