{"id":700127,"date":"2025-08-27T14:56:08","date_gmt":"2025-08-27T11:56:08","guid":{"rendered":"https:\/\/roveyayinevi.com.tr\/index.php\/urun\/nutuk-5\/"},"modified":"2026-04-16T02:09:32","modified_gmt":"2026-04-15T23:09:32","slug":"nutuk-5","status":"publish","type":"product","link":"https:\/\/roveyayinevi.com.tr\/index.php\/urun\/nutuk-5\/","title":{"rendered":"Nutuk"},"content":{"rendered":"<p>Nutuk, bir d\u00f6nemin tarihinin a\u00e7\u0131klan\u0131\u015f\u0131d\u0131r. Konuya 19 May\u0131s g\u00fcn\u00fc giren Atat\u00fcrk 1927 y\u0131l\u0131 sonbahar\u0131 ile son verir. Ulusal ba\u011f\u0131ms\u0131zl\u0131k sava\u015f\u0131n\u0131n ve ulusal egemenlik sava\u015f\u0131n\u0131n tarihidir. T\u00fcrk Devrimi&#8217;nin d\u00fc\u015f\u00fcnsel ve eylem boyutunun i\u00e7 i\u00e7e birlikte b\u00fct\u00fcnle\u015ferek modern T\u00fcrkiye&#8217;nin do\u011fu\u015funu haz\u0131rlamas\u0131d\u0131r. Bu y\u00f6n\u00fcyle Nutuk T\u00fcrk Devrim Tarihi&#8217;nin temel kitaplar\u0131n\u0131n en ba\u015fta gelen belgesel yap\u0131t\u0131d\u0131r.MEB&#8217;in 100 temel eser listesinde yer al\u0131r. <\/p>\n","protected":false},"excerpt":{"rendered":"<p>Nutuk, bir d\u00f6nemin tarihinin a\u00e7\u0131klan\u0131\u015f\u0131d\u0131r. Konuya 19 May\u0131s g\u00fcn\u00fc giren Atat\u00fcrk 1927 y\u0131l\u0131 sonbahar\u0131 ile son verir. Ulusal ba\u011f\u0131ms\u0131zl\u0131k sava\u015f\u0131n\u0131n ve ulusal egemenlik sava\u015f\u0131n\u0131n tarihidir. T\u00fcrk<span class=\"excerpt-hellip\"> [\u2026]<\/span><\/p>\n","protected":false},"featured_media":0,"template":"","meta":{"_monsterinsights_skip_tracking":false,"_monsterinsights_sitenote_active":false,"_monsterinsights_sitenote_note":"","_monsterinsights_sitenote_category":0},"product_brand":[],"product_cat":[12530,12304],"product_tag":[],"class_list":{"0":"post-700127","1":"product","2":"type-product","3":"status-publish","5":"product_cat-mustafa-kemal-ataturk","6":"product_cat-tarih","7":"pa_cilt-ciltsiz","8":"pa_tur-kitap","9":"pa_yayinevi-evrensel-iletisim-yayinlari","10":"pa_yazar-mustafa-kemal-ataturk","12":"first","13":"instock","14":"sale","15":"shipping-taxable","16":"purchasable","17":"product-type-simple"},"_links":{"self":[{"href":"https:\/\/roveyayinevi.com.tr\/index.php\/wp-json\/wp\/v2\/product\/700127","targetHints":{"allow":["GET"]}}],"collection":[{"href":"https:\/\/roveyayinevi.com.tr\/index.php\/wp-json\/wp\/v2\/product"}],"about":[{"href":"https:\/\/roveyayinevi.com.tr\/index.php\/wp-json\/wp\/v2\/types\/product"}],"wp:attachment":[{"href":"https:\/\/roveyayinevi.com.tr\/index.php\/wp-json\/wp\/v2\/media?parent=700127"}],"wp:term":[{"taxonomy":"product_brand","embeddable":true,"href":"https:\/\/roveyayinevi.com.tr\/index.php\/wp-json\/wp\/v2\/product_brand?post=700127"},{"taxonomy":"product_cat","embeddable":true,"href":"https:\/\/roveyayinevi.com.tr\/index.php\/wp-json\/wp\/v2\/product_cat?post=700127"},{"taxonomy":"product_tag","embeddable":true,"href":"https:\/\/roveyayinevi.com.tr\/index.php\/wp-json\/wp\/v2\/product_tag?post=700127"}],"curies":[{"name":"wp","href":"https:\/\/api.w.org\/{rel}","templated":true}]}}

<p>Nutuk, bir dönemin tarihinin açıklanışıdır. Konuya 19 Mayıs günü giren Atatürk 1927 yılı sonbaharı ile son verir. Ulusal bağımsızlık savaşının ve ulusal egemenlik savaşının tarihidir. Türk Devrimi&#8217;nin düşünsel ve eylem boyutunun iç içe birlikte bütünleşerek modern Türkiye&#8217;nin doğuşunu hazırlamasıdır. Bu yönüyle Nutuk Türk Devrim Tarihi&#8217;nin temel kitaplarının en başta gelen belgesel yapıtıdır.MEB&#8217;in 100 temel eser listesinde yer alır. </p>

<p>Nutuk, bir dönemin tarihinin açıklanışıdır. Konuya 19 Mayıs günü giren Atatürk 1927 yılı sonbaharı ile son verir. Ulusal bağımsızlık savaşının ve ulusal egemenlik savaşının tarihidir. Türk<span class="excerpt-hellip"> […]</span></p>
