{"id":700121,"date":"2025-08-27T14:56:06","date_gmt":"2025-08-27T11:56:06","guid":{"rendered":"https:\/\/roveyayinevi.com.tr\/index.php\/urun\/zamanin-kisa-tarihi\/"},"modified":"2026-04-16T02:09:32","modified_gmt":"2026-04-15T23:09:32","slug":"zamanin-kisa-tarihi","status":"publish","type":"product","link":"https:\/\/roveyayinevi.com.tr\/index.php\/urun\/zamanin-kisa-tarihi\/","title":{"rendered":"Zaman\u0131n K\u0131sa Tarihi"},"content":{"rendered":"<p>Yakla\u015f\u0131k k\u0131rk dile \u00e7evrilen ve d\u00fcnya \u00fczerindeki her 750 ki\u015fiden birinin edindi\u011fi Zaman\u0131n K\u0131sa Tarihi \u00e7a\u011f\u0131m\u0131z\u0131n en b\u00fcy\u00fck zihinlerinden biri olan Stephen Hawking\u2019in sorular\u0131na yan\u0131t arad\u0131\u011f\u0131 bir kitap: \u201cEvren nas\u0131l ba\u015flad\u0131 ve ba\u015flamas\u0131n\u0131 olanakl\u0131 k\u0131lan \u015fey neydi? Zaman her daim ileri do\u011fru mu akar? Evrenin bir sonu ya da s\u0131n\u0131r\u0131 var m\u0131?  Uzayda ba\u015fka boyutlar var m\u0131? Her \u015fey sona erdi\u011finde ne olacak?\u201d    Elinizdeki bu bask\u0131 Hawking\u2019in 2016 y\u0131l\u0131nda kitab\u0131n\u0131 son kez g\u00f6zden ge\u00e7irdi\u011fi ve bir Ek yazd\u0131\u011f\u0131 geni\u015fletilmi\u015f bask\u0131dan dilimize kazand\u0131r\u0131lm\u0131\u015ft\u0131r. Hawking\u2019in bu ekte de belirtti\u011fi gibi, evrenin ba\u015flang\u0131c\u0131ndan 300.000 y\u0131l sonras\u0131n\u0131 ara\u015ft\u0131ran ve Hawking\u2019in varl\u0131\u011f\u0131n\u0131 ileri s\u00fcrd\u00fc\u011f\u00fc uzayzaman dokusundaki k\u0131r\u0131\u015f\u0131kl\u0131klar\u0131 tespit eden kozmik mikrodalga ardalan \u0131\u015f\u0131n\u0131m\u0131 uydular\u0131n\u0131n (WMAP ve Planck) verileri ve LIGO deneyinin k\u00fctle\u00e7ekim dalgalar\u0131n\u0131 saptamas\u0131 gibi yeni geli\u015fmeler \u0131\u015f\u0131\u011f\u0131nda Zaman\u0131n K\u0131sa Tarihi g\u00fcncelli\u011fini koruyor.   \u201cKozmolojinin karma\u015f\u0131kl\u0131\u011f\u0131n\u0131 herkesin anlayaca\u011f\u0131 \u015fekilde basit bir a\u00e7\u0131kl\u0131kla ortaya seriyor&#8230; M\u00fcthi\u015f bir beyin.\u201d  \u2013Observer   \u201cB\u00f6yle b\u00fcy\u00fck problemleri ara\u015ft\u0131ran bir deh\u00e2y\u0131 izlemek heyecan verici.\u201d  \u2013Sunday Times   \u201cEinstein\u2019dan bu yana en b\u00fcy\u00fck bilimsel zek\u00e2.\u201d    \u2013Daily Express<\/p>\n","protected":false},"excerpt":{"rendered":"<p>Yakla\u015f\u0131k k\u0131rk dile \u00e7evrilen ve d\u00fcnya \u00fczerindeki her 750 ki\u015fiden birinin edindi\u011fi Zaman\u0131n K\u0131sa Tarihi \u00e7a\u011f\u0131m\u0131z\u0131n en b\u00fcy\u00fck zihinlerinden biri olan Stephen Hawking\u2019in sorular\u0131na yan\u0131t arad\u0131\u011f\u0131<span class=\"excerpt-hellip\"> [\u2026]<\/span><\/p>\n","protected":false},"featured_media":0,"template":"","meta":{"_monsterinsights_skip_tracking":false,"_monsterinsights_sitenote_active":false,"_monsterinsights_sitenote_note":"","_monsterinsights_sitenote_category":0},"product_brand":[],"product_cat":[13005,13006],"product_tag":[],"class_list":{"0":"post-700121","1":"product","2":"type-product","3":"status-publish","5":"product_cat-bilim-muhendislik","6":"product_cat-populer-bilim","7":"pa_cilt-ciltsiz","8":"pa_tur-kitap","9":"pa_yayinevi-alfa-yayinlari","10":"pa_yazar-stephen-w-hawking","12":"first","13":"instock","14":"sale","15":"shipping-taxable","16":"purchasable","17":"product-type-simple"},"_links":{"self":[{"href":"https:\/\/roveyayinevi.com.tr\/index.php\/wp-json\/wp\/v2\/product\/700121","targetHints":{"allow":["GET"]}}],"collection":[{"href":"https:\/\/roveyayinevi.com.tr\/index.php\/wp-json\/wp\/v2\/product"}],"about":[{"href":"https:\/\/roveyayinevi.com.tr\/index.php\/wp-json\/wp\/v2\/types\/product"}],"wp:attachment":[{"href":"https:\/\/roveyayinevi.com.tr\/index.php\/wp-json\/wp\/v2\/media?parent=700121"}],"wp:term":[{"taxonomy":"product_brand","embeddable":true,"href":"https:\/\/roveyayinevi.com.tr\/index.php\/wp-json\/wp\/v2\/product_brand?post=700121"},{"taxonomy":"product_cat","embeddable":true,"href":"https:\/\/roveyayinevi.com.tr\/index.php\/wp-json\/wp\/v2\/product_cat?post=700121"},{"taxonomy":"product_tag","embeddable":true,"href":"https:\/\/roveyayinevi.com.tr\/index.php\/wp-json\/wp\/v2\/product_tag?post=700121"}],"curies":[{"name":"wp","href":"https:\/\/api.w.org\/{rel}","templated":true}]}}