{"id":700104,"date":"2025-08-27T14:56:01","date_gmt":"2025-08-27T11:56:01","guid":{"rendered":"https:\/\/roveyayinevi.com.tr\/index.php\/urun\/bana-adini-soyle-24-yazardan\/"},"modified":"2026-04-16T02:09:31","modified_gmt":"2026-04-15T23:09:31","slug":"bana-adini-soyle-24-yazardan","status":"publish","type":"product","link":"https:\/\/roveyayinevi.com.tr\/index.php\/urun\/bana-adini-soyle-24-yazardan\/","title":{"rendered":"Bana Ad\u0131n\u0131 S\u00f6yle \u2013 24 Yazardan"},"content":{"rendered":"<p>\u201c\u0130sminle m\u00fcsemma olas\u0131n!\u201d, \u201cAd\u0131nca ya\u015fayas\u0131n!\u201d dileklerini duymayan var m\u0131d\u0131r? Bazen \u201cad\u0131 batas\u0131ca\u201d denmi\u015ftir arkam\u0131zdan, kimimizin istemedi\u011fi i\u015flere \u201cad\u0131 kar\u0131\u015fm\u0131\u015ft\u0131r\u201d, \u201cismi laz\u0131m de\u011fil\u201d dendi\u011fi de olmu\u015ftur bir\u00e7o\u011fumuza. Kimimiz isyanla \u201cad\u0131m \u00e7\u0131kt\u0131 dokuza, inmez sekize\u201d demi\u015fizdir. Kimi zaman, \u201cad\u0131m gibi biliyorum ki\u2026\u201d diyerek ayak diremi\u015fizdir. Bazen de \u201cad\u0131m deliye \u00e7\u0131kt\u0131\u201d diye yak\u0131nm\u0131\u015f\u0131zd\u0131r. <\/p>\n","protected":false},"excerpt":{"rendered":"<p>\u201c\u0130sminle m\u00fcsemma olas\u0131n!\u201d, \u201cAd\u0131nca ya\u015fayas\u0131n!\u201d dileklerini duymayan var m\u0131d\u0131r? Bazen \u201cad\u0131 batas\u0131ca\u201d denmi\u015ftir arkam\u0131zdan, kimimizin istemedi\u011fi i\u015flere \u201cad\u0131 kar\u0131\u015fm\u0131\u015ft\u0131r\u201d, \u201cismi laz\u0131m de\u011fil\u201d dendi\u011fi de olmu\u015ftur bir\u00e7o\u011fumuza.<span class=\"excerpt-hellip\"> [\u2026]<\/span><\/p>\n","protected":false},"featured_media":0,"template":"","meta":{"_monsterinsights_skip_tracking":false,"_monsterinsights_sitenote_active":false,"_monsterinsights_sitenote_note":"","_monsterinsights_sitenote_category":0},"product_brand":[],"product_cat":[13701,12291],"product_tag":[],"class_list":{"0":"post-700104","1":"product","2":"type-product","3":"status-publish","5":"product_cat-ani-mektup-gunluk","6":"product_cat-edebiyat","7":"pa_cilt-ciltsiz","8":"pa_tur-kitap","9":"pa_yayinevi-yapi-kredi-yayinlari","10":"pa_yazar-filiz-ozdem","12":"first","13":"instock","14":"sale","15":"shipping-taxable","16":"purchasable","17":"product-type-simple"},"_links":{"self":[{"href":"https:\/\/roveyayinevi.com.tr\/index.php\/wp-json\/wp\/v2\/product\/700104","targetHints":{"allow":["GET"]}}],"collection":[{"href":"https:\/\/roveyayinevi.com.tr\/index.php\/wp-json\/wp\/v2\/product"}],"about":[{"href":"https:\/\/roveyayinevi.com.tr\/index.php\/wp-json\/wp\/v2\/types\/product"}],"wp:attachment":[{"href":"https:\/\/roveyayinevi.com.tr\/index.php\/wp-json\/wp\/v2\/media?parent=700104"}],"wp:term":[{"taxonomy":"product_brand","embeddable":true,"href":"https:\/\/roveyayinevi.com.tr\/index.php\/wp-json\/wp\/v2\/product_brand?post=700104"},{"taxonomy":"product_cat","embeddable":true,"href":"https:\/\/roveyayinevi.com.tr\/index.php\/wp-json\/wp\/v2\/product_cat?post=700104"},{"taxonomy":"product_tag","embeddable":true,"href":"https:\/\/roveyayinevi.com.tr\/index.php\/wp-json\/wp\/v2\/product_tag?post=700104"}],"curies":[{"name":"wp","href":"https:\/\/api.w.org\/{rel}","templated":true}]}}