{"id":700103,"date":"2025-08-27T14:56:01","date_gmt":"2025-08-27T11:56:01","guid":{"rendered":"https:\/\/roveyayinevi.com.tr\/index.php\/urun\/red-kit-77-tasra-guzeli\/"},"modified":"2026-03-02T02:13:39","modified_gmt":"2026-03-01T23:13:39","slug":"red-kit-77-tasra-guzeli","status":"publish","type":"product","link":"https:\/\/roveyayinevi.com.tr\/index.php\/urun\/red-kit-77-tasra-guzeli\/","title":{"rendered":"Red Kit 77 &#8211; Ta\u015fra G\u00fczeli"},"content":{"rendered":"<p>YKY\u2019den \u00e7ok komik ve e\u011flenceli bir Red Kit maceras\u0131 daha&#8230;Red Kit bu kez k\u00f6t\u00fc adamlarla m\u00fccadele ederken, bir g\u00f6n\u00fcl i\u015fiyle de u\u011fra\u015fmak zorunda: \u00c7\u00fcnk\u00fc D\u00fcld\u00fcl \u00e2\u015f\u0131k oluyor. Yaln\u0131z kovboy Red Kit ve D\u00fcld\u00fcl, Kanada s\u0131n\u0131r\u0131n\u0131 ge\u00e7ip Qu\u00e9bec\u2019te yard\u0131ma muhta\u00e7lar\u0131n imdad\u0131na yeti\u015fiyorlar. <\/p>\n","protected":false},"excerpt":{"rendered":"<p>YKY\u2019den \u00e7ok komik ve e\u011flenceli bir Red Kit maceras\u0131 daha&#8230;Red Kit bu kez k\u00f6t\u00fc adamlarla m\u00fccadele ederken, bir g\u00f6n\u00fcl i\u015fiyle de u\u011fra\u015fmak zorunda: \u00c7\u00fcnk\u00fc D\u00fcld\u00fcl \u00e2\u015f\u0131k<span class=\"excerpt-hellip\"> [\u2026]<\/span><\/p>\n","protected":false},"featured_media":0,"template":"","meta":{"_monsterinsights_skip_tracking":false,"_monsterinsights_sitenote_active":false,"_monsterinsights_sitenote_note":"","_monsterinsights_sitenote_category":0},"product_brand":[],"product_cat":[12689,12274],"product_tag":[],"class_list":{"0":"post-700103","1":"product","2":"type-product","3":"status-publish","5":"product_cat-cizgi-roman-cocuk-ve-genclik-kitaplari","6":"product_cat-cocuk-ve-genclik-kitaplari","7":"pa_cilt-ciltsiz","8":"pa_tur-kitap","9":"pa_yayinevi-yapi-kredi-yayinlari","10":"pa_yazar-frank-ashall","12":"first","13":"instock","14":"sale","15":"shipping-taxable","16":"purchasable","17":"product-type-simple"},"_links":{"self":[{"href":"https:\/\/roveyayinevi.com.tr\/index.php\/wp-json\/wp\/v2\/product\/700103","targetHints":{"allow":["GET"]}}],"collection":[{"href":"https:\/\/roveyayinevi.com.tr\/index.php\/wp-json\/wp\/v2\/product"}],"about":[{"href":"https:\/\/roveyayinevi.com.tr\/index.php\/wp-json\/wp\/v2\/types\/product"}],"wp:attachment":[{"href":"https:\/\/roveyayinevi.com.tr\/index.php\/wp-json\/wp\/v2\/media?parent=700103"}],"wp:term":[{"taxonomy":"product_brand","embeddable":true,"href":"https:\/\/roveyayinevi.com.tr\/index.php\/wp-json\/wp\/v2\/product_brand?post=700103"},{"taxonomy":"product_cat","embeddable":true,"href":"https:\/\/roveyayinevi.com.tr\/index.php\/wp-json\/wp\/v2\/product_cat?post=700103"},{"taxonomy":"product_tag","embeddable":true,"href":"https:\/\/roveyayinevi.com.tr\/index.php\/wp-json\/wp\/v2\/product_tag?post=700103"}],"curies":[{"name":"wp","href":"https:\/\/api.w.org\/{rel}","templated":true}]}}