{"id":700090,"date":"2025-08-27T14:55:57","date_gmt":"2025-08-27T11:55:57","guid":{"rendered":"https:\/\/roveyayinevi.com.tr\/index.php\/urun\/tarimda-kapitalizm\/"},"modified":"2025-08-31T14:08:22","modified_gmt":"2025-08-31T11:08:22","slug":"tarimda-kapitalizm","status":"publish","type":"product","link":"https:\/\/roveyayinevi.com.tr\/index.php\/urun\/tarimda-kapitalizm\/","title":{"rendered":"Tar\u0131mda Kapitalizm"},"content":{"rendered":"<p>V. \u0130. Lenin&#8217;in &#8220;Capitalism in Agriculture&#8221; (Collected Works, vol. 4, pp. 105-159); &#8220;The Agrarian Question and the &#8216;Critics of Marx&#8217; &#8221; (vol. 5, pp. 103-222; vol. 13, pp. 169-216) adl\u0131 yaz\u0131lar\u0131n\u0131 Serpil G\u00fcven\u00e7 \u0130ngilizceden dilimize \u00e7evirdi, ve kitap, Frans\u0131zcas\u0131yla kar\u015f\u0131la\u015ft\u0131r\u0131ld\u0131ktan sonra [&#8220;Le capitalisme dans l&#8217;agriculture (Oeuvres, t. 4, pp. 105-163); &#8220;La question agraire et les &#8216;critiques&#8217; de Marx&#8221; (Oeuvres, t. 5, pp. 101-226; t. 13, pp. 179-228)] Tar\u0131mda Kapitalizm ad\u0131 ile, Sol Yay\u0131nlar\u0131 Taraf\u0131ndan Ekim 1996 tarihinde Ankara&#8217;da \u015eahin Matbaas\u0131&#8217;nda bast\u0131r\u0131ld\u0131. \ufffcTan\u0131t\u0131m Metni<\/p>\n","protected":false},"excerpt":{"rendered":"<p>V. \u0130. Lenin&#8217;in &#8220;Capitalism in Agriculture&#8221; (Collected Works, vol. 4, pp. 105-159); &#8220;The Agrarian Question and the &#8216;Critics of Marx&#8217; &#8221; (vol. 5, pp. 103-222; vol.<span class=\"excerpt-hellip\"> [\u2026]<\/span><\/p>\n","protected":false},"featured_media":0,"template":"","meta":{"_monsterinsights_skip_tracking":false,"_monsterinsights_sitenote_active":false,"_monsterinsights_sitenote_note":"","_monsterinsights_sitenote_category":0},"product_brand":[],"product_cat":[12965,12337],"product_tag":[],"class_list":{"0":"post-700090","1":"product","2":"type-product","3":"status-publish","5":"product_cat-genel-politika","6":"product_cat-politika-siyaset","7":"pa_cilt-ciltsiz","8":"pa_tur-kitap","9":"pa_yayinevi-sol-yayinlari","10":"pa_yazar-vladimir-ilyic-lenin","12":"first","13":"instock","14":"sale","15":"shipping-taxable","16":"purchasable","17":"product-type-simple"},"_links":{"self":[{"href":"https:\/\/roveyayinevi.com.tr\/index.php\/wp-json\/wp\/v2\/product\/700090","targetHints":{"allow":["GET"]}}],"collection":[{"href":"https:\/\/roveyayinevi.com.tr\/index.php\/wp-json\/wp\/v2\/product"}],"about":[{"href":"https:\/\/roveyayinevi.com.tr\/index.php\/wp-json\/wp\/v2\/types\/product"}],"wp:attachment":[{"href":"https:\/\/roveyayinevi.com.tr\/index.php\/wp-json\/wp\/v2\/media?parent=700090"}],"wp:term":[{"taxonomy":"product_brand","embeddable":true,"href":"https:\/\/roveyayinevi.com.tr\/index.php\/wp-json\/wp\/v2\/product_brand?post=700090"},{"taxonomy":"product_cat","embeddable":true,"href":"https:\/\/roveyayinevi.com.tr\/index.php\/wp-json\/wp\/v2\/product_cat?post=700090"},{"taxonomy":"product_tag","embeddable":true,"href":"https:\/\/roveyayinevi.com.tr\/index.php\/wp-json\/wp\/v2\/product_tag?post=700090"}],"curies":[{"name":"wp","href":"https:\/\/api.w.org\/{rel}","templated":true}]}}