{"id":700073,"date":"2025-08-27T14:55:53","date_gmt":"2025-08-27T11:55:53","guid":{"rendered":"https:\/\/roveyayinevi.com.tr\/index.php\/urun\/insan-anatomisi-ve-fizyolojisi\/"},"modified":"2026-04-16T02:09:31","modified_gmt":"2026-04-15T23:09:31","slug":"insan-anatomisi-ve-fizyolojisi","status":"publish","type":"product","link":"https:\/\/roveyayinevi.com.tr\/index.php\/urun\/insan-anatomisi-ve-fizyolojisi\/","title":{"rendered":"\u0130nsan Anatomisi ve Fizyolojisi"},"content":{"rendered":"<p>&#8220;\u0130nsan Anatomisi ve Fizyolojisi&#8221; ders i\u00e7eri\u011fine ve Y\u00d6K kur tan\u0131m\u0131na uygun olarak e\u011fitim fak\u00fcltelerinin fen bilgisi \u00f6\u011fretmenli\u011finde okuyan \u00f6\u011frencilerin insan v\u00fccudunu daha iyi anlamalar\u0131 ve ileriki y\u0131llarda gerekti\u011finde bir kaynak olu\u015fturmas\u0131 amac\u0131 ile haz\u0131rlanm\u0131\u015ft\u0131r.\u0130nsan v\u00fccuduna ait her bir sistem \u00fcnitelere ayr\u0131lm\u0131\u015ft\u0131r. Konu ile ilgili temel bilgiler e\u011fitim fak\u00fcltelerinin fen bilgisi \u00f6\u011fretmenli\u011fi b\u00f6l\u00fcmlerinde okuyan \u00f6\u011frencilere uygun olarak haz\u0131rlanm\u0131\u015ft\u0131r. Bilgilerin, Fen Bilgisi \u00d6\u011fretmenli\u011finde okuyan \u00f6\u011frencilerin ihtiya\u00e7 duyaca\u011f\u0131 seviyeye g\u00f6re a\u00e7\u0131k, anla\u015f\u0131l\u0131r, sade ve g\u00f6rselli\u011fe \u00f6nem verilerek sunulmas\u0131na \u00e7al\u0131\u015f\u0131lm\u0131\u015ft\u0131r.Bu eser, E\u011fitim Fak\u00fcltelerinin Fen Bilgisi \u00d6\u011fretmenli\u011fi \u00f6\u011frencileri i\u00e7in haz\u0131rlanm\u0131\u015ft\u0131r. Ancak, Anatomi ve Fizyoloji dersi alan di\u011fer Fak\u00fclte ve Y\u00fcksekokul \u00f6\u011frencileri de \u0130nsan Anatomisi ve Fizyolojisi dersi i\u00e7in olduk\u00e7a sade bir dil ile yaz\u0131lm\u0131\u015f bir kaynak olarak kullanabilirler. <\/p>\n","protected":false},"excerpt":{"rendered":"<p>&#8220;\u0130nsan Anatomisi ve Fizyolojisi&#8221; ders i\u00e7eri\u011fine ve Y\u00d6K kur tan\u0131m\u0131na uygun olarak e\u011fitim fak\u00fcltelerinin fen bilgisi \u00f6\u011fretmenli\u011finde okuyan \u00f6\u011frencilerin insan v\u00fccudunu daha iyi anlamalar\u0131 ve ileriki<span class=\"excerpt-hellip\"> [\u2026]<\/span><\/p>\n","protected":false},"featured_media":0,"template":"","meta":{"_monsterinsights_skip_tracking":false,"_monsterinsights_sitenote_active":false,"_monsterinsights_sitenote_note":"","_monsterinsights_sitenote_category":0},"product_brand":[],"product_cat":[12573,12566],"product_tag":[],"class_list":{"0":"post-700073","1":"product","2":"type-product","3":"status-publish","5":"product_cat-akademik-kitaplar","6":"product_cat-egitim","7":"pa_cilt-ciltsiz","8":"pa_tur-kitap","9":"pa_yayinevi-egiten-kitap","10":"pa_yazar-mustafa-hamalosmanoglu","12":"first","13":"instock","14":"sale","15":"shipping-taxable","16":"purchasable","17":"product-type-simple"},"_links":{"self":[{"href":"https:\/\/roveyayinevi.com.tr\/index.php\/wp-json\/wp\/v2\/product\/700073","targetHints":{"allow":["GET"]}}],"collection":[{"href":"https:\/\/roveyayinevi.com.tr\/index.php\/wp-json\/wp\/v2\/product"}],"about":[{"href":"https:\/\/roveyayinevi.com.tr\/index.php\/wp-json\/wp\/v2\/types\/product"}],"wp:attachment":[{"href":"https:\/\/roveyayinevi.com.tr\/index.php\/wp-json\/wp\/v2\/media?parent=700073"}],"wp:term":[{"taxonomy":"product_brand","embeddable":true,"href":"https:\/\/roveyayinevi.com.tr\/index.php\/wp-json\/wp\/v2\/product_brand?post=700073"},{"taxonomy":"product_cat","embeddable":true,"href":"https:\/\/roveyayinevi.com.tr\/index.php\/wp-json\/wp\/v2\/product_cat?post=700073"},{"taxonomy":"product_tag","embeddable":true,"href":"https:\/\/roveyayinevi.com.tr\/index.php\/wp-json\/wp\/v2\/product_tag?post=700073"}],"curies":[{"name":"wp","href":"https:\/\/api.w.org\/{rel}","templated":true}]}}