{"id":700065,"date":"2025-08-27T14:55:50","date_gmt":"2025-08-27T11:55:50","guid":{"rendered":"https:\/\/roveyayinevi.com.tr\/index.php\/urun\/ilkbahar-ruyasi\/"},"modified":"2026-04-16T02:09:31","modified_gmt":"2026-04-15T23:09:31","slug":"ilkbahar-ruyasi","status":"publish","type":"product","link":"https:\/\/roveyayinevi.com.tr\/index.php\/urun\/ilkbahar-ruyasi\/","title":{"rendered":"\u0130lkbahar R\u00fcyas\u0131"},"content":{"rendered":"<p>Hatalar\u0131n daima bir bedeli olur. Ancak ger\u00e7ek sevgi ge\u00e7mi\u015fi telafi edecek sonsuz olas\u0131l\u0131klara sahiptir&#8230;Madelaine on alt\u0131 ya\u015f\u0131ndaki k\u0131z\u0131 Lina\u2019y\u0131 tek ba\u015f\u0131na b\u00fcy\u00fcten bek\u00e2r bir annedir. D\u00fcnyaca \u00fcnl\u00fc bir cerrah olarak ba\u015far\u0131l\u0131 bir kariyere sahip olsa da ergenlik \u00e7a\u011f\u0131ndaki k\u0131z\u0131n\u0131n sorunlar\u0131yla ba\u015fa \u00e7\u0131kamaz. Annesiyle neredeyse iki yabanc\u0131 haline gelen Lina ise kim oldu\u011funu bir t\u00fcrl\u00fc \u00f6\u011frenemedi\u011fi babas\u0131n\u0131n izini bulmak i\u00e7in her \u015feyi g\u00f6ze alm\u0131\u015ft\u0131r. Holywood\u2019daki \u0131\u015f\u0131lt\u0131l\u0131 hayata kendini kapt\u0131ran, t\u00fcm kad\u0131nlar\u0131n hayran oldu\u011fu yak\u0131\u015f\u0131kl\u0131 akt\u00f6r Angel DeMarco alkol ve uyu\u015fturucu ba\u011f\u0131ml\u0131l\u0131\u011f\u0131n\u0131n s\u0131n\u0131r\u0131na dayanan, vurdumduymaz bir hayat ya\u015famaktad\u0131r. Ancak zay\u0131f kalbi onu bir g\u00fcn yar\u0131 yolda b\u0131rakt\u0131\u011f\u0131nda Angel hayat\u0131n\u0131 tamamen de\u011fi\u015ftirmesi gereken bir yol ayr\u0131m\u0131na gelir. Bu noktada unutmak istedi\u011fi her \u015feyle y\u00fczle\u015fmek durumunda kalacakt\u0131r.  Zorluklar\u0131n ve s\u0131k\u0131nt\u0131lar\u0131n hi\u00e7 tahmin edilmeyen g\u00fczelliklere kap\u0131 a\u00e7abilece\u011fini g\u00f6steren \u0130lkbahar R\u00fcyas\u0131 kalbinize hi\u00e7 solmayan \u00e7i\u00e7ekler ekecek\u2026\u201cDuygular\u0131n \u00f6nemini, ba\u011f\u0131\u015flamay\u0131 ve mucizelerin her an ger\u00e7ekle\u015febilece\u011fini anlatan \u015fefkat dolu bir roman.\u201d &#8211; Publishers Weekly\u201c\u0130lkbahar R\u00fcyas\u0131 a\u015fk\u0131n ve hatalar\u0131 telafi etmenin hik\u00e2yesini anlat\u0131yor.\u201d &#8211; Library Journal\u201cSars\u0131c\u0131, d\u00fc\u015f\u00fcnd\u00fcren ve duygular\u0131 harekete ge\u00e7iren bir kitap\u2026\u201d &#8211; RT Book Reviews\u201cKristin Hannah\u2019y\u0131 t\u00fcm d\u00fcnya seviyor\u2026\u201d &#8211; Newsday<\/p>\n","protected":false},"excerpt":{"rendered":"<p>Hatalar\u0131n daima bir bedeli olur. Ancak ger\u00e7ek sevgi ge\u00e7mi\u015fi telafi edecek sonsuz olas\u0131l\u0131klara sahiptir&#8230;Madelaine on alt\u0131 ya\u015f\u0131ndaki k\u0131z\u0131 Lina\u2019y\u0131 tek ba\u015f\u0131na b\u00fcy\u00fcten bek\u00e2r bir annedir. D\u00fcnyaca<span class=\"excerpt-hellip\"> [\u2026]<\/span><\/p>\n","protected":false},"featured_media":0,"template":"","meta":{"_monsterinsights_skip_tracking":false,"_monsterinsights_sitenote_active":false,"_monsterinsights_sitenote_note":"","_monsterinsights_sitenote_category":0},"product_brand":[],"product_cat":[12891,12291],"product_tag":[],"class_list":{"0":"post-700065","1":"product","2":"type-product","3":"status-publish","5":"product_cat-amerikan-edebiyati","6":"product_cat-edebiyat","7":"pa_cilt-ciltsiz","8":"pa_tur-kitap","9":"pa_yayinevi-pegasus-yayinlari","10":"pa_yazar-kristin-hannah","12":"first","13":"instock","14":"sale","15":"shipping-taxable","16":"purchasable","17":"product-type-simple"},"_links":{"self":[{"href":"https:\/\/roveyayinevi.com.tr\/index.php\/wp-json\/wp\/v2\/product\/700065","targetHints":{"allow":["GET"]}}],"collection":[{"href":"https:\/\/roveyayinevi.com.tr\/index.php\/wp-json\/wp\/v2\/product"}],"about":[{"href":"https:\/\/roveyayinevi.com.tr\/index.php\/wp-json\/wp\/v2\/types\/product"}],"wp:attachment":[{"href":"https:\/\/roveyayinevi.com.tr\/index.php\/wp-json\/wp\/v2\/media?parent=700065"}],"wp:term":[{"taxonomy":"product_brand","embeddable":true,"href":"https:\/\/roveyayinevi.com.tr\/index.php\/wp-json\/wp\/v2\/product_brand?post=700065"},{"taxonomy":"product_cat","embeddable":true,"href":"https:\/\/roveyayinevi.com.tr\/index.php\/wp-json\/wp\/v2\/product_cat?post=700065"},{"taxonomy":"product_tag","embeddable":true,"href":"https:\/\/roveyayinevi.com.tr\/index.php\/wp-json\/wp\/v2\/product_tag?post=700065"}],"curies":[{"name":"wp","href":"https:\/\/api.w.org\/{rel}","templated":true}]}}