{"id":700059,"date":"2025-08-27T14:55:49","date_gmt":"2025-08-27T11:55:49","guid":{"rendered":"https:\/\/roveyayinevi.com.tr\/index.php\/urun\/anne-baba-cocuk-iletisimi\/"},"modified":"2026-04-16T02:09:31","modified_gmt":"2026-04-15T23:09:31","slug":"anne-baba-cocuk-iletisimi","status":"publish","type":"product","link":"https:\/\/roveyayinevi.com.tr\/index.php\/urun\/anne-baba-cocuk-iletisimi\/","title":{"rendered":"Anne &#8211; Baba &#8211; \u00c7ocuk \u0130leti\u015fimi"},"content":{"rendered":"<p>Anne-babal\u0131k davran\u0131\u015flar\u0131 t\u00fcm\u00fcyle do\u011fu\u015ftan getirilmi\u015f davran\u0131\u015flar de\u011fildir. Yap\u0131lan \u00e7al\u0131\u015fmalar, anne-babal\u0131k duygu ve davran\u0131\u015flar\u0131n\u0131n b\u00fcy\u00fck \u00f6l\u00e7\u00fcde sonradan kazan\u0131ld\u0131\u011f\u0131n\u0131 ortaya koymaktad\u0131r. Anne-babalar\u0131n, \u00e7ocuklar\u0131 ile sa\u011fl\u0131kl\u0131 ileti\u015fim kurabilmeleri ve \u00e7ocuklar\u0131na kar\u015f\u0131 olumlu tutum ile yakla\u015fabilmeleri, \u00f6ncelikle ileti\u015fim bilgi ve becerilerine sahip olmalar\u0131 ile m\u00fcmk\u00fcnd\u00fcr. \ufffcTan\u0131t\u0131m Metni<\/p>\n","protected":false},"excerpt":{"rendered":"<p>Anne-babal\u0131k davran\u0131\u015flar\u0131 t\u00fcm\u00fcyle do\u011fu\u015ftan getirilmi\u015f davran\u0131\u015flar de\u011fildir. Yap\u0131lan \u00e7al\u0131\u015fmalar, anne-babal\u0131k duygu ve davran\u0131\u015flar\u0131n\u0131n b\u00fcy\u00fck \u00f6l\u00e7\u00fcde sonradan kazan\u0131ld\u0131\u011f\u0131n\u0131 ortaya koymaktad\u0131r. Anne-babalar\u0131n, \u00e7ocuklar\u0131 ile sa\u011fl\u0131kl\u0131 ileti\u015fim kurabilmeleri ve<span class=\"excerpt-hellip\"> [\u2026]<\/span><\/p>\n","protected":false},"featured_media":0,"template":"","meta":{"_monsterinsights_skip_tracking":false,"_monsterinsights_sitenote_active":false,"_monsterinsights_sitenote_note":"","_monsterinsights_sitenote_category":0},"product_brand":[],"product_cat":[12831,12324],"product_tag":[],"class_list":{"0":"post-700059","1":"product","2":"type-product","3":"status-publish","5":"product_cat-aile-ve-cocuk","6":"product_cat-sosyoloji","7":"pa_cilt-ciltsiz","8":"pa_tur-kitap","9":"pa_yayinevi-egiten-kitap","10":"pa_yazar-aysel-cagdas","12":"first","13":"instock","14":"sale","15":"shipping-taxable","16":"purchasable","17":"product-type-simple"},"_links":{"self":[{"href":"https:\/\/roveyayinevi.com.tr\/index.php\/wp-json\/wp\/v2\/product\/700059","targetHints":{"allow":["GET"]}}],"collection":[{"href":"https:\/\/roveyayinevi.com.tr\/index.php\/wp-json\/wp\/v2\/product"}],"about":[{"href":"https:\/\/roveyayinevi.com.tr\/index.php\/wp-json\/wp\/v2\/types\/product"}],"wp:attachment":[{"href":"https:\/\/roveyayinevi.com.tr\/index.php\/wp-json\/wp\/v2\/media?parent=700059"}],"wp:term":[{"taxonomy":"product_brand","embeddable":true,"href":"https:\/\/roveyayinevi.com.tr\/index.php\/wp-json\/wp\/v2\/product_brand?post=700059"},{"taxonomy":"product_cat","embeddable":true,"href":"https:\/\/roveyayinevi.com.tr\/index.php\/wp-json\/wp\/v2\/product_cat?post=700059"},{"taxonomy":"product_tag","embeddable":true,"href":"https:\/\/roveyayinevi.com.tr\/index.php\/wp-json\/wp\/v2\/product_tag?post=700059"}],"curies":[{"name":"wp","href":"https:\/\/api.w.org\/{rel}","templated":true}]}}