{"id":700032,"date":"2025-08-27T14:55:22","date_gmt":"2025-08-27T11:55:22","guid":{"rendered":"https:\/\/roveyayinevi.com.tr\/index.php\/urun\/ask-ve-anlati-siirleri\/"},"modified":"2026-04-16T02:09:30","modified_gmt":"2026-04-15T23:09:30","slug":"ask-ve-anlati-siirleri","status":"publish","type":"product","link":"https:\/\/roveyayinevi.com.tr\/index.php\/urun\/ask-ve-anlati-siirleri\/","title":{"rendered":"A\u015fk ve Anlat\u0131 \u015eiirleri"},"content":{"rendered":"<p>William Shakespeare (1564-1616): Oyunlar\u0131nda insanl\u0131k durumlar\u0131n\u0131 dile getiri\u015f g\u00fcc\u00fcyle yakla\u015f\u0131k 400 y\u0131ld\u0131r b\u00fct\u00fcn d\u00fcnya okur ve seyircilerini etkilemeyi s\u00fcrd\u00fcren efsanevi yazar\u0131n A\u015fk ve Anlat\u0131 \u015eiirleri\u2019yle oyunlar\u0131 aras\u0131nda s\u00f6z, duygu, ruh, ihtiras, inan\u00e7 bak\u0131m\u0131ndan \u00e7e\u015fitli yak\u0131nl\u0131klar bulunmaktad\u0131r. Bu \u015fiirlerde de lirik cazibe, heyecanl\u0131 olaylar, s\u00fcr\u00fckleyici ya\u015fant\u0131lar, billur \u00f6zdeyi\u015fler vard\u0131r, \u015fairin anlat\u0131 ustal\u0131\u011f\u0131na ve imge yarat\u0131c\u0131l\u0131\u011f\u0131na hayran olmamak, mek\u00e2n, g\u00f6r\u00fcnt\u00fc, do\u011fa ve nesne betimlemelerini ba\u015far\u0131l\u0131 bulmamak m\u00fcmk\u00fcn de\u011fildir. \u201cVen\u00fcs ile Adonis\u201d g\u00fczellik tanr\u0131\u00e7as\u0131n\u0131n isteksiz bir genci ba\u015ftan \u00e7\u0131karmak u\u011frundaki \u0131srarl\u0131 \u00e7abalar\u0131n\u0131n k\u00fc\u00e7\u00fck bir mitolojik destan\u0131, \u201cL\u00fckres\u2019in \u0130\u011ffali\u201d kocas\u0131na sad\u0131k soylu bir kad\u0131na \u015fehvetten g\u00f6z\u00fc d\u00f6nm\u00fc\u015f bir prensin tecav\u00fcz\u00fcn\u00fcn \u00f6yk\u00fcs\u00fc, \u201cAnka ile Kumru\u201d felsefi ve vicdani g\u00fcc\u00fc a\u011f\u0131r basan bir \u201csaf\u201d \u015fiir, \u201cBir \u00c2\u015f\u0131k\u0131n Yak\u0131nmas\u0131\u201d sevgiye g\u00fcvendi\u011fi i\u00e7in bir \u00e7apk\u0131n\u0131n tuza\u011f\u0131na d\u00fc\u015fen bir kad\u0131n\u0131n hakl\u0131 \u015fik\u00e2yetidir. A\u015fk ve Anlat\u0131 \u015eiirleri\u2019nde Shakespeare\u2019in yazd\u0131\u011f\u0131 san\u0131lan \u201cCo\u015fkulu Yolcu\u201d ve \u201c\u00d6lsem mi?\u201d adl\u0131 \u015fiirler de yer almaktad\u0131r.<\/p>\n","protected":false},"excerpt":{"rendered":"<p>William Shakespeare (1564-1616): Oyunlar\u0131nda insanl\u0131k durumlar\u0131n\u0131 dile getiri\u015f g\u00fcc\u00fcyle yakla\u015f\u0131k 400 y\u0131ld\u0131r b\u00fct\u00fcn d\u00fcnya okur ve seyircilerini etkilemeyi s\u00fcrd\u00fcren efsanevi yazar\u0131n A\u015fk ve Anlat\u0131 \u015eiirleri\u2019yle oyunlar\u0131<span class=\"excerpt-hellip\"> [\u2026]<\/span><\/p>\n","protected":false},"featured_media":0,"template":"","meta":{"_monsterinsights_skip_tracking":false,"_monsterinsights_sitenote_active":false,"_monsterinsights_sitenote_note":"","_monsterinsights_sitenote_category":0},"product_brand":[],"product_cat":[12291,14272],"product_tag":[],"class_list":{"0":"post-700032","1":"product","2":"type-product","3":"status-publish","5":"product_cat-edebiyat","6":"product_cat-tiyatro","7":"pa_cilt-ciltsiz","8":"pa_tur-kitap","9":"pa_yayinevi-is-bankasi-kultur-yayinlari","10":"pa_yazar-william-shakespeare","12":"first","13":"instock","14":"sale","15":"shipping-taxable","16":"purchasable","17":"product-type-simple"},"_links":{"self":[{"href":"https:\/\/roveyayinevi.com.tr\/index.php\/wp-json\/wp\/v2\/product\/700032","targetHints":{"allow":["GET"]}}],"collection":[{"href":"https:\/\/roveyayinevi.com.tr\/index.php\/wp-json\/wp\/v2\/product"}],"about":[{"href":"https:\/\/roveyayinevi.com.tr\/index.php\/wp-json\/wp\/v2\/types\/product"}],"wp:attachment":[{"href":"https:\/\/roveyayinevi.com.tr\/index.php\/wp-json\/wp\/v2\/media?parent=700032"}],"wp:term":[{"taxonomy":"product_brand","embeddable":true,"href":"https:\/\/roveyayinevi.com.tr\/index.php\/wp-json\/wp\/v2\/product_brand?post=700032"},{"taxonomy":"product_cat","embeddable":true,"href":"https:\/\/roveyayinevi.com.tr\/index.php\/wp-json\/wp\/v2\/product_cat?post=700032"},{"taxonomy":"product_tag","embeddable":true,"href":"https:\/\/roveyayinevi.com.tr\/index.php\/wp-json\/wp\/v2\/product_tag?post=700032"}],"curies":[{"name":"wp","href":"https:\/\/api.w.org\/{rel}","templated":true}]}}