{"id":700027,"date":"2025-08-27T14:55:20","date_gmt":"2025-08-27T11:55:20","guid":{"rendered":"https:\/\/roveyayinevi.com.tr\/index.php\/urun\/biricik-ve-harika-dunyasi\/"},"modified":"2026-04-03T02:13:56","modified_gmt":"2026-04-02T23:13:56","slug":"biricik-ve-harika-dunyasi","status":"publish","type":"product","link":"https:\/\/roveyayinevi.com.tr\/index.php\/urun\/biricik-ve-harika-dunyasi\/","title":{"rendered":"Biricik ve Harika D\u00fcnyas\u0131"},"content":{"rendered":"<p>O farkl\u0131. O \u00e7ok yarat\u0131c\u0131. Kendine \u00f6zg\u00fc bir tarz\u0131 var ve t\u00fcm bunlar\u0131n da en ba\u015f\u0131ndan beri fark\u0131nda. Kimsenin akl\u0131na gelmeyen onun akl\u0131na geliyor. \u0130lk ba\u015fta ne yapt\u0131\u011f\u0131n\u0131 anlamak pek m\u00fcmk\u00fcn olmasa da yan\u0131nda olmak hep \u00e7ok e\u011flenceli! <\/p>\n","protected":false},"excerpt":{"rendered":"<p>O farkl\u0131. O \u00e7ok yarat\u0131c\u0131. Kendine \u00f6zg\u00fc bir tarz\u0131 var ve t\u00fcm bunlar\u0131n da en ba\u015f\u0131ndan beri fark\u0131nda. Kimsenin akl\u0131na gelmeyen onun akl\u0131na geliyor. \u0130lk ba\u015fta<span class=\"excerpt-hellip\"> [\u2026]<\/span><\/p>\n","protected":false},"featured_media":0,"template":"","meta":{"_monsterinsights_skip_tracking":false,"_monsterinsights_sitenote_active":false,"_monsterinsights_sitenote_note":"","_monsterinsights_sitenote_category":0},"product_brand":[],"product_cat":[12274,12284],"product_tag":[],"class_list":{"0":"post-700027","1":"product","2":"type-product","3":"status-publish","5":"product_cat-cocuk-ve-genclik-kitaplari","6":"product_cat-hikayeler","7":"pa_tur-kitap","8":"pa_yayinevi-mavi-kelebek-yayinlari","9":"pa_yazar-dave-whamond","11":"first","12":"instock","13":"sale","14":"shipping-taxable","15":"purchasable","16":"product-type-simple"},"_links":{"self":[{"href":"https:\/\/roveyayinevi.com.tr\/index.php\/wp-json\/wp\/v2\/product\/700027","targetHints":{"allow":["GET"]}}],"collection":[{"href":"https:\/\/roveyayinevi.com.tr\/index.php\/wp-json\/wp\/v2\/product"}],"about":[{"href":"https:\/\/roveyayinevi.com.tr\/index.php\/wp-json\/wp\/v2\/types\/product"}],"wp:attachment":[{"href":"https:\/\/roveyayinevi.com.tr\/index.php\/wp-json\/wp\/v2\/media?parent=700027"}],"wp:term":[{"taxonomy":"product_brand","embeddable":true,"href":"https:\/\/roveyayinevi.com.tr\/index.php\/wp-json\/wp\/v2\/product_brand?post=700027"},{"taxonomy":"product_cat","embeddable":true,"href":"https:\/\/roveyayinevi.com.tr\/index.php\/wp-json\/wp\/v2\/product_cat?post=700027"},{"taxonomy":"product_tag","embeddable":true,"href":"https:\/\/roveyayinevi.com.tr\/index.php\/wp-json\/wp\/v2\/product_tag?post=700027"}],"curies":[{"name":"wp","href":"https:\/\/api.w.org\/{rel}","templated":true}]}}