{"id":700024,"date":"2025-08-27T14:55:19","date_gmt":"2025-08-27T11:55:19","guid":{"rendered":"https:\/\/roveyayinevi.com.tr\/index.php\/urun\/bitirgen\/"},"modified":"2026-04-16T02:09:29","modified_gmt":"2026-04-15T23:09:29","slug":"bitirgen","status":"publish","type":"product","link":"https:\/\/roveyayinevi.com.tr\/index.php\/urun\/bitirgen\/","title":{"rendered":"Bitirgen"},"content":{"rendered":"<p>&#8220;Ke\u015fke kalksaym\u0131\u015f\u0131m. O zaman babam \u00e7ar\u015faftaki kan\u0131 g\u00f6r\u00fcp, \u201cBat\u0131rm\u0131\u015f yata\u011f\u0131, al \u015fu k\u0131z\u0131 buradan,\u201d diyemezdi. Donumdaki kana baka baka \u00f6yle a\u011flad\u0131m ki, annem sabah sabah \u201cAn\u0131rma,\u201d diyerek bir tokat att\u0131. Bir daha onun k\u0131ll\u0131 surat\u0131na bakarsam ne olay\u0131m. Ablam da yan\u0131ma gelip, \u201cA\u011flama salak ben de hastaland\u0131m, art\u0131k her ay hastalanacaks\u0131n,\u201d dedi. \u201cBen hasta de\u011filim yalan s\u00f6yl\u00fcyorsun,\u201d deyince; \u201cTabii sen krali\u00e7esin, krali\u00e7eler hastalanmaz, k\u0131\u00e7\u0131m\u0131n krali\u00e7esi,\u201d dedi. Pis pis g\u00fcld\u00fc gitti.&#8221; Bitirgen bir b\u00fcy\u00fcme hik\u00e2yesi. K\u00fc\u00e7\u00fck bir k\u0131z \u00e7ocu\u011fu, ergenlik arifesinde neler ya\u015fad\u0131\u011f\u0131n\u0131 anlat\u0131yor. Nas\u0131l akletti\u011fini, nas\u0131l dayak yedi\u011fini, nas\u0131l direndi\u011fini, k\u00fcfretti\u011fini, kabullenmedi\u011fini, anlamaya \u00e7al\u0131\u015ft\u0131\u011f\u0131n\u0131 m\u0131r\u0131ldan\u0131yor. \u015e\u00fct\u00fctyen d\u00fcm\u00fctyen daladami b\u00fcl\u00fctyen diyor Hokucuk\u2019a. B\u00fclent abiyi, M\u00fcjde ablay\u0131, F\u0131rat Bey\u2019i, anar\u015fitleri, \u00f6p\u00fc\u015f\u00fcrken g\u00f6zlerini kapatanlar\u0131, ak\u015fam evde yeme\u011fi haz\u0131r isteyenleri kim hik\u00e2yele\u015ftirebilir ki zaten&#8230; Figen \u015eakac\u0131, Pala Hayriye\u2019nin evveliyat\u0131n\u0131 resmediyor, Bitirgen\u2019le hik\u00e2yenin ba\u015f\u0131na d\u00f6n\u00fcyor<\/p>\n","protected":false},"excerpt":{"rendered":"<p>&#8220;Ke\u015fke kalksaym\u0131\u015f\u0131m. O zaman babam \u00e7ar\u015faftaki kan\u0131 g\u00f6r\u00fcp, \u201cBat\u0131rm\u0131\u015f yata\u011f\u0131, al \u015fu k\u0131z\u0131 buradan,\u201d diyemezdi. Donumdaki kana baka baka \u00f6yle a\u011flad\u0131m ki, annem sabah sabah \u201cAn\u0131rma,\u201d<span class=\"excerpt-hellip\"> [\u2026]<\/span><\/p>\n","protected":false},"featured_media":0,"template":"","meta":{"_monsterinsights_skip_tracking":false,"_monsterinsights_sitenote_active":false,"_monsterinsights_sitenote_note":"","_monsterinsights_sitenote_category":0},"product_brand":[],"product_cat":[13701,12291],"product_tag":[],"class_list":{"0":"post-700024","1":"product","2":"type-product","3":"status-publish","5":"product_cat-ani-mektup-gunluk","6":"product_cat-edebiyat","7":"pa_cilt-ciltsiz","8":"pa_tur-kitap","9":"pa_yayinevi-iletisim-yayinlari","10":"pa_yazar-figen-sakaci","12":"first","13":"instock","14":"sale","15":"shipping-taxable","16":"purchasable","17":"product-type-simple"},"_links":{"self":[{"href":"https:\/\/roveyayinevi.com.tr\/index.php\/wp-json\/wp\/v2\/product\/700024","targetHints":{"allow":["GET"]}}],"collection":[{"href":"https:\/\/roveyayinevi.com.tr\/index.php\/wp-json\/wp\/v2\/product"}],"about":[{"href":"https:\/\/roveyayinevi.com.tr\/index.php\/wp-json\/wp\/v2\/types\/product"}],"wp:attachment":[{"href":"https:\/\/roveyayinevi.com.tr\/index.php\/wp-json\/wp\/v2\/media?parent=700024"}],"wp:term":[{"taxonomy":"product_brand","embeddable":true,"href":"https:\/\/roveyayinevi.com.tr\/index.php\/wp-json\/wp\/v2\/product_brand?post=700024"},{"taxonomy":"product_cat","embeddable":true,"href":"https:\/\/roveyayinevi.com.tr\/index.php\/wp-json\/wp\/v2\/product_cat?post=700024"},{"taxonomy":"product_tag","embeddable":true,"href":"https:\/\/roveyayinevi.com.tr\/index.php\/wp-json\/wp\/v2\/product_tag?post=700024"}],"curies":[{"name":"wp","href":"https:\/\/api.w.org\/{rel}","templated":true}]}}