{"id":699996,"date":"2025-08-27T14:55:11","date_gmt":"2025-08-27T11:55:11","guid":{"rendered":"https:\/\/roveyayinevi.com.tr\/index.php\/urun\/esitsizligin-bedeli-bugunun-bolunmus-toplumu-gelecegimizi-nasil-tehlikeye-atiyor\/"},"modified":"2026-04-16T02:09:29","modified_gmt":"2026-04-15T23:09:29","slug":"esitsizligin-bedeli-bugunun-bolunmus-toplumu-gelecegimizi-nasil-tehlikeye-atiyor","status":"publish","type":"product","link":"https:\/\/roveyayinevi.com.tr\/index.php\/urun\/esitsizligin-bedeli-bugunun-bolunmus-toplumu-gelecegimizi-nasil-tehlikeye-atiyor\/","title":{"rendered":"E\u015fitsizli\u011fin Bedeli: Bug\u00fcn\u00fcn B\u00f6l\u00fcnm\u00fc\u015f Toplumu Gelece\u011fimizi Nas\u0131l Tehlikeye At\u0131yor?"},"content":{"rendered":"<p>\u201cSiyaset ve ekonominin finansal elitler taraf\u0131ndan nas\u0131l ele ge\u00e7irildi\u011finin herkes taraf\u0131ndan anla\u015f\u0131labilir bir a\u00e7\u0131klamas\u0131.\u201d \ufffcTan\u0131t\u0131m Metni<\/p>\n","protected":false},"excerpt":{"rendered":"<p>\u201cSiyaset ve ekonominin finansal elitler taraf\u0131ndan nas\u0131l ele ge\u00e7irildi\u011finin herkes taraf\u0131ndan anla\u015f\u0131labilir bir a\u00e7\u0131klamas\u0131.\u201d \ufffcTan\u0131t\u0131m Metni<\/p>\n","protected":false},"featured_media":0,"template":"","meta":{"_monsterinsights_skip_tracking":false,"_monsterinsights_sitenote_active":false,"_monsterinsights_sitenote_note":"","_monsterinsights_sitenote_category":0},"product_brand":[],"product_cat":[12351,12324],"product_tag":[],"class_list":{"0":"post-699996","1":"product","2":"type-product","3":"status-publish","5":"product_cat-siyaset-sosyolojisi","6":"product_cat-sosyoloji","7":"pa_cilt-ciltsiz","8":"pa_tur-kitap","9":"pa_yayinevi-iletisim-yayinlari","10":"pa_yazar-joseph-e-stiglitz","12":"first","13":"instock","14":"sale","15":"shipping-taxable","16":"purchasable","17":"product-type-simple"},"_links":{"self":[{"href":"https:\/\/roveyayinevi.com.tr\/index.php\/wp-json\/wp\/v2\/product\/699996","targetHints":{"allow":["GET"]}}],"collection":[{"href":"https:\/\/roveyayinevi.com.tr\/index.php\/wp-json\/wp\/v2\/product"}],"about":[{"href":"https:\/\/roveyayinevi.com.tr\/index.php\/wp-json\/wp\/v2\/types\/product"}],"wp:attachment":[{"href":"https:\/\/roveyayinevi.com.tr\/index.php\/wp-json\/wp\/v2\/media?parent=699996"}],"wp:term":[{"taxonomy":"product_brand","embeddable":true,"href":"https:\/\/roveyayinevi.com.tr\/index.php\/wp-json\/wp\/v2\/product_brand?post=699996"},{"taxonomy":"product_cat","embeddable":true,"href":"https:\/\/roveyayinevi.com.tr\/index.php\/wp-json\/wp\/v2\/product_cat?post=699996"},{"taxonomy":"product_tag","embeddable":true,"href":"https:\/\/roveyayinevi.com.tr\/index.php\/wp-json\/wp\/v2\/product_tag?post=699996"}],"curies":[{"name":"wp","href":"https:\/\/api.w.org\/{rel}","templated":true}]}}