{"id":699990,"date":"2025-08-27T14:55:09","date_gmt":"2025-08-27T11:55:09","guid":{"rendered":"https:\/\/roveyayinevi.com.tr\/index.php\/urun\/optimum-denge-modeli\/"},"modified":"2026-04-16T02:09:29","modified_gmt":"2026-04-15T23:09:29","slug":"optimum-denge-modeli","status":"publish","type":"product","link":"https:\/\/roveyayinevi.com.tr\/index.php\/urun\/optimum-denge-modeli\/","title":{"rendered":"Optimum Denge Modeli"},"content":{"rendered":"<p>\u201cOdm\u2019ye g\u00f6re insan do\u011fas\u0131n\u0131n iki temel bile\u015feni vard\u0131r. Bunlar bilmek ve yapmakt\u0131r. Ve bu bile\u015fenlerin amac\u0131 insan\u0131n hayatta kalmas\u0131n\u0131 sa\u011flamak ve onu mutlulu\u011fa ula\u015ft\u0131rmakt\u0131r&#8230;<\/p>\n","protected":false},"excerpt":{"rendered":"<p>\u201cOdm\u2019ye g\u00f6re insan do\u011fas\u0131n\u0131n iki temel bile\u015feni vard\u0131r. Bunlar bilmek ve yapmakt\u0131r. Ve bu bile\u015fenlerin amac\u0131 insan\u0131n hayatta kalmas\u0131n\u0131 sa\u011flamak ve onu mutlulu\u011fa ula\u015ft\u0131rmakt\u0131r&#8230;<\/p>\n","protected":false},"featured_media":0,"template":"","meta":{"_monsterinsights_skip_tracking":false,"_monsterinsights_sitenote_active":false,"_monsterinsights_sitenote_note":"","_monsterinsights_sitenote_category":0},"product_brand":[],"product_cat":[12364,12376],"product_tag":[],"class_list":{"0":"post-699990","1":"product","2":"type-product","3":"status-publish","5":"product_cat-genel-konular","6":"product_cat-kisisel-gelisim","7":"pa_cilt-ciltsiz","8":"pa_tur-kitap","9":"pa_yayinevi-altin-kitaplar","10":"pa_yazar-tamer-dovucu","12":"first","13":"instock","14":"sale","15":"shipping-taxable","16":"purchasable","17":"product-type-simple"},"_links":{"self":[{"href":"https:\/\/roveyayinevi.com.tr\/index.php\/wp-json\/wp\/v2\/product\/699990","targetHints":{"allow":["GET"]}}],"collection":[{"href":"https:\/\/roveyayinevi.com.tr\/index.php\/wp-json\/wp\/v2\/product"}],"about":[{"href":"https:\/\/roveyayinevi.com.tr\/index.php\/wp-json\/wp\/v2\/types\/product"}],"wp:attachment":[{"href":"https:\/\/roveyayinevi.com.tr\/index.php\/wp-json\/wp\/v2\/media?parent=699990"}],"wp:term":[{"taxonomy":"product_brand","embeddable":true,"href":"https:\/\/roveyayinevi.com.tr\/index.php\/wp-json\/wp\/v2\/product_brand?post=699990"},{"taxonomy":"product_cat","embeddable":true,"href":"https:\/\/roveyayinevi.com.tr\/index.php\/wp-json\/wp\/v2\/product_cat?post=699990"},{"taxonomy":"product_tag","embeddable":true,"href":"https:\/\/roveyayinevi.com.tr\/index.php\/wp-json\/wp\/v2\/product_tag?post=699990"}],"curies":[{"name":"wp","href":"https:\/\/api.w.org\/{rel}","templated":true}]}}