{"id":699987,"date":"2025-08-27T14:55:08","date_gmt":"2025-08-27T11:55:08","guid":{"rendered":"https:\/\/roveyayinevi.com.tr\/index.php\/urun\/ilahiname-2\/"},"modified":"2026-04-16T02:09:29","modified_gmt":"2026-04-15T23:09:29","slug":"ilahiname-2","status":"publish","type":"product","link":"https:\/\/roveyayinevi.com.tr\/index.php\/urun\/ilahiname-2\/","title":{"rendered":"\u0130lahiname"},"content":{"rendered":"<p>Attar&#8217;\u0131n e\u011fitim amac\u0131yla kaleme ald\u0131\u011f\u0131 ilahi a\u015fk, mecazi a\u015fk, yunani a\u015fk, fakr, samimi dindarl\u0131k, d\u00fcr\u00fcstl\u00fck temalar\u0131n\u0131 i\u015fledi\u011fi bu manzum eser, iki y\u00fczden fazla uzun veya k\u0131sa hik\u00e2yeden olu\u015fur. <\/p>\n","protected":false},"excerpt":{"rendered":"<p>Attar&#8217;\u0131n e\u011fitim amac\u0131yla kaleme ald\u0131\u011f\u0131 ilahi a\u015fk, mecazi a\u015fk, yunani a\u015fk, fakr, samimi dindarl\u0131k, d\u00fcr\u00fcstl\u00fck temalar\u0131n\u0131 i\u015fledi\u011fi bu manzum eser, iki y\u00fczden fazla uzun veya k\u0131sa<span class=\"excerpt-hellip\"> [\u2026]<\/span><\/p>\n","protected":false},"featured_media":0,"template":"","meta":{"_monsterinsights_skip_tracking":false,"_monsterinsights_sitenote_active":false,"_monsterinsights_sitenote_note":"","_monsterinsights_sitenote_category":0},"product_brand":[],"product_cat":[12718,12719],"product_tag":[],"class_list":{"0":"post-699987","1":"product","2":"type-product","3":"status-publish","5":"product_cat-din","6":"product_cat-islam","7":"pa_cilt-ciltsiz","8":"pa_tur-kitap","9":"pa_yayinevi-ayrinti-yayinlari","10":"pa_yazar-feriduddin-i-attar","12":"first","13":"instock","14":"sale","15":"shipping-taxable","16":"purchasable","17":"product-type-simple"},"_links":{"self":[{"href":"https:\/\/roveyayinevi.com.tr\/index.php\/wp-json\/wp\/v2\/product\/699987","targetHints":{"allow":["GET"]}}],"collection":[{"href":"https:\/\/roveyayinevi.com.tr\/index.php\/wp-json\/wp\/v2\/product"}],"about":[{"href":"https:\/\/roveyayinevi.com.tr\/index.php\/wp-json\/wp\/v2\/types\/product"}],"wp:attachment":[{"href":"https:\/\/roveyayinevi.com.tr\/index.php\/wp-json\/wp\/v2\/media?parent=699987"}],"wp:term":[{"taxonomy":"product_brand","embeddable":true,"href":"https:\/\/roveyayinevi.com.tr\/index.php\/wp-json\/wp\/v2\/product_brand?post=699987"},{"taxonomy":"product_cat","embeddable":true,"href":"https:\/\/roveyayinevi.com.tr\/index.php\/wp-json\/wp\/v2\/product_cat?post=699987"},{"taxonomy":"product_tag","embeddable":true,"href":"https:\/\/roveyayinevi.com.tr\/index.php\/wp-json\/wp\/v2\/product_tag?post=699987"}],"curies":[{"name":"wp","href":"https:\/\/api.w.org\/{rel}","templated":true}]}}