{"id":699979,"date":"2025-08-27T14:55:06","date_gmt":"2025-08-27T11:55:06","guid":{"rendered":"https:\/\/roveyayinevi.com.tr\/index.php\/urun\/uygulamali-etik\/"},"modified":"2026-04-16T02:09:28","modified_gmt":"2026-04-15T23:09:28","slug":"uygulamali-etik","status":"publish","type":"product","link":"https:\/\/roveyayinevi.com.tr\/index.php\/urun\/uygulamali-etik\/","title":{"rendered":"Uygulamal\u0131 Etik"},"content":{"rendered":"<p>20. y\u00fczy\u0131l, her \u015feyden \u00f6nce iki b\u00fcy\u00fck d\u00fcnya sava\u015f\u0131n\u0131n ya\u015fand\u0131\u011f\u0131 ve y\u00fcz milyondan fazla insan\u0131n salt maddi \u00e7\u0131karlar ve \u00e7e\u015fitli sava\u015flar nedeniyle \u00f6ld\u00fcr\u00fcld\u00fc\u011f\u00fc veya katledildi\u011fi bir \u00e7a\u011f olmu\u015ftur. Di\u011fer yandan 20. y\u00fczy\u0131l, bir \u00f6nceki y\u00fczy\u0131lda ba\u015flayan sanayile\u015fmenin g\u00fc\u00e7 kazanarak devam etti\u011fi, do\u011fan\u0131n giderek daha fazla kirletilip tahrip edildi\u011fi, s\u00f6m\u00fcrgeci politika ve sava\u015flar\u0131n daha da g\u00fc\u00e7lendi\u011fi bir \u00e7a\u011f\u0131 ifade eder. Bu nedenle de, ekonomik ve politik geli\u015fmelerin, \u00e7o\u011fu durumda ahlak\u0131 ortadan kald\u0131ran, insan tasavvurumuza onulmaz yaralar veren birtak\u0131m olu\u015fum ve geli\u015fmelerle sonu\u00e7lanmas\u0131 ka\u00e7\u0131n\u0131lmaz olarak g\u00f6r\u00fclebilir. Nitekim bu \u00e7a\u011fda ana zemin veya arka planda bir b\u00fcy\u00fck ahlaki krizin varl\u0131\u011f\u0131 her daim hissedilirken hayat\u0131n neredeyse her alan\u0131nda daha \u00f6nce rastlanmam\u0131\u015f olan ahlaki problemler ortaya \u00e7\u0131km\u0131\u015ft\u0131r. Uygulamal\u0131 eti\u011fin do\u011fu\u015funu tetikleyen en \u00f6nemli \u015fey, i\u015fte bu genel ya da global de\u011fi\u015fme, modernle\u015fme s\u00fcre\u00e7lerinin kimi alan veya durumlarda yaratt\u0131\u011f\u0131 olumsuz sonu\u00e7lard\u0131r. <\/p>\n","protected":false},"excerpt":{"rendered":"<p>20. y\u00fczy\u0131l, her \u015feyden \u00f6nce iki b\u00fcy\u00fck d\u00fcnya sava\u015f\u0131n\u0131n ya\u015fand\u0131\u011f\u0131 ve y\u00fcz milyondan fazla insan\u0131n salt maddi \u00e7\u0131karlar ve \u00e7e\u015fitli sava\u015flar nedeniyle \u00f6ld\u00fcr\u00fcld\u00fc\u011f\u00fc veya katledildi\u011fi bir<span class=\"excerpt-hellip\"> [\u2026]<\/span><\/p>\n","protected":false},"featured_media":0,"template":"","meta":{"_monsterinsights_skip_tracking":false,"_monsterinsights_sitenote_active":false,"_monsterinsights_sitenote_note":"","_monsterinsights_sitenote_category":0},"product_brand":[],"product_cat":[15319,12388],"product_tag":[],"class_list":{"0":"post-699979","1":"product","2":"type-product","3":"status-publish","5":"product_cat-etik","6":"product_cat-felsefe","7":"pa_cilt-ciltsiz","8":"pa_tur-kitap","9":"pa_yayinevi-say-yayinlari","10":"pa_yazar-ahmet-cevizci","12":"first","13":"instock","14":"sale","15":"shipping-taxable","16":"purchasable","17":"product-type-simple"},"_links":{"self":[{"href":"https:\/\/roveyayinevi.com.tr\/index.php\/wp-json\/wp\/v2\/product\/699979","targetHints":{"allow":["GET"]}}],"collection":[{"href":"https:\/\/roveyayinevi.com.tr\/index.php\/wp-json\/wp\/v2\/product"}],"about":[{"href":"https:\/\/roveyayinevi.com.tr\/index.php\/wp-json\/wp\/v2\/types\/product"}],"wp:attachment":[{"href":"https:\/\/roveyayinevi.com.tr\/index.php\/wp-json\/wp\/v2\/media?parent=699979"}],"wp:term":[{"taxonomy":"product_brand","embeddable":true,"href":"https:\/\/roveyayinevi.com.tr\/index.php\/wp-json\/wp\/v2\/product_brand?post=699979"},{"taxonomy":"product_cat","embeddable":true,"href":"https:\/\/roveyayinevi.com.tr\/index.php\/wp-json\/wp\/v2\/product_cat?post=699979"},{"taxonomy":"product_tag","embeddable":true,"href":"https:\/\/roveyayinevi.com.tr\/index.php\/wp-json\/wp\/v2\/product_tag?post=699979"}],"curies":[{"name":"wp","href":"https:\/\/api.w.org\/{rel}","templated":true}]}}