{"id":699970,"date":"2025-08-27T14:55:03","date_gmt":"2025-08-27T11:55:03","guid":{"rendered":"https:\/\/roveyayinevi.com.tr\/index.php\/urun\/bir-adin-yolculuktu\/"},"modified":"2026-01-14T23:47:36","modified_gmt":"2026-01-14T20:47:36","slug":"bir-adin-yolculuktu","status":"publish","type":"product","link":"https:\/\/roveyayinevi.com.tr\/index.php\/urun\/bir-adin-yolculuktu\/","title":{"rendered":"Bir Ad\u0131n Yolculuktu"},"content":{"rendered":"<p>\u00dclk\u00fc Tamer 32 Sene Sonra Yeniden Yolculu\u011fa \u00c7a\u011f\u0131r\u0131yor  T\u00fcrk \u015fiirinin ya\u015fayan en b\u00fcy\u00fck \u015fairlerinden \u00dclk\u00fc Tamer Y\u0131llar sonra yeni bir \u015fiir kitab\u0131yla T\u00fcrk okurunun kar\u015f\u0131s\u0131nda..  Bir Ad\u0131n Yolculuktu ad\u0131n\u0131 ta\u015f\u0131yan kitap, \u00dclk\u00fc Tamer\u2019in \u015fiir heyecan\u0131n\u0131 hi\u00e7 yitirmeyen ve gen\u00e7 bir \u015fair oldu\u011funu g\u00f6steren yepyeni bir ustal\u0131k belgesi.  Anadolu\u2019nun mitolojik k\u00e2inat\u0131yla \u015fahsi tarihin, a\u015fkla \u00f6l\u00fcm d\u00fc\u015f\u00fcncesinin koyun koyuna girdi\u011fi \u201cBir Ad\u0131n Yolculuktu\u201d, \u00dclk\u00fc Tamer\u2019in geleneksel sesini ve aray\u0131\u015flar\u0131n\u0131 i\u00e7 i\u00e7e ta\u015f\u0131yor. Son s\u00f6z\u00fcn\u00fc s\u00f6ylememi\u015f bir \u015fairin diri solu\u011funu okuruna ula\u015ft\u0131r\u0131yor. &#8220;B\u00fct\u00fcn tarihini s\u0131rt\u0131na vurup Denizi \u00fc\u00e7 g\u00fcnde ge\u00e7en ser\u00e7enin Bir seher vaktinde soluk solu\u011fa T\u00fcnedi\u011fi dalda \u015fenlik gibisin\u201d diyerek a\u015fk\u0131 y\u00fccelten Tamer, bir yandan da sevgili Antep\u2019ine duydu\u011fu sadakati, Anadolu\u2019nun kadim s\u00f6ylencelerinden yola \u00e7\u0131karak g\u00f6steriyor.      \u201cKavakl\u0131k neresiydi, \u0130thaka neresi\u201d dizesiyle ba\u015flay\u0131p \u201cA\u00e7t\u0131 kap\u0131y\u0131 geldi y\u00e2r imi\u015f.\u201d dizesiyle sona eren \u201cBir Ad\u0131n Yolculuktu\u201d, karanl\u0131\u011f\u0131n i\u00e7inden ge\u00e7erken \u201cbir \u0131sl\u0131k yeter\u201d diyenlere cansuyu ta\u015f\u0131yor. <\/p>\n","protected":false},"excerpt":{"rendered":"<p>\u00dclk\u00fc Tamer 32 Sene Sonra Yeniden Yolculu\u011fa \u00c7a\u011f\u0131r\u0131yor T\u00fcrk \u015fiirinin ya\u015fayan en b\u00fcy\u00fck \u015fairlerinden \u00dclk\u00fc Tamer Y\u0131llar sonra yeni bir \u015fiir kitab\u0131yla T\u00fcrk okurunun kar\u015f\u0131s\u0131nda.. Bir<span class=\"excerpt-hellip\"> [\u2026]<\/span><\/p>\n","protected":false},"featured_media":0,"template":"","meta":{"_monsterinsights_skip_tracking":false,"_monsterinsights_sitenote_active":false,"_monsterinsights_sitenote_note":"","_monsterinsights_sitenote_category":0},"product_brand":[],"product_cat":[12291,12509],"product_tag":[],"class_list":{"0":"post-699970","1":"product","2":"type-product","3":"status-publish","5":"product_cat-edebiyat","6":"product_cat-siir","7":"pa_cilt-ciltsiz","8":"pa_tur-kitap","9":"pa_yayinevi-islik-yayinlari","10":"pa_yazar-ulku-tamer","12":"first","13":"instock","14":"sale","15":"shipping-taxable","16":"purchasable","17":"product-type-simple"},"_links":{"self":[{"href":"https:\/\/roveyayinevi.com.tr\/index.php\/wp-json\/wp\/v2\/product\/699970","targetHints":{"allow":["GET"]}}],"collection":[{"href":"https:\/\/roveyayinevi.com.tr\/index.php\/wp-json\/wp\/v2\/product"}],"about":[{"href":"https:\/\/roveyayinevi.com.tr\/index.php\/wp-json\/wp\/v2\/types\/product"}],"wp:attachment":[{"href":"https:\/\/roveyayinevi.com.tr\/index.php\/wp-json\/wp\/v2\/media?parent=699970"}],"wp:term":[{"taxonomy":"product_brand","embeddable":true,"href":"https:\/\/roveyayinevi.com.tr\/index.php\/wp-json\/wp\/v2\/product_brand?post=699970"},{"taxonomy":"product_cat","embeddable":true,"href":"https:\/\/roveyayinevi.com.tr\/index.php\/wp-json\/wp\/v2\/product_cat?post=699970"},{"taxonomy":"product_tag","embeddable":true,"href":"https:\/\/roveyayinevi.com.tr\/index.php\/wp-json\/wp\/v2\/product_tag?post=699970"}],"curies":[{"name":"wp","href":"https:\/\/api.w.org\/{rel}","templated":true}]}}