{"id":699968,"date":"2025-08-27T14:55:03","date_gmt":"2025-08-27T11:55:03","guid":{"rendered":"https:\/\/roveyayinevi.com.tr\/index.php\/urun\/sir-icinde-sir-olanlar-alevi-kadinlar\/"},"modified":"2026-04-16T02:09:28","modified_gmt":"2026-04-15T23:09:28","slug":"sir-icinde-sir-olanlar-alevi-kadinlar","status":"publish","type":"product","link":"https:\/\/roveyayinevi.com.tr\/index.php\/urun\/sir-icinde-sir-olanlar-alevi-kadinlar\/","title":{"rendered":"S\u0131r \u0130\u00e7inde S\u0131r Olanlar- Alevi Kad\u0131nlar"},"content":{"rendered":"<p>Elinizde tuttu\u011funuz kitap Alevili\u011fi kad\u0131nlar g\u00f6z\u00fcnden anlatmay\u0131 hedefliyor ve Alevi kad\u0131nlar\u0131 g\u00f6r\u00fcn\u00fcr k\u0131l\u0131yor. Bu a\u00e7\u0131dan kitap bir ilktir. Alevilikle ilgili yapt\u0131\u011f\u0131m ara\u015ft\u0131rmalar bana, Alevilik anlat\u0131m\u0131n\u0131n dil, \u00fcslup, y\u00f6ntem ve perspektif olarak erkekleri \u00f6ne \u00e7\u0131karan, onlar\u0131 y\u00fccele\u015ftiren bir yerden yaz\u0131ld\u0131\u011f\u0131n\u0131 g\u00f6sterdi. Kad\u0131nlar ortada yoktu! <\/p>\n","protected":false},"excerpt":{"rendered":"<p>Elinizde tuttu\u011funuz kitap Alevili\u011fi kad\u0131nlar g\u00f6z\u00fcnden anlatmay\u0131 hedefliyor ve Alevi kad\u0131nlar\u0131 g\u00f6r\u00fcn\u00fcr k\u0131l\u0131yor. Bu a\u00e7\u0131dan kitap bir ilktir. Alevilikle ilgili yapt\u0131\u011f\u0131m ara\u015ft\u0131rmalar bana, Alevilik anlat\u0131m\u0131n\u0131n dil,<span class=\"excerpt-hellip\"> [\u2026]<\/span><\/p>\n","protected":false},"featured_media":0,"template":"","meta":{"_monsterinsights_skip_tracking":false,"_monsterinsights_sitenote_active":false,"_monsterinsights_sitenote_note":"","_monsterinsights_sitenote_category":0},"product_brand":[],"product_cat":[13252,12324],"product_tag":[],"class_list":{"0":"post-699968","1":"product","2":"type-product","3":"status-publish","5":"product_cat-kadin-calismalari","6":"product_cat-sosyoloji","7":"pa_tur-kitap","8":"pa_yayinevi-kalkedon-yayincilik","9":"pa_yazar-gulfer-akkaya","11":"first","12":"instock","13":"sale","14":"shipping-taxable","15":"purchasable","16":"product-type-simple"},"_links":{"self":[{"href":"https:\/\/roveyayinevi.com.tr\/index.php\/wp-json\/wp\/v2\/product\/699968","targetHints":{"allow":["GET"]}}],"collection":[{"href":"https:\/\/roveyayinevi.com.tr\/index.php\/wp-json\/wp\/v2\/product"}],"about":[{"href":"https:\/\/roveyayinevi.com.tr\/index.php\/wp-json\/wp\/v2\/types\/product"}],"wp:attachment":[{"href":"https:\/\/roveyayinevi.com.tr\/index.php\/wp-json\/wp\/v2\/media?parent=699968"}],"wp:term":[{"taxonomy":"product_brand","embeddable":true,"href":"https:\/\/roveyayinevi.com.tr\/index.php\/wp-json\/wp\/v2\/product_brand?post=699968"},{"taxonomy":"product_cat","embeddable":true,"href":"https:\/\/roveyayinevi.com.tr\/index.php\/wp-json\/wp\/v2\/product_cat?post=699968"},{"taxonomy":"product_tag","embeddable":true,"href":"https:\/\/roveyayinevi.com.tr\/index.php\/wp-json\/wp\/v2\/product_tag?post=699968"}],"curies":[{"name":"wp","href":"https:\/\/api.w.org\/{rel}","templated":true}]}}