{"id":699967,"date":"2025-08-27T14:55:03","date_gmt":"2025-08-27T11:55:03","guid":{"rendered":"https:\/\/roveyayinevi.com.tr\/index.php\/urun\/kral-4-henry-2\/"},"modified":"2026-03-15T21:15:56","modified_gmt":"2026-03-15T18:15:56","slug":"kral-4-henry-2","status":"publish","type":"product","link":"https:\/\/roveyayinevi.com.tr\/index.php\/urun\/kral-4-henry-2\/","title":{"rendered":"Kral 4. Henry 2"},"content":{"rendered":"<p>William Shakespeare (1564-1616): Oyunlar\u0131 ve \u015fiirlerinde insanl\u0131k durumlar\u0131n\u0131 dile getiri\u015f g\u00fcc\u00fcyle yakla\u015f\u0131k 400 y\u0131ld\u0131r b\u00fct\u00fcn d\u00fcnya okur ve seyircilerini etkilemeyi s\u00fcrd\u00fcren efsanevi yazar. 1596-97 y\u0131llar\u0131nda yaz\u0131ld\u0131\u011f\u0131 ve sahnelendi\u011fi tahmin edilen Kral IV. Henry, Shakespeare\u2019in en b\u00fcy\u00fck tarihi oyunlar\u0131ndan biri kabul edilir. Bu eserin ikinci b\u00f6l\u00fcm\u00fcnde taht\u0131, sava\u015f\u0131n kal\u0131nt\u0131lar\u0131n\u0131n ve isyanc\u0131lar\u0131n tehdidi alt\u0131nda olan Kral IV. Henry hastad\u0131r, Hal ise ilk b\u00f6l\u00fcmde ba\u015flayan olgunluk sava\u015f\u0131n\u0131 \u00e7ok daha k\u0131sa bir s\u00fcrede kazanmak ve kararlar\u0131n\u0131 ta\u015f\u0131d\u0131\u011f\u0131 s\u0131fat\u0131n a\u011f\u0131rl\u0131\u011f\u0131 alt\u0131nda vermek zorunda kalacakt\u0131r. \ufffcTan\u0131t\u0131m Metni<\/p>\n","protected":false},"excerpt":{"rendered":"<p>William Shakespeare (1564-1616): Oyunlar\u0131 ve \u015fiirlerinde insanl\u0131k durumlar\u0131n\u0131 dile getiri\u015f g\u00fcc\u00fcyle yakla\u015f\u0131k 400 y\u0131ld\u0131r b\u00fct\u00fcn d\u00fcnya okur ve seyircilerini etkilemeyi s\u00fcrd\u00fcren efsanevi yazar. 1596-97 y\u0131llar\u0131nda yaz\u0131ld\u0131\u011f\u0131<span class=\"excerpt-hellip\"> [\u2026]<\/span><\/p>\n","protected":false},"featured_media":0,"template":"","meta":{"_monsterinsights_skip_tracking":false,"_monsterinsights_sitenote_active":false,"_monsterinsights_sitenote_note":"","_monsterinsights_sitenote_category":0},"product_brand":[],"product_cat":[12291,14272],"product_tag":[],"class_list":{"0":"post-699967","1":"product","2":"type-product","3":"status-publish","5":"product_cat-edebiyat","6":"product_cat-tiyatro","7":"pa_cilt-ciltsiz","8":"pa_tur-kitap","9":"pa_yayinevi-is-bankasi-kultur-yayinlari","10":"pa_yazar-william-shakespeare","12":"first","13":"instock","14":"sale","15":"shipping-taxable","16":"purchasable","17":"product-type-simple"},"_links":{"self":[{"href":"https:\/\/roveyayinevi.com.tr\/index.php\/wp-json\/wp\/v2\/product\/699967","targetHints":{"allow":["GET"]}}],"collection":[{"href":"https:\/\/roveyayinevi.com.tr\/index.php\/wp-json\/wp\/v2\/product"}],"about":[{"href":"https:\/\/roveyayinevi.com.tr\/index.php\/wp-json\/wp\/v2\/types\/product"}],"wp:attachment":[{"href":"https:\/\/roveyayinevi.com.tr\/index.php\/wp-json\/wp\/v2\/media?parent=699967"}],"wp:term":[{"taxonomy":"product_brand","embeddable":true,"href":"https:\/\/roveyayinevi.com.tr\/index.php\/wp-json\/wp\/v2\/product_brand?post=699967"},{"taxonomy":"product_cat","embeddable":true,"href":"https:\/\/roveyayinevi.com.tr\/index.php\/wp-json\/wp\/v2\/product_cat?post=699967"},{"taxonomy":"product_tag","embeddable":true,"href":"https:\/\/roveyayinevi.com.tr\/index.php\/wp-json\/wp\/v2\/product_tag?post=699967"}],"curies":[{"name":"wp","href":"https:\/\/api.w.org\/{rel}","templated":true}]}}