{"id":699956,"date":"2025-08-27T14:55:00","date_gmt":"2025-08-27T11:55:00","guid":{"rendered":"https:\/\/roveyayinevi.com.tr\/index.php\/urun\/ben-egede-akilken-kurt-barisinda-bati-cephesi\/"},"modified":"2026-03-26T14:42:28","modified_gmt":"2026-03-26T11:42:28","slug":"ben-egede-akilken-kurt-barisinda-bati-cephesi","status":"publish","type":"product","link":"https:\/\/roveyayinevi.com.tr\/index.php\/urun\/ben-egede-akilken-kurt-barisinda-bati-cephesi\/","title":{"rendered":"Ben Ege&#8217;de Akilken: K\u00fcrt Bar\u0131\u015f\u0131nda Bat\u0131 Cephesi"},"content":{"rendered":"<p>&#8221;Ben niye bu kadar ge\u00e7 geldi\u011finizi, niye bu kadar ge\u00e7 kald\u0131\u011f\u0131n\u0131z\u0131 sormak istiyorum&#8230;&#8221;&#8221;Niye da\u011fa \u00e7\u0131k\u0131yorlar de\u011fil, niye \u00e7\u0131kart\u0131yoruz demek laz\u0131m&#8230;&#8221;&#8221;12 Eyl\u00fcl\u2019\u00fcn T\u00fcrkiye\u2019ye \u00e7ok faydas\u0131 olmu\u015ftur&#8230;&#8221;&#8221;Akil Adamlar d\u00fcn bize \u00f6zetle &#8216;korkmay\u0131n hi\u00e7 ac\u0131mayacak&#8217; dediler ve benim akl\u0131ma s\u00fcnnetim geldi.&#8221; <\/p>\n","protected":false},"excerpt":{"rendered":"<p>&#8221;Ben niye bu kadar ge\u00e7 geldi\u011finizi, niye bu kadar ge\u00e7 kald\u0131\u011f\u0131n\u0131z\u0131 sormak istiyorum&#8230;&#8221;&#8221;Niye da\u011fa \u00e7\u0131k\u0131yorlar de\u011fil, niye \u00e7\u0131kart\u0131yoruz demek laz\u0131m&#8230;&#8221;&#8221;12 Eyl\u00fcl\u2019\u00fcn T\u00fcrkiye\u2019ye \u00e7ok faydas\u0131 olmu\u015ftur&#8230;&#8221;&#8221;Akil Adamlar<span class=\"excerpt-hellip\"> [\u2026]<\/span><\/p>\n","protected":false},"featured_media":0,"template":"","meta":{"_monsterinsights_skip_tracking":false,"_monsterinsights_sitenote_active":false,"_monsterinsights_sitenote_note":"","_monsterinsights_sitenote_category":0},"product_brand":[],"product_cat":[12312,12304],"product_tag":[],"class_list":{"0":"post-699956","1":"product","2":"type-product","3":"status-publish","5":"product_cat-diger","6":"product_cat-tarih","7":"pa_cilt-ciltsiz","8":"pa_tur-kitap","9":"pa_yayinevi-iletisim-yayinlari","10":"pa_yazar-baskin-oran","12":"first","13":"instock","14":"sale","15":"shipping-taxable","16":"purchasable","17":"product-type-simple"},"_links":{"self":[{"href":"https:\/\/roveyayinevi.com.tr\/index.php\/wp-json\/wp\/v2\/product\/699956","targetHints":{"allow":["GET"]}}],"collection":[{"href":"https:\/\/roveyayinevi.com.tr\/index.php\/wp-json\/wp\/v2\/product"}],"about":[{"href":"https:\/\/roveyayinevi.com.tr\/index.php\/wp-json\/wp\/v2\/types\/product"}],"wp:attachment":[{"href":"https:\/\/roveyayinevi.com.tr\/index.php\/wp-json\/wp\/v2\/media?parent=699956"}],"wp:term":[{"taxonomy":"product_brand","embeddable":true,"href":"https:\/\/roveyayinevi.com.tr\/index.php\/wp-json\/wp\/v2\/product_brand?post=699956"},{"taxonomy":"product_cat","embeddable":true,"href":"https:\/\/roveyayinevi.com.tr\/index.php\/wp-json\/wp\/v2\/product_cat?post=699956"},{"taxonomy":"product_tag","embeddable":true,"href":"https:\/\/roveyayinevi.com.tr\/index.php\/wp-json\/wp\/v2\/product_tag?post=699956"}],"curies":[{"name":"wp","href":"https:\/\/api.w.org\/{rel}","templated":true}]}}