{"id":699955,"date":"2025-08-27T14:54:59","date_gmt":"2025-08-27T11:54:59","guid":{"rendered":"https:\/\/roveyayinevi.com.tr\/index.php\/urun\/gokten-inen-uc-yildiz\/"},"modified":"2026-04-16T02:09:28","modified_gmt":"2026-04-15T23:09:28","slug":"gokten-inen-uc-yildiz","status":"publish","type":"product","link":"https:\/\/roveyayinevi.com.tr\/index.php\/urun\/gokten-inen-uc-yildiz\/","title":{"rendered":"G\u00f6kten \u0130nen \u00dc\u00e7 Y\u0131ld\u0131z"},"content":{"rendered":"<p>Cuma, Rabi\u015f, bir de Erc\u00fc\u015f&#8230; Hen\u00fcz ya\u015famlar\u0131n\u0131n ba\u015f\u0131ndaki \u00fc\u00e7 k\u00fc\u00e7\u00fck \u00e7ocuk. \u00dclkenin farkl\u0131 kentlerinden g\u00f6\u00e7\u00fcp Ege\u2019nin bir sahil kasabas\u0131nda yaln\u0131zl\u0131klar\u0131n\u0131 birbirlerinin arkada\u015fl\u0131klar\u0131nda avutmaya \u00e7al\u0131\u015fan \u00fc\u00e7 taze fidan. G\u00f6ky\u00fcz\u00fcndeki parlak y\u0131ld\u0131zlardan kendileri i\u00e7in birer tane se\u00e7tiklerinde ya\u015fam\u0131n onlara neler sunaca\u011f\u0131n\u0131 bilemeyecek kadar k\u00fc\u00e7\u00fckler. T\u0131pk\u0131 y\u0131llar sonra ac\u0131mas\u0131z bir sava\u015f\u0131n \u00f6n\u00fcnde dili farkl\u0131, gelene\u011fi g\u00f6rene\u011fi farkl\u0131 bamba\u015fka bir \u00fclkeye savrulan Yasin gibi. <\/p>\n","protected":false},"excerpt":{"rendered":"<p>Cuma, Rabi\u015f, bir de Erc\u00fc\u015f&#8230; Hen\u00fcz ya\u015famlar\u0131n\u0131n ba\u015f\u0131ndaki \u00fc\u00e7 k\u00fc\u00e7\u00fck \u00e7ocuk. \u00dclkenin farkl\u0131 kentlerinden g\u00f6\u00e7\u00fcp Ege\u2019nin bir sahil kasabas\u0131nda yaln\u0131zl\u0131klar\u0131n\u0131 birbirlerinin arkada\u015fl\u0131klar\u0131nda avutmaya \u00e7al\u0131\u015fan \u00fc\u00e7 taze<span class=\"excerpt-hellip\"> [\u2026]<\/span><\/p>\n","protected":false},"featured_media":0,"template":"","meta":{"_monsterinsights_skip_tracking":false,"_monsterinsights_sitenote_active":false,"_monsterinsights_sitenote_note":"","_monsterinsights_sitenote_category":0},"product_brand":[],"product_cat":[12274,12284],"product_tag":[],"class_list":{"0":"post-699955","1":"product","2":"type-product","3":"status-publish","5":"product_cat-cocuk-ve-genclik-kitaplari","6":"product_cat-hikayeler","7":"pa_tur-kitap","8":"pa_yayinevi-altin-kitaplar-ozel-urun","9":"pa_yazar-nur-icozu","11":"first","12":"instock","13":"sale","14":"shipping-taxable","15":"purchasable","16":"product-type-simple"},"_links":{"self":[{"href":"https:\/\/roveyayinevi.com.tr\/index.php\/wp-json\/wp\/v2\/product\/699955","targetHints":{"allow":["GET"]}}],"collection":[{"href":"https:\/\/roveyayinevi.com.tr\/index.php\/wp-json\/wp\/v2\/product"}],"about":[{"href":"https:\/\/roveyayinevi.com.tr\/index.php\/wp-json\/wp\/v2\/types\/product"}],"wp:attachment":[{"href":"https:\/\/roveyayinevi.com.tr\/index.php\/wp-json\/wp\/v2\/media?parent=699955"}],"wp:term":[{"taxonomy":"product_brand","embeddable":true,"href":"https:\/\/roveyayinevi.com.tr\/index.php\/wp-json\/wp\/v2\/product_brand?post=699955"},{"taxonomy":"product_cat","embeddable":true,"href":"https:\/\/roveyayinevi.com.tr\/index.php\/wp-json\/wp\/v2\/product_cat?post=699955"},{"taxonomy":"product_tag","embeddable":true,"href":"https:\/\/roveyayinevi.com.tr\/index.php\/wp-json\/wp\/v2\/product_tag?post=699955"}],"curies":[{"name":"wp","href":"https:\/\/api.w.org\/{rel}","templated":true}]}}