{"id":699954,"date":"2025-08-27T14:54:59","date_gmt":"2025-08-27T11:54:59","guid":{"rendered":"https:\/\/roveyayinevi.com.tr\/index.php\/urun\/datcadan-ipsalaya\/"},"modified":"2026-04-07T02:15:10","modified_gmt":"2026-04-06T23:15:10","slug":"datcadan-ipsalaya","status":"publish","type":"product","link":"https:\/\/roveyayinevi.com.tr\/index.php\/urun\/datcadan-ipsalaya\/","title":{"rendered":"Dat\u00e7a\u2019dan \u0130psala\u2019ya"},"content":{"rendered":"<p>Dat\u00e7a\u2019n\u0131n badem kokulu havas\u0131n\u0131 solumak, \u0130stanbul\u2019un konaklar\u0131nda ya\u015famak, Bursa\u2019n\u0131n tarihi dokusunu hissetmek, Birgi\u2019nin mistik ortam\u0131ndan etkilenmek, \u00c7e\u015fme\u2019nin altm\u0131\u015fl\u0131 y\u0131llar\u0131n\u0131 an\u0131msamak, Hollanda\u2019n\u0131n tahta nal\u0131nlar\u0131yla dola\u015fmak; \u0130psala\u2019n\u0131n sevecen insanlar\u0131n\u0131 tan\u0131mak isteyenler&#8230; Dat\u00e7a\u2019dan \u0130psala\u2019ya mis\u0327\u2019li Ge\u00e7mi\u015f Zamanlar\u2019\u0131 okurken, kendinizi bu g\u00fczelim co\u011frafyalar\u0131n b\u00fcy\u00fcl\u00fc atmosferlerinde dola\u015f\u0131rken bulacak; \u201cmis\u0327\u2019li ge\u00e7mi\u015f zamanlar\u201da dog\u0306ru unutulmaz bir gezintiye \u00e7\u0131kacaks\u0131n\u0131z&#8230; Datc\u0327a\u2019dan I\u0307psala\u2019ya mis\u0327\u2019li Gec\u0327mis\u0327 Zamanlar, Z\u00fchal \u0130zmirli ve Y\u00fccel \u0130zmirli\u2019nin usta anlat\u0131mlar\u0131yla sizi bamba\u015fka bir d\u00fcnyaya davet ediyor. <\/p>\n","protected":false},"excerpt":{"rendered":"<p>Dat\u00e7a\u2019n\u0131n badem kokulu havas\u0131n\u0131 solumak, \u0130stanbul\u2019un konaklar\u0131nda ya\u015famak, Bursa\u2019n\u0131n tarihi dokusunu hissetmek, Birgi\u2019nin mistik ortam\u0131ndan etkilenmek, \u00c7e\u015fme\u2019nin altm\u0131\u015fl\u0131 y\u0131llar\u0131n\u0131 an\u0131msamak, Hollanda\u2019n\u0131n tahta nal\u0131nlar\u0131yla dola\u015fmak; \u0130psala\u2019n\u0131n sevecen<span class=\"excerpt-hellip\"> [\u2026]<\/span><\/p>\n","protected":false},"featured_media":0,"template":"","meta":{"_monsterinsights_skip_tracking":false,"_monsterinsights_sitenote_active":false,"_monsterinsights_sitenote_note":"","_monsterinsights_sitenote_category":0},"product_brand":[],"product_cat":[12291,12711],"product_tag":[],"class_list":{"0":"post-699954","1":"product","2":"type-product","3":"status-publish","5":"product_cat-edebiyat","6":"product_cat-roman-oyku","7":"pa_cilt-ciltsiz","8":"pa_tur-kitap","9":"pa_yayinevi-cinar-yayinlari","10":"pa_yazar-zuhal-izmirli-yucel-izmirli","12":"first","13":"instock","14":"sale","15":"shipping-taxable","16":"purchasable","17":"product-type-simple"},"_links":{"self":[{"href":"https:\/\/roveyayinevi.com.tr\/index.php\/wp-json\/wp\/v2\/product\/699954","targetHints":{"allow":["GET"]}}],"collection":[{"href":"https:\/\/roveyayinevi.com.tr\/index.php\/wp-json\/wp\/v2\/product"}],"about":[{"href":"https:\/\/roveyayinevi.com.tr\/index.php\/wp-json\/wp\/v2\/types\/product"}],"wp:attachment":[{"href":"https:\/\/roveyayinevi.com.tr\/index.php\/wp-json\/wp\/v2\/media?parent=699954"}],"wp:term":[{"taxonomy":"product_brand","embeddable":true,"href":"https:\/\/roveyayinevi.com.tr\/index.php\/wp-json\/wp\/v2\/product_brand?post=699954"},{"taxonomy":"product_cat","embeddable":true,"href":"https:\/\/roveyayinevi.com.tr\/index.php\/wp-json\/wp\/v2\/product_cat?post=699954"},{"taxonomy":"product_tag","embeddable":true,"href":"https:\/\/roveyayinevi.com.tr\/index.php\/wp-json\/wp\/v2\/product_tag?post=699954"}],"curies":[{"name":"wp","href":"https:\/\/api.w.org\/{rel}","templated":true}]}}