{"id":699930,"date":"2025-08-27T14:54:52","date_gmt":"2025-08-27T11:54:52","guid":{"rendered":"https:\/\/roveyayinevi.com.tr\/index.php\/urun\/iktidar-imgeleri-sinop-ickalesindeki-1215-tarihli-selcuklu-yazitlari\/"},"modified":"2026-04-16T02:09:28","modified_gmt":"2026-04-15T23:09:28","slug":"iktidar-imgeleri-sinop-ickalesindeki-1215-tarihli-selcuklu-yazitlari","status":"publish","type":"product","link":"https:\/\/roveyayinevi.com.tr\/index.php\/urun\/iktidar-imgeleri-sinop-ickalesindeki-1215-tarihli-selcuklu-yazitlari\/","title":{"rendered":"\u0130ktidar \u0130mgeleri: Sinop \u0130\u00e7kalesindeki 1215 Tarihli Sel\u00e7uklu Yaz\u0131tlar\u0131"},"content":{"rendered":"<p>Scott RedfordJames Crow\u2019un b\u00f6l\u00fcm\u00fc ve O. \u00d6zel, A.C.S. Peacock ve A. Saunders\u2019\u0131n katk\u0131lar\u0131yla <\/p>\n","protected":false},"excerpt":{"rendered":"<p>Scott RedfordJames Crow\u2019un b\u00f6l\u00fcm\u00fc ve O. \u00d6zel, A.C.S. Peacock ve A. Saunders\u2019\u0131n katk\u0131lar\u0131yla<\/p>\n","protected":false},"featured_media":0,"template":"","meta":{"_monsterinsights_skip_tracking":false,"_monsterinsights_sitenote_active":false,"_monsterinsights_sitenote_note":"","_monsterinsights_sitenote_category":0},"product_brand":[],"product_cat":[12312,12304],"product_tag":[],"class_list":{"0":"post-699930","1":"product","2":"type-product","3":"status-publish","5":"product_cat-diger","6":"product_cat-tarih","7":"pa_tur-kitap","8":"pa_yayinevi-koc-universitesi-yayinlari","9":"pa_yazar-scott-redford","11":"first","12":"instock","13":"sale","14":"shipping-taxable","15":"purchasable","16":"product-type-simple"},"_links":{"self":[{"href":"https:\/\/roveyayinevi.com.tr\/index.php\/wp-json\/wp\/v2\/product\/699930","targetHints":{"allow":["GET"]}}],"collection":[{"href":"https:\/\/roveyayinevi.com.tr\/index.php\/wp-json\/wp\/v2\/product"}],"about":[{"href":"https:\/\/roveyayinevi.com.tr\/index.php\/wp-json\/wp\/v2\/types\/product"}],"wp:attachment":[{"href":"https:\/\/roveyayinevi.com.tr\/index.php\/wp-json\/wp\/v2\/media?parent=699930"}],"wp:term":[{"taxonomy":"product_brand","embeddable":true,"href":"https:\/\/roveyayinevi.com.tr\/index.php\/wp-json\/wp\/v2\/product_brand?post=699930"},{"taxonomy":"product_cat","embeddable":true,"href":"https:\/\/roveyayinevi.com.tr\/index.php\/wp-json\/wp\/v2\/product_cat?post=699930"},{"taxonomy":"product_tag","embeddable":true,"href":"https:\/\/roveyayinevi.com.tr\/index.php\/wp-json\/wp\/v2\/product_tag?post=699930"}],"curies":[{"name":"wp","href":"https:\/\/api.w.org\/{rel}","templated":true}]}}