{"id":699927,"date":"2025-08-27T14:54:51","date_gmt":"2025-08-27T11:54:51","guid":{"rendered":"https:\/\/roveyayinevi.com.tr\/index.php\/urun\/13-zaman-carki-serisi-ciltli-1-kitap-geceyarisi-kuleleri\/"},"modified":"2026-04-16T02:09:28","modified_gmt":"2026-04-15T23:09:28","slug":"13-zaman-carki-serisi-ciltli-1-kitap-geceyarisi-kuleleri","status":"publish","type":"product","link":"https:\/\/roveyayinevi.com.tr\/index.php\/urun\/13-zaman-carki-serisi-ciltli-1-kitap-geceyarisi-kuleleri\/","title":{"rendered":"13 &#8211; Zaman \u00c7ark\u0131 Serisi (Ciltli) 1. Kitap: Geceyar\u0131s\u0131 Kuleleri"},"content":{"rendered":"<p>Son yakla\u015f\u0131yor&#8230; Son Sava\u015f ba\u015flam\u0131\u015ft\u0131r. Karanl\u0131k Varl\u0131k&#8217;\u0131n zindan\u0131ndaki m\u00fch\u00fcrler tek tek k\u0131r\u0131lmaktad\u0131r. Desen \u00e7\u00f6z\u00fclmektedir ve G\u00f6lge&#8217;nin ordular\u0131 Afet&#8217;ten \u00e7\u0131kmaya ba\u015flam\u0131\u015ft\u0131r. G\u00fcne\u015f, \u00dc\u00e7\u00fcnc\u00fc \u00c7a\u011f&#8217;\u0131n \u00fczerinde batmaktad\u0131r. Perrin Aybara&#8217;n\u0131n bir s\u00fcredir ka\u00e7makta oldu\u011fu \u015feyler yeniden pe\u015fine d\u00fc\u015fm\u00fc\u015ft\u00fcr: Beyazc\u00fcppeler, kurtlar ve lider olman\u0131n getirdi\u011fi sorumluluklar&#8230; Ayn\u0131 zamanda, g\u00f6r\u00fcnmez bir d\u00fc\u015fman onun boynundaki ilmi\u011fi yava\u015f yava\u015f s\u0131kmaktad\u0131r. Perrin&#8217;in bunca \u015feye \u00fcst\u00fcn gelmesi i\u00e7in gereken ipu\u00e7lar\u0131n\u0131 kurt hakk\u0131nda g\u00f6rd\u00fc\u011f\u00fc d\u00fc\u015fte aramas\u0131 ve i\u00e7indeki kurda hakim olmas\u0131 gerekmektedir, yoksa akl\u0131n\u0131 yitirecektir. Bu s\u0131rada Matrim Cauthon kendini hayat\u0131n\u0131n en zor m\u00fccadelesine haz\u0131rlamaktad\u0131r. Aelfinn ile Eelfinn onun akl\u0131n\u0131 kar\u0131\u015ft\u0131rm\u0131\u015f, onunla alay etmi\u015f ve onu as\u0131l\u0131 b\u0131rakarak zihnine ba\u015fka insanlar\u0131n an\u0131lar\u0131ndan par\u00e7alar koymu\u015ftur. Mat yarat\u0131klarla olan bu son y\u00fczle\u015fmesinde her \u015feyin bitece\u011fini ummu\u015ftur, fakat \u00c7ark&#8217;\u0131n ne dokuyaca\u011f\u0131n\u0131 bilmek elbette ki imk\u00e2ns\u0131zd\u0131r. \u00c7ok yak\u0131nda Y\u0131lanlar ve Tilkiler&#8217;le yeniden dans etmek zorunda kalacakt\u0131r. Beklemede olan Ghenjei Kulesi&#8217;nin s\u0131rlar\u0131, uzun zaman \u00f6nce kaybedilmi\u015f bir dostun ba\u015f\u0131na neler geldi\u011fini ortaya \u00e7\u0131karacakt\u0131r. Robert Jordan&#8217;\u0131n \u00e7oksatan serisi Zaman \u00c7ark\u0131&#8217;n\u0131n bu son kitab\u0131nda, Desen&#8217;in dokusunda cereyan eden dramatik ve \u00e7etin geli\u015fmelere \u015fahit olacaks\u0131n\u0131z&#8230; \ufffcTan\u0131t\u0131m Metni<\/p>\n","protected":false},"excerpt":{"rendered":"<p>Son yakla\u015f\u0131yor&#8230; Son Sava\u015f ba\u015flam\u0131\u015ft\u0131r. Karanl\u0131k Varl\u0131k&#8217;\u0131n zindan\u0131ndaki m\u00fch\u00fcrler tek tek k\u0131r\u0131lmaktad\u0131r. Desen \u00e7\u00f6z\u00fclmektedir ve G\u00f6lge&#8217;nin ordular\u0131 Afet&#8217;ten \u00e7\u0131kmaya ba\u015flam\u0131\u015ft\u0131r. G\u00fcne\u015f, \u00dc\u00e7\u00fcnc\u00fc \u00c7a\u011f&#8217;\u0131n \u00fczerinde batmaktad\u0131r. Perrin<span class=\"excerpt-hellip\"> [\u2026]<\/span><\/p>\n","protected":false},"featured_media":0,"template":"","meta":{"_monsterinsights_skip_tracking":false,"_monsterinsights_sitenote_active":false,"_monsterinsights_sitenote_note":"","_monsterinsights_sitenote_category":0},"product_brand":[],"product_cat":[12291,14777],"product_tag":[],"class_list":{"0":"post-699927","1":"product","2":"type-product","3":"status-publish","5":"product_cat-edebiyat","6":"product_cat-fantastik","7":"pa_cilt-ciltli","8":"pa_tur-kitap","9":"pa_yayinevi-ithaki-yayinlari","10":"pa_yazar-robert-jordan-brandon-sanderson","12":"first","13":"instock","14":"sale","15":"shipping-taxable","16":"purchasable","17":"product-type-simple"},"_links":{"self":[{"href":"https:\/\/roveyayinevi.com.tr\/index.php\/wp-json\/wp\/v2\/product\/699927","targetHints":{"allow":["GET"]}}],"collection":[{"href":"https:\/\/roveyayinevi.com.tr\/index.php\/wp-json\/wp\/v2\/product"}],"about":[{"href":"https:\/\/roveyayinevi.com.tr\/index.php\/wp-json\/wp\/v2\/types\/product"}],"wp:attachment":[{"href":"https:\/\/roveyayinevi.com.tr\/index.php\/wp-json\/wp\/v2\/media?parent=699927"}],"wp:term":[{"taxonomy":"product_brand","embeddable":true,"href":"https:\/\/roveyayinevi.com.tr\/index.php\/wp-json\/wp\/v2\/product_brand?post=699927"},{"taxonomy":"product_cat","embeddable":true,"href":"https:\/\/roveyayinevi.com.tr\/index.php\/wp-json\/wp\/v2\/product_cat?post=699927"},{"taxonomy":"product_tag","embeddable":true,"href":"https:\/\/roveyayinevi.com.tr\/index.php\/wp-json\/wp\/v2\/product_tag?post=699927"}],"curies":[{"name":"wp","href":"https:\/\/api.w.org\/{rel}","templated":true}]}}