{"id":699921,"date":"2025-08-27T14:54:50","date_gmt":"2025-08-27T11:54:50","guid":{"rendered":"https:\/\/roveyayinevi.com.tr\/index.php\/urun\/askin-emegi\/"},"modified":"2026-04-16T02:09:27","modified_gmt":"2026-04-15T23:09:27","slug":"askin-emegi","status":"publish","type":"product","link":"https:\/\/roveyayinevi.com.tr\/index.php\/urun\/askin-emegi\/","title":{"rendered":"A\u015fk\u0131n Eme\u011fi"},"content":{"rendered":"<p>William Shakespeare (1564-1616): Oyunlar\u0131 ve \u015fiirlerinde insanl\u0131k durumlar\u0131n\u0131 dile getiri\u015f g\u00fcc\u00fcyle yakla\u015f\u0131k 400 y\u0131ld\u0131r b\u00fct\u00fcn d\u00fcnya okur ve seyircilerini etkilemeyi s\u00fcrd\u00fcren efsanevi yazar, A\u015fk\u0131n Eme\u011fi Bo\u015funa\u2019da oyunun omurgas\u0131n\u0131 sistemli kar\u015f\u0131tl\u0131klardan olu\u015fturmu\u015ftur. Shakespeare\u2019in lirik d\u00f6nemine ait eserlerden say\u0131lan bu oyunun hem kurgusunda, hem olay dizisinde \u201cR\u00f6nesans bire\u015fimi\u201d olarak kabul edilen uyum, denge, simetri ve disiplin dikkati \u00e7eker. Oyun \u201ce\u015flerin kar\u015f\u0131 kar\u015f\u0131ya dizildi\u011fi bir a\u00e7\u0131k hava dans\u0131\u201d gibidir. Ad\u0131ndan da anla\u015f\u0131laca\u011f\u0131 \u00fczere A\u015fk\u0131n Eme\u011fi Bo\u015funa evlenmeyle sonu\u00e7lanmaz.Bu oyunun yazar\u0131n kay\u0131p olan A\u015fk\u0131n Eme\u011fi Kazand\u0131 (Love\u2019s Labour\u2019s Won) adl\u0131 oyunuyla devam etti\u011fi tahmin edilmektedir. <\/p>\n","protected":false},"excerpt":{"rendered":"<p>William Shakespeare (1564-1616): Oyunlar\u0131 ve \u015fiirlerinde insanl\u0131k durumlar\u0131n\u0131 dile getiri\u015f g\u00fcc\u00fcyle yakla\u015f\u0131k 400 y\u0131ld\u0131r b\u00fct\u00fcn d\u00fcnya okur ve seyircilerini etkilemeyi s\u00fcrd\u00fcren efsanevi yazar, A\u015fk\u0131n Eme\u011fi Bo\u015funa\u2019da<span class=\"excerpt-hellip\"> [\u2026]<\/span><\/p>\n","protected":false},"featured_media":0,"template":"","meta":{"_monsterinsights_skip_tracking":false,"_monsterinsights_sitenote_active":false,"_monsterinsights_sitenote_note":"","_monsterinsights_sitenote_category":0},"product_brand":[],"product_cat":[12291,14272],"product_tag":[],"class_list":{"0":"post-699921","1":"product","2":"type-product","3":"status-publish","5":"product_cat-edebiyat","6":"product_cat-tiyatro","7":"pa_cilt-ciltsiz","8":"pa_tur-kitap","9":"pa_yayinevi-is-bankasi-kultur-yayinlari","10":"pa_yazar-william-shakespeare","12":"first","13":"instock","14":"sale","15":"shipping-taxable","16":"purchasable","17":"product-type-simple"},"_links":{"self":[{"href":"https:\/\/roveyayinevi.com.tr\/index.php\/wp-json\/wp\/v2\/product\/699921","targetHints":{"allow":["GET"]}}],"collection":[{"href":"https:\/\/roveyayinevi.com.tr\/index.php\/wp-json\/wp\/v2\/product"}],"about":[{"href":"https:\/\/roveyayinevi.com.tr\/index.php\/wp-json\/wp\/v2\/types\/product"}],"wp:attachment":[{"href":"https:\/\/roveyayinevi.com.tr\/index.php\/wp-json\/wp\/v2\/media?parent=699921"}],"wp:term":[{"taxonomy":"product_brand","embeddable":true,"href":"https:\/\/roveyayinevi.com.tr\/index.php\/wp-json\/wp\/v2\/product_brand?post=699921"},{"taxonomy":"product_cat","embeddable":true,"href":"https:\/\/roveyayinevi.com.tr\/index.php\/wp-json\/wp\/v2\/product_cat?post=699921"},{"taxonomy":"product_tag","embeddable":true,"href":"https:\/\/roveyayinevi.com.tr\/index.php\/wp-json\/wp\/v2\/product_tag?post=699921"}],"curies":[{"name":"wp","href":"https:\/\/api.w.org\/{rel}","templated":true}]}}