{"id":699911,"date":"2025-08-27T14:54:47","date_gmt":"2025-08-27T11:54:47","guid":{"rendered":"https:\/\/roveyayinevi.com.tr\/index.php\/urun\/diktaci-tutum-ve-demokrasi\/"},"modified":"2026-04-16T02:09:27","modified_gmt":"2026-04-15T23:09:27","slug":"diktaci-tutum-ve-demokrasi","status":"publish","type":"product","link":"https:\/\/roveyayinevi.com.tr\/index.php\/urun\/diktaci-tutum-ve-demokrasi\/","title":{"rendered":"Diktac\u0131 Tutum Ve Demokrasi"},"content":{"rendered":"<p>Baz\u0131 yap\u0131tlar vard\u0131r, \u00f6l\u00fcms\u00fczd\u00fcr&#8230; \u00c7\u00fcnk\u00fc ele ald\u0131\u011f\u0131 ve i\u015fledi\u011fi konu hem evrensel hem de ebedidir&#8230; \u0130\u015fte elinizde tuttu\u011funuz bu kitap b\u00f6yle bir yap\u0131t! Tarihin en karanl\u0131k d\u00f6nemlerinden g\u00fcn\u00fcm\u00fcze gelen ve gelece\u011fe uzanan iki konuyu, Demokrasiyi ve Diktat\u00f6rl\u00fc\u011f\u00fc ele Bu iki kavram\u0131n hem felsefi hem de uygulamal\u0131 boyutlar\u0131n\u0131, kar\u015f\u0131tl\u0131klar \u00e7er\u00e7evesinde irdeliyor. Bu \u00f6zelli\u011fiyle de hem yap\u0131t olarak kendisini hem de yazar\u0131n\u0131 \u00f6l\u00fcms\u00fczle\u015ftiriyor! \ufffcTan\u0131t\u0131m Metni<\/p>\n","protected":false},"excerpt":{"rendered":"<p>Baz\u0131 yap\u0131tlar vard\u0131r, \u00f6l\u00fcms\u00fczd\u00fcr&#8230; \u00c7\u00fcnk\u00fc ele ald\u0131\u011f\u0131 ve i\u015fledi\u011fi konu hem evrensel hem de ebedidir&#8230; \u0130\u015fte elinizde tuttu\u011funuz bu kitap b\u00f6yle bir yap\u0131t! Tarihin en karanl\u0131k<span class=\"excerpt-hellip\"> [\u2026]<\/span><\/p>\n","protected":false},"featured_media":0,"template":"","meta":{"_monsterinsights_skip_tracking":false,"_monsterinsights_sitenote_active":false,"_monsterinsights_sitenote_note":"","_monsterinsights_sitenote_category":0},"product_brand":[],"product_cat":[13590,12337],"product_tag":[],"class_list":{"0":"post-699911","1":"product","2":"type-product","3":"status-publish","5":"product_cat-arastirma-inceleme-politika-siyaset","6":"product_cat-politika-siyaset","7":"pa_cilt-ciltsiz","8":"pa_tur-kitap","9":"pa_yayinevi-edge-akademi","10":"pa_yazar-selahattin-erturk","12":"first","13":"instock","14":"sale","15":"shipping-taxable","16":"purchasable","17":"product-type-simple"},"_links":{"self":[{"href":"https:\/\/roveyayinevi.com.tr\/index.php\/wp-json\/wp\/v2\/product\/699911","targetHints":{"allow":["GET"]}}],"collection":[{"href":"https:\/\/roveyayinevi.com.tr\/index.php\/wp-json\/wp\/v2\/product"}],"about":[{"href":"https:\/\/roveyayinevi.com.tr\/index.php\/wp-json\/wp\/v2\/types\/product"}],"wp:attachment":[{"href":"https:\/\/roveyayinevi.com.tr\/index.php\/wp-json\/wp\/v2\/media?parent=699911"}],"wp:term":[{"taxonomy":"product_brand","embeddable":true,"href":"https:\/\/roveyayinevi.com.tr\/index.php\/wp-json\/wp\/v2\/product_brand?post=699911"},{"taxonomy":"product_cat","embeddable":true,"href":"https:\/\/roveyayinevi.com.tr\/index.php\/wp-json\/wp\/v2\/product_cat?post=699911"},{"taxonomy":"product_tag","embeddable":true,"href":"https:\/\/roveyayinevi.com.tr\/index.php\/wp-json\/wp\/v2\/product_tag?post=699911"}],"curies":[{"name":"wp","href":"https:\/\/api.w.org\/{rel}","templated":true}]}}