{"id":699910,"date":"2025-08-27T14:54:47","date_gmt":"2025-08-27T11:54:47","guid":{"rendered":"https:\/\/roveyayinevi.com.tr\/index.php\/urun\/allahin-guzel-isimlerini-neden-ogrenmeliyim\/"},"modified":"2026-04-16T02:09:27","modified_gmt":"2026-04-15T23:09:27","slug":"allahin-guzel-isimlerini-neden-ogrenmeliyim","status":"publish","type":"product","link":"https:\/\/roveyayinevi.com.tr\/index.php\/urun\/allahin-guzel-isimlerini-neden-ogrenmeliyim\/","title":{"rendered":"Allah&#8217;\u0131n G\u00fczel \u0130simlerini Neden \u00d6\u011frenmeliyim?"},"content":{"rendered":"<p>Allah&#8217;\u0131n g\u00fczel isimlerini \u00f6\u011frenmenin ve baz\u0131lar\u0131n\u0131 ezberlemenin bana en b\u00fcy\u00fck faydas\u0131 O\u00b4nu daha iyi tan\u0131mak oldu! <\/p>\n","protected":false},"excerpt":{"rendered":"<p>Allah&#8217;\u0131n g\u00fczel isimlerini \u00f6\u011frenmenin ve baz\u0131lar\u0131n\u0131 ezberlemenin bana en b\u00fcy\u00fck faydas\u0131 O\u00b4nu daha iyi tan\u0131mak oldu!<\/p>\n","protected":false},"featured_media":0,"template":"","meta":{"_monsterinsights_skip_tracking":false,"_monsterinsights_sitenote_active":false,"_monsterinsights_sitenote_note":"","_monsterinsights_sitenote_category":0},"product_brand":[],"product_cat":[13829,12274],"product_tag":[],"class_list":{"0":"post-699910","1":"product","2":"type-product","3":"status-publish","5":"product_cat-bilimsel-kitaplar","6":"product_cat-cocuk-ve-genclik-kitaplari","7":"pa_tur-kitap","8":"pa_yayinevi-ugurbocegi-yayinlari","9":"pa_yazar-ozkan-oze","11":"first","12":"instock","13":"sale","14":"shipping-taxable","15":"purchasable","16":"product-type-simple"},"_links":{"self":[{"href":"https:\/\/roveyayinevi.com.tr\/index.php\/wp-json\/wp\/v2\/product\/699910","targetHints":{"allow":["GET"]}}],"collection":[{"href":"https:\/\/roveyayinevi.com.tr\/index.php\/wp-json\/wp\/v2\/product"}],"about":[{"href":"https:\/\/roveyayinevi.com.tr\/index.php\/wp-json\/wp\/v2\/types\/product"}],"wp:attachment":[{"href":"https:\/\/roveyayinevi.com.tr\/index.php\/wp-json\/wp\/v2\/media?parent=699910"}],"wp:term":[{"taxonomy":"product_brand","embeddable":true,"href":"https:\/\/roveyayinevi.com.tr\/index.php\/wp-json\/wp\/v2\/product_brand?post=699910"},{"taxonomy":"product_cat","embeddable":true,"href":"https:\/\/roveyayinevi.com.tr\/index.php\/wp-json\/wp\/v2\/product_cat?post=699910"},{"taxonomy":"product_tag","embeddable":true,"href":"https:\/\/roveyayinevi.com.tr\/index.php\/wp-json\/wp\/v2\/product_tag?post=699910"}],"curies":[{"name":"wp","href":"https:\/\/api.w.org\/{rel}","templated":true}]}}