{"id":699903,"date":"2025-08-27T14:54:45","date_gmt":"2025-08-27T11:54:45","guid":{"rendered":"https:\/\/roveyayinevi.com.tr\/index.php\/urun\/deyimler-ve-hikayeleri\/"},"modified":"2026-04-16T02:09:27","modified_gmt":"2026-04-15T23:09:27","slug":"deyimler-ve-hikayeleri","status":"publish","type":"product","link":"https:\/\/roveyayinevi.com.tr\/index.php\/urun\/deyimler-ve-hikayeleri\/","title":{"rendered":"Deyimler ve Hikayeleri"},"content":{"rendered":"<p>Deyimler bir dilin zenginli\u011fidir. Yazarken, konu\u015furken do\u011fru \u015fekilde ne kadar \u00e7ok deyim kullan\u0131rsak, ifademiz o kadar zengin, kendimiz de o kadar haval\u0131 oluruz.  Bizi dinleyenlerin hayranl\u0131ktan a\u011fz\u0131 a\u00e7\u0131k kal\u0131r, bize de be\u015flik simit gibi kurulmak kal\u0131r. Peki ama g\u00fcnl\u00fck dilimizin vazge\u00e7ilmezi, ifadelerimizin s\u00fcs\u00fc, s\u00f6z\u00fcm\u00fcz\u00fcn \u00f6z\u00fc deyimlerimiz, nas\u0131l ortaya \u00e7\u0131km\u0131\u015ft\u0131r? Kim, nerede, ne zaman, nas\u0131l ve ni\u00e7in kullanm\u0131\u015ft\u0131r ilk kez onlar\u0131? \u0130\u015fte elinizdeki bu kitapta deyimlerin hangi olaylara dayand\u0131\u011f\u0131n\u0131 ve ortaya \u00e7\u0131k\u0131\u015f hikayelerini okuyacaks\u0131n\u0131z. <\/p>\n","protected":false},"excerpt":{"rendered":"<p>Deyimler bir dilin zenginli\u011fidir. Yazarken, konu\u015furken do\u011fru \u015fekilde ne kadar \u00e7ok deyim kullan\u0131rsak, ifademiz o kadar zengin, kendimiz de o kadar haval\u0131 oluruz. Bizi dinleyenlerin hayranl\u0131ktan<span class=\"excerpt-hellip\"> [\u2026]<\/span><\/p>\n","protected":false},"featured_media":0,"template":"","meta":{"_monsterinsights_skip_tracking":false,"_monsterinsights_sitenote_active":false,"_monsterinsights_sitenote_note":"","_monsterinsights_sitenote_category":0},"product_brand":[],"product_cat":[12312,12304],"product_tag":[],"class_list":{"0":"post-699903","1":"product","2":"type-product","3":"status-publish","5":"product_cat-diger","6":"product_cat-tarih","7":"pa_cilt-ciltsiz","8":"pa_tur-kitap","9":"pa_yayinevi-carpe-diem-kitaplari","10":"pa_yazar-selcen-yuksel-arvas","12":"first","13":"instock","14":"sale","15":"shipping-taxable","16":"purchasable","17":"product-type-simple"},"_links":{"self":[{"href":"https:\/\/roveyayinevi.com.tr\/index.php\/wp-json\/wp\/v2\/product\/699903","targetHints":{"allow":["GET"]}}],"collection":[{"href":"https:\/\/roveyayinevi.com.tr\/index.php\/wp-json\/wp\/v2\/product"}],"about":[{"href":"https:\/\/roveyayinevi.com.tr\/index.php\/wp-json\/wp\/v2\/types\/product"}],"wp:attachment":[{"href":"https:\/\/roveyayinevi.com.tr\/index.php\/wp-json\/wp\/v2\/media?parent=699903"}],"wp:term":[{"taxonomy":"product_brand","embeddable":true,"href":"https:\/\/roveyayinevi.com.tr\/index.php\/wp-json\/wp\/v2\/product_brand?post=699903"},{"taxonomy":"product_cat","embeddable":true,"href":"https:\/\/roveyayinevi.com.tr\/index.php\/wp-json\/wp\/v2\/product_cat?post=699903"},{"taxonomy":"product_tag","embeddable":true,"href":"https:\/\/roveyayinevi.com.tr\/index.php\/wp-json\/wp\/v2\/product_tag?post=699903"}],"curies":[{"name":"wp","href":"https:\/\/api.w.org\/{rel}","templated":true}]}}

<p>Deyimler bir dilin zenginliğidir. Yazarken, konuşurken doğru şekilde ne kadar çok deyim kullanırsak, ifademiz o kadar zengin, kendimiz de o kadar havalı oluruz.  Bizi dinleyenlerin hayranlıktan ağzı açık kalır, bize de beşlik simit gibi kurulmak kalır. Peki ama günlük dilimizin vazgeçilmezi, ifadelerimizin süsü, sözümüzün özü deyimlerimiz, nasıl ortaya çıkmıştır? Kim, nerede, ne zaman, nasıl ve niçin kullanmıştır ilk kez onları? İşte elinizdeki bu kitapta deyimlerin hangi olaylara dayandığını ve ortaya çıkış hikayelerini okuyacaksınız. </p>

<p>Deyimler bir dilin zenginliğidir. Yazarken, konuşurken doğru şekilde ne kadar çok deyim kullanırsak, ifademiz o kadar zengin, kendimiz de o kadar havalı oluruz. Bizi dinleyenlerin hayranlıktan<span class="excerpt-hellip"> […]</span></p>
