{"id":699879,"date":"2025-08-27T14:54:38","date_gmt":"2025-08-27T11:54:38","guid":{"rendered":"https:\/\/roveyayinevi.com.tr\/index.php\/urun\/san-icin-piyano-eslikli-12-turku\/"},"modified":"2026-04-16T02:09:26","modified_gmt":"2026-04-15T23:09:26","slug":"san-icin-piyano-eslikli-12-turku","status":"publish","type":"product","link":"https:\/\/roveyayinevi.com.tr\/index.php\/urun\/san-icin-piyano-eslikli-12-turku\/","title":{"rendered":"\u015ean i\u00e7in Piyano E\u015flikli 12 T\u00fcrk\u00fc"},"content":{"rendered":"<p>Ses da\u011far\u0131na eklenen yeni bir alb\u00fcm; yeni bir ses yeni bir nefes. Farkl\u0131 y\u00f6relere ait zengin halk m\u00fczi\u011fimizin usta eller taraf\u0131ndan derlenmi\u015f, her biri en derin duygular\u0131 yal\u0131n ve i\u00e7ten bir anlat\u0131mla dile getiren \u015fiirler \u00fczerine yak\u0131lm\u0131\u015f piyano e\u015flikli 12 t\u00fcrk\u00fcm\u00fcz. Makamsal-modal yap\u0131 \u00f6zelliklerinden, ritmik yap\u0131 ve s\u00f6zel zenginli\u011finden kaynaklanan g\u00fczelliklerine, \u00e7okseslili\u011fin ekledi\u011fi derinlik ve t\u0131n\u0131sal renklerle, adeta yeniden yarat\u0131lm\u0131\u015f ve m\u00fczik d\u00fcnyam\u0131za sunulmu\u015ftur. \ufffcTan\u0131t\u0131m Metni<\/p>\n","protected":false},"excerpt":{"rendered":"<p>Ses da\u011far\u0131na eklenen yeni bir alb\u00fcm; yeni bir ses yeni bir nefes. Farkl\u0131 y\u00f6relere ait zengin halk m\u00fczi\u011fimizin usta eller taraf\u0131ndan derlenmi\u015f, her biri en derin<span class=\"excerpt-hellip\"> [\u2026]<\/span><\/p>\n","protected":false},"featured_media":0,"template":"","meta":{"_monsterinsights_skip_tracking":false,"_monsterinsights_sitenote_active":false,"_monsterinsights_sitenote_note":"","_monsterinsights_sitenote_category":0},"product_brand":[],"product_cat":[14591,14556],"product_tag":[],"class_list":{"0":"post-699879","1":"product","2":"type-product","3":"status-publish","5":"product_cat-genel-kavramlar-kuram-ve-tarihce","6":"product_cat-muzik","7":"pa_cilt-ciltsiz","8":"pa_tur-kitap","9":"pa_yayinevi-muzik-egitimi-yayinlari","10":"pa_yazar-vsevolod-kuzmin","12":"first","13":"instock","14":"sale","15":"shipping-taxable","16":"purchasable","17":"product-type-simple"},"_links":{"self":[{"href":"https:\/\/roveyayinevi.com.tr\/index.php\/wp-json\/wp\/v2\/product\/699879","targetHints":{"allow":["GET"]}}],"collection":[{"href":"https:\/\/roveyayinevi.com.tr\/index.php\/wp-json\/wp\/v2\/product"}],"about":[{"href":"https:\/\/roveyayinevi.com.tr\/index.php\/wp-json\/wp\/v2\/types\/product"}],"wp:attachment":[{"href":"https:\/\/roveyayinevi.com.tr\/index.php\/wp-json\/wp\/v2\/media?parent=699879"}],"wp:term":[{"taxonomy":"product_brand","embeddable":true,"href":"https:\/\/roveyayinevi.com.tr\/index.php\/wp-json\/wp\/v2\/product_brand?post=699879"},{"taxonomy":"product_cat","embeddable":true,"href":"https:\/\/roveyayinevi.com.tr\/index.php\/wp-json\/wp\/v2\/product_cat?post=699879"},{"taxonomy":"product_tag","embeddable":true,"href":"https:\/\/roveyayinevi.com.tr\/index.php\/wp-json\/wp\/v2\/product_tag?post=699879"}],"curies":[{"name":"wp","href":"https:\/\/api.w.org\/{rel}","templated":true}]}}