{"id":699877,"date":"2025-08-27T14:54:38","date_gmt":"2025-08-27T11:54:38","guid":{"rendered":"https:\/\/roveyayinevi.com.tr\/index.php\/urun\/hayal-kasabasi\/"},"modified":"2026-04-16T02:09:26","modified_gmt":"2026-04-15T23:09:26","slug":"hayal-kasabasi","status":"publish","type":"product","link":"https:\/\/roveyayinevi.com.tr\/index.php\/urun\/hayal-kasabasi\/","title":{"rendered":"Hayal Kasabas\u0131"},"content":{"rendered":"<p>Sizden daha iyi yazan biri varken kitap yazmaya gerek var m\u0131? Ya da ressamlar en g\u00fczellerini kullanm\u0131\u015fken renklere uzanmaya? Peki, mor g\u00f6ky\u00fcz\u00fc olur mu? R\u00fcyalar\u0131n\u0131z\u0131n sonu sizden niye ka\u00e7ar? K\u0131sacas\u0131, be\u011fenilmeyen hayallere ne olur? Yan\u0131t\u0131 Hayal Kasabas\u0131&#8217;n\u0131n sokaklar\u0131nda! Hayaltoplayan&#8217;\u0131 zor g\u00fcnler bekliyor \u00e7\u00fcnk\u00fc yan kom\u015fusu\u2026 Ah, ke\u015fke bu bir hayal olsa! Bu y\u00fczden sahibi oldu\u011fu Hayal Yay\u0131nevi&#8217;ne kimse u\u011framaz oluyor. \u00dcst\u00fcne bir de kitaplar\u0131 kokusundan tan\u0131yan, intikam pe\u015findeki Hayalse\u00e7en ortaya \u00e7\u0131k\u0131yor ve i\u015fler epey kar\u0131\u015f\u0131yor. Ancak hayallerine s\u0131k\u0131 s\u0131k\u0131 tutunan \u00e7ocuklar duruma el koyuyorlar. Hem de kulaklar\u0131na ka\u00e7an esrarengiz dumanlarla i\u015fbirli\u011fi yaparak\u2026 Duman\u0131 \u00fcst\u00fcnde bu macera bizi \u00e7a\u011f\u0131r\u0131yor, haydi yakla\u015f\u0131n. <\/p>\n","protected":false},"excerpt":{"rendered":"<p>Sizden daha iyi yazan biri varken kitap yazmaya gerek var m\u0131? Ya da ressamlar en g\u00fczellerini kullanm\u0131\u015fken renklere uzanmaya? Peki, mor g\u00f6ky\u00fcz\u00fc olur mu? R\u00fcyalar\u0131n\u0131z\u0131n sonu<span class=\"excerpt-hellip\"> [\u2026]<\/span><\/p>\n","protected":false},"featured_media":0,"template":"","meta":{"_monsterinsights_skip_tracking":false,"_monsterinsights_sitenote_active":false,"_monsterinsights_sitenote_note":"","_monsterinsights_sitenote_category":0},"product_brand":[],"product_cat":[12913,12274],"product_tag":[],"class_list":{"0":"post-699877","1":"product","2":"type-product","3":"status-publish","5":"product_cat-3-6-yas-kitaplari","6":"product_cat-cocuk-ve-genclik-kitaplari","7":"pa_cilt-ciltsiz","8":"pa_tur-kitap","9":"pa_yayinevi-elma-cocuk","10":"pa_yazar-yesim-keles","12":"first","13":"instock","14":"sale","15":"shipping-taxable","16":"purchasable","17":"product-type-simple"},"_links":{"self":[{"href":"https:\/\/roveyayinevi.com.tr\/index.php\/wp-json\/wp\/v2\/product\/699877","targetHints":{"allow":["GET"]}}],"collection":[{"href":"https:\/\/roveyayinevi.com.tr\/index.php\/wp-json\/wp\/v2\/product"}],"about":[{"href":"https:\/\/roveyayinevi.com.tr\/index.php\/wp-json\/wp\/v2\/types\/product"}],"wp:attachment":[{"href":"https:\/\/roveyayinevi.com.tr\/index.php\/wp-json\/wp\/v2\/media?parent=699877"}],"wp:term":[{"taxonomy":"product_brand","embeddable":true,"href":"https:\/\/roveyayinevi.com.tr\/index.php\/wp-json\/wp\/v2\/product_brand?post=699877"},{"taxonomy":"product_cat","embeddable":true,"href":"https:\/\/roveyayinevi.com.tr\/index.php\/wp-json\/wp\/v2\/product_cat?post=699877"},{"taxonomy":"product_tag","embeddable":true,"href":"https:\/\/roveyayinevi.com.tr\/index.php\/wp-json\/wp\/v2\/product_tag?post=699877"}],"curies":[{"name":"wp","href":"https:\/\/api.w.org\/{rel}","templated":true}]}}