{"id":699872,"date":"2025-08-27T14:54:36","date_gmt":"2025-08-27T11:54:36","guid":{"rendered":"https:\/\/roveyayinevi.com.tr\/index.php\/urun\/akdeniz-sularini-alir-giderse\/"},"modified":"2026-04-16T02:08:57","modified_gmt":"2026-04-15T23:08:57","slug":"akdeniz-sularini-alir-giderse","status":"publish","type":"product","link":"https:\/\/roveyayinevi.com.tr\/index.php\/urun\/akdeniz-sularini-alir-giderse\/","title":{"rendered":"Akdeniz Sular\u0131n\u0131 Al\u0131r Giderse"},"content":{"rendered":"<p>\u00c7evremizin \u00d6yk\u00fcs\u00fc, \u00e7ocuklar\u0131 gezegenimizi ilgilendiren b\u00fcy\u00fck sorunlarla ilgili bilgilendirerek onlar\u0131n bug\u00fcn\u00fcn ve yar\u0131n\u0131n \u00e7evre bilincine sahip, do\u011fa dostu bireyleri olmalar\u0131na katk\u0131 sunmay\u0131 ama\u00e7layan bir kitap dizisidir. \ufffcTan\u0131t\u0131m Metni<\/p>\n","protected":false},"excerpt":{"rendered":"<p>\u00c7evremizin \u00d6yk\u00fcs\u00fc, \u00e7ocuklar\u0131 gezegenimizi ilgilendiren b\u00fcy\u00fck sorunlarla ilgili bilgilendirerek onlar\u0131n bug\u00fcn\u00fcn ve yar\u0131n\u0131n \u00e7evre bilincine sahip, do\u011fa dostu bireyleri olmalar\u0131na katk\u0131 sunmay\u0131 ama\u00e7layan bir kitap dizisidir.<span class=\"excerpt-hellip\"> [\u2026]<\/span><\/p>\n","protected":false},"featured_media":0,"template":"","meta":{"_monsterinsights_skip_tracking":false,"_monsterinsights_sitenote_active":false,"_monsterinsights_sitenote_note":"","_monsterinsights_sitenote_category":0},"product_brand":[],"product_cat":[12274,12284],"product_tag":[],"class_list":{"0":"post-699872","1":"product","2":"type-product","3":"status-publish","5":"product_cat-cocuk-ve-genclik-kitaplari","6":"product_cat-hikayeler","7":"pa_cilt-ciltsiz","8":"pa_tur-kitap","9":"pa_yayinevi-kuraldisi-yayinevi","10":"pa_yazar-vagelis-iliopulos","12":"first","13":"instock","14":"sale","15":"shipping-taxable","16":"purchasable","17":"product-type-simple"},"_links":{"self":[{"href":"https:\/\/roveyayinevi.com.tr\/index.php\/wp-json\/wp\/v2\/product\/699872","targetHints":{"allow":["GET"]}}],"collection":[{"href":"https:\/\/roveyayinevi.com.tr\/index.php\/wp-json\/wp\/v2\/product"}],"about":[{"href":"https:\/\/roveyayinevi.com.tr\/index.php\/wp-json\/wp\/v2\/types\/product"}],"wp:attachment":[{"href":"https:\/\/roveyayinevi.com.tr\/index.php\/wp-json\/wp\/v2\/media?parent=699872"}],"wp:term":[{"taxonomy":"product_brand","embeddable":true,"href":"https:\/\/roveyayinevi.com.tr\/index.php\/wp-json\/wp\/v2\/product_brand?post=699872"},{"taxonomy":"product_cat","embeddable":true,"href":"https:\/\/roveyayinevi.com.tr\/index.php\/wp-json\/wp\/v2\/product_cat?post=699872"},{"taxonomy":"product_tag","embeddable":true,"href":"https:\/\/roveyayinevi.com.tr\/index.php\/wp-json\/wp\/v2\/product_tag?post=699872"}],"curies":[{"name":"wp","href":"https:\/\/api.w.org\/{rel}","templated":true}]}}