{"id":699870,"date":"2025-08-27T14:54:36","date_gmt":"2025-08-27T11:54:36","guid":{"rendered":"https:\/\/roveyayinevi.com.tr\/index.php\/urun\/kirik-koseli-ilkbahar\/"},"modified":"2026-04-16T02:08:57","modified_gmt":"2026-04-15T23:08:57","slug":"kirik-koseli-ilkbahar","status":"publish","type":"product","link":"https:\/\/roveyayinevi.com.tr\/index.php\/urun\/kirik-koseli-ilkbahar\/","title":{"rendered":"K\u0131r\u0131k K\u00f6\u015feli \u0130lkbahar"},"content":{"rendered":"<p>Latin Amerika edebiyat\u0131n\u0131n b\u00fcy\u00fck yazarlar\u0131ndan say\u0131lan Uruguayl\u0131 Mario Benedetti, a\u015fk\u0131n, s\u00fcrg\u00fcnl\u00fc\u011f\u00fcn ve hayata tutunma azminin en g\u00fczel metinlerini yazd\u0131. Ya\u015fad\u0131\u011f\u0131 d\u00f6nemin zorlu ko\u015fullar\u0131nda kalemiyle birlikte politik m\u00fccadelenin i\u00e7inde ve s\u0131cakl\u0131\u011f\u0131nda var oldu. Benedetti, K\u0131r\u0131k K\u00f6\u015feli \u0130lkbahar&#8217;da, vatan\u0131ndan kopar\u0131lan ama ya\u015famaktan vazge\u00e7meyenlerin insanl\u0131k durumlar\u0131n\u0131 kimi zaman bir \u00e7ocuk akl\u0131n\u0131n ayd\u0131nl\u0131\u011f\u0131yla anlat\u0131yor. <\/p>\n","protected":false},"excerpt":{"rendered":"<p>Latin Amerika edebiyat\u0131n\u0131n b\u00fcy\u00fck yazarlar\u0131ndan say\u0131lan Uruguayl\u0131 Mario Benedetti, a\u015fk\u0131n, s\u00fcrg\u00fcnl\u00fc\u011f\u00fcn ve hayata tutunma azminin en g\u00fczel metinlerini yazd\u0131. Ya\u015fad\u0131\u011f\u0131 d\u00f6nemin zorlu ko\u015fullar\u0131nda kalemiyle birlikte politik<span class=\"excerpt-hellip\"> [\u2026]<\/span><\/p>\n","protected":false},"featured_media":0,"template":"","meta":{"_monsterinsights_skip_tracking":false,"_monsterinsights_sitenote_active":false,"_monsterinsights_sitenote_note":"","_monsterinsights_sitenote_category":0},"product_brand":[],"product_cat":[12291,13113],"product_tag":[],"class_list":{"0":"post-699870","1":"product","2":"type-product","3":"status-publish","5":"product_cat-edebiyat","6":"product_cat-ispanyol-edebiyati","7":"pa_cilt-ciltsiz","8":"pa_tur-kitap","9":"pa_yayinevi-ayrinti-yayinlari","10":"pa_yazar-mario-benedetti","12":"first","13":"instock","14":"sale","15":"shipping-taxable","16":"purchasable","17":"product-type-simple"},"_links":{"self":[{"href":"https:\/\/roveyayinevi.com.tr\/index.php\/wp-json\/wp\/v2\/product\/699870","targetHints":{"allow":["GET"]}}],"collection":[{"href":"https:\/\/roveyayinevi.com.tr\/index.php\/wp-json\/wp\/v2\/product"}],"about":[{"href":"https:\/\/roveyayinevi.com.tr\/index.php\/wp-json\/wp\/v2\/types\/product"}],"wp:attachment":[{"href":"https:\/\/roveyayinevi.com.tr\/index.php\/wp-json\/wp\/v2\/media?parent=699870"}],"wp:term":[{"taxonomy":"product_brand","embeddable":true,"href":"https:\/\/roveyayinevi.com.tr\/index.php\/wp-json\/wp\/v2\/product_brand?post=699870"},{"taxonomy":"product_cat","embeddable":true,"href":"https:\/\/roveyayinevi.com.tr\/index.php\/wp-json\/wp\/v2\/product_cat?post=699870"},{"taxonomy":"product_tag","embeddable":true,"href":"https:\/\/roveyayinevi.com.tr\/index.php\/wp-json\/wp\/v2\/product_tag?post=699870"}],"curies":[{"name":"wp","href":"https:\/\/api.w.org\/{rel}","templated":true}]}}

Kırık Köşeli İlkbahar

<p>Latin Amerika edebiyatının büyük yazarlarından sayılan Uruguaylı Mario Benedetti, aşkın, sürgünlüğün ve hayata tutunma azminin en güzel metinlerini yazdı. Yaşadığı dönemin zorlu koşullarında kalemiyle birlikte politik mücadelenin içinde ve sıcaklığında var oldu. Benedetti, Kırık Köşeli İlkbahar&#8217;da, vatanından koparılan ama yaşamaktan vazgeçmeyenlerin insanlık durumlarını kimi zaman bir çocuk aklının aydınlığıyla anlatıyor. </p>

<p>Latin Amerika edebiyatının büyük yazarlarından sayılan Uruguaylı Mario Benedetti, aşkın, sürgünlüğün ve hayata tutunma azminin en güzel metinlerini yazdı. Yaşadığı dönemin zorlu koşullarında kalemiyle birlikte politik<span class="excerpt-hellip"> […]</span></p>
