{"id":699867,"date":"2025-08-27T14:54:35","date_gmt":"2025-08-27T11:54:35","guid":{"rendered":"https:\/\/roveyayinevi.com.tr\/index.php\/urun\/ask-cephesi\/"},"modified":"2026-04-16T02:08:57","modified_gmt":"2026-04-15T23:08:57","slug":"ask-cephesi","status":"publish","type":"product","link":"https:\/\/roveyayinevi.com.tr\/index.php\/urun\/ask-cephesi\/","title":{"rendered":"A\u015fk Cephesi"},"content":{"rendered":"<p>Rodos\u2019ta bir otelde \u00e7al\u0131\u015fan Angela\u2019dan bir Ege \u015fehrinde ya\u015fayan Selim\u2019e g\u00f6nderilen mektupla ba\u015fl\u0131yor yolculuk\u2026 Selim yaln\u0131z, kafas\u0131 kar\u0131\u015f\u0131k, kendisiyle bar\u0131\u015fmak i\u00e7in i\u015faret bekleyen g\u00fcn\u00fcm\u00fcz insanlar\u0131ndan\u2026 Kendisine gelen mektupla bekledi\u011fi i\u015fareti al\u0131yor ve Rodos\u2019a, ayn\u0131 zamanda kendi i\u00e7ine do\u011fru bir yolculu\u011fa \u00e7\u0131k\u0131yor; yan\u0131na sadece bir \u201cKitap\u201d alarak\u2026 Asl\u0131nda bir emaneti var Angela\u2019n\u0131n, sava\u015f ve g\u00f6\u00e7\u00fcn ay\u0131rd\u0131\u011f\u0131 iki \u00e2\u015f\u0131\u011f\u0131n bir as\u0131rd\u0131r sakl\u0131 kalm\u0131\u015f \u00f6zlemiyle dolu mektuplar, dedesine ula\u015famasa da Selim\u2019e ula\u015farak bu hasreti dindirecek y\u0131llar sonra ve birle\u015ftirecek yolunu kaybetmi\u015f iki genci\u2026  Selim, k\u00e2h yan\u0131nda ta\u015f\u0131d\u0131\u011f\u0131 \u201cK\u0130TAP\u201dla \u00c7anakkale Cephesi\u2019ne yol alacak, cephede \u00e7arp\u0131\u015fan Akhisarl\u0131 Ali ve Anzak askeri Joe\u2019nun ya\u015famlar\u0131na ortak olup sava\u015f y\u0131llar\u0131n\u0131n ac\u0131lar\u0131yla an\u0131n i\u00e7inde kaybolacak; k\u00e2h sava\u015f nedeniyle Akhisar\u2019dan s\u00fcr\u00fclen Rumlardan biri olan Adara\u2019n\u0131n sevgilisi Kerim\u2019e yazd\u0131\u011f\u0131 bu kalbi k\u0131r\u0131k mektuplar\u0131n e\u015fli\u011finde ge\u00e7mi\u015finin izlerini s\u00fcrecek. Y\u0131llar \u00f6nce birbirinden uzak d\u00fc\u015fm\u00fc\u015f sevgililer bug\u00fcn Selim ve Angela\u2019y\u0131 bamba\u015fka bir ate\u015fin i\u00e7ine \u00e7ekecek. A\u015fk Cephesi, a\u015fk\u0131n, ayr\u0131l\u0131\u011f\u0131n, hasretin, kavu\u015famaman\u0131n ve beklenmedik bulu\u015fmalar\u0131n roman\u0131\u2026 <\/p>\n","protected":false},"excerpt":{"rendered":"<p>Rodos\u2019ta bir otelde \u00e7al\u0131\u015fan Angela\u2019dan bir Ege \u015fehrinde ya\u015fayan Selim\u2019e g\u00f6nderilen mektupla ba\u015fl\u0131yor yolculuk\u2026 Selim yaln\u0131z, kafas\u0131 kar\u0131\u015f\u0131k, kendisiyle bar\u0131\u015fmak i\u00e7in i\u015faret bekleyen g\u00fcn\u00fcm\u00fcz insanlar\u0131ndan\u2026 Kendisine<span class=\"excerpt-hellip\"> [\u2026]<\/span><\/p>\n","protected":false},"featured_media":0,"template":"","meta":{"_monsterinsights_skip_tracking":false,"_monsterinsights_sitenote_active":false,"_monsterinsights_sitenote_note":"","_monsterinsights_sitenote_category":0},"product_brand":[],"product_cat":[12291,12292],"product_tag":[],"class_list":{"0":"post-699867","1":"product","2":"type-product","3":"status-publish","5":"product_cat-edebiyat","6":"product_cat-turk-edebiyati","7":"pa_cilt-ciltsiz","8":"pa_tur-kitap","9":"pa_yayinevi-timas-yayinlari","10":"pa_yazar-bahadir-yenisehirlioglu","12":"first","13":"instock","14":"sale","15":"shipping-taxable","16":"purchasable","17":"product-type-simple"},"_links":{"self":[{"href":"https:\/\/roveyayinevi.com.tr\/index.php\/wp-json\/wp\/v2\/product\/699867","targetHints":{"allow":["GET"]}}],"collection":[{"href":"https:\/\/roveyayinevi.com.tr\/index.php\/wp-json\/wp\/v2\/product"}],"about":[{"href":"https:\/\/roveyayinevi.com.tr\/index.php\/wp-json\/wp\/v2\/types\/product"}],"wp:attachment":[{"href":"https:\/\/roveyayinevi.com.tr\/index.php\/wp-json\/wp\/v2\/media?parent=699867"}],"wp:term":[{"taxonomy":"product_brand","embeddable":true,"href":"https:\/\/roveyayinevi.com.tr\/index.php\/wp-json\/wp\/v2\/product_brand?post=699867"},{"taxonomy":"product_cat","embeddable":true,"href":"https:\/\/roveyayinevi.com.tr\/index.php\/wp-json\/wp\/v2\/product_cat?post=699867"},{"taxonomy":"product_tag","embeddable":true,"href":"https:\/\/roveyayinevi.com.tr\/index.php\/wp-json\/wp\/v2\/product_tag?post=699867"}],"curies":[{"name":"wp","href":"https:\/\/api.w.org\/{rel}","templated":true}]}}