{"id":699851,"date":"2025-08-27T14:54:30","date_gmt":"2025-08-27T11:54:30","guid":{"rendered":"https:\/\/roveyayinevi.com.tr\/index.php\/urun\/yaprak-firtinasi\/"},"modified":"2026-04-16T02:08:56","modified_gmt":"2026-04-15T23:08:56","slug":"yaprak-firtinasi","status":"publish","type":"product","link":"https:\/\/roveyayinevi.com.tr\/index.php\/urun\/yaprak-firtinasi\/","title":{"rendered":"Yaprak F\u0131rt\u0131nas\u0131"},"content":{"rendered":"<p>1955 y\u0131l\u0131nda yay\u0131mlanan Yaprak F\u0131rt\u0131nas\u0131, Latin Amerika edebiyat\u0131nda \u201cb\u00fcy\u00fcl\u00fc ger\u00e7ek\u00e7ilik\u201d diye an\u0131lan ak\u0131m\u0131n ustas\u0131 Gabriel Garc\u00eda Marquez\u2019in ilk \u00f6nemli yap\u0131t\u0131. Bu uzun \u00f6yk\u00fcn\u00fcn vurgulanmas\u0131 gereken bir \u00f6zelli\u011fi de, Marquez\u2019in yaln\u0131zca Y\u00fczy\u0131ll\u0131k Yaln\u0131zl\u0131k de\u011fil, daha sonraki yap\u0131tlar\u0131n\u0131n da arka plan\u0131n\u0131 olu\u015fturan d\u00fc\u015fsel Macondo kasabas\u0131n\u0131n ilk kez bu kitapta ortaya \u00e7\u0131km\u0131\u015f olmas\u0131.Dev bir muz \u015firketinin s\u00f6m\u00fcr\u00fcs\u00fcnden artakalan \u00e7\u00fcr\u00fcm\u00fc\u015fl\u00fck kokusunun kol gezdi\u011fi bu kasabada yap\u0131lmamas\u0131 gereken bir cenaze t\u00f6reninin \u00f6yk\u00fcs\u00fc anlat\u0131l\u0131yor. T\u00fcm kasaba halk\u0131n\u0131n nefret etti\u011fi garip bir doktor \u00f6lm\u00fc\u015f, ya\u015fl\u0131 bir emekli albay da, s\u0131rf ona vermi\u015f oldu\u011fu bir s\u00f6z\u00fc yerine getirmek i\u00e7in halk\u0131n kar\u015f\u0131 koymas\u0131na ra\u011fmen yan\u0131nda k\u0131z\u0131 ve torunuyla birlikte onu defnetme \u00e7abas\u0131na d\u00fc\u015fm\u00fc\u015ft\u00fcr. T\u0131pk\u0131 Sophokles\u2019in ho\u015fg\u00f6r\u00fcye dayal\u0131 bir ortak ya\u015fam\u0131 ve birey haklar\u0131n\u0131 savundu\u011fu, bir direni\u015f \u00f6rne\u011fi g\u00f6steren \u00f6l\u00fcms\u00fcz tragedyas\u0131 Antigone\u2019de oldu\u011fu gibi. Cenazenin haz\u0131rl\u0131k a\u015famas\u0131 ve Macondo\u2019nun \u00e7eyrek y\u00fczy\u0131ll\u0131k masals\u0131 \u00f6yk\u00fcs\u00fc, yar\u0131m saatlik bir s\u00fcre i\u00e7inde ve geriye d\u00f6n\u00fc\u015flerle, bu \u00fc\u00e7 ki\u015finin farkl\u0131 g\u00f6r\u00fc\u015f a\u00e7\u0131lar\u0131ndan anlat\u0131lmakta. Ola\u011fan\u00fcst\u00fc d\u00fc\u015f g\u00fcc\u00fcn\u00fcn \u00fcr\u00fcn\u00fc olan bu kitap, mucizeler yaratabilece\u011fini \u00e7ok iyi bilen bir yazar\u0131n usta i\u015fi yal\u0131n anlat\u0131m\u0131yla sunulmu\u015f bir ba\u015fyap\u0131t. <\/p>\n","protected":false},"excerpt":{"rendered":"<p>1955 y\u0131l\u0131nda yay\u0131mlanan Yaprak F\u0131rt\u0131nas\u0131, Latin Amerika edebiyat\u0131nda \u201cb\u00fcy\u00fcl\u00fc ger\u00e7ek\u00e7ilik\u201d diye an\u0131lan ak\u0131m\u0131n ustas\u0131 Gabriel Garc\u00eda Marquez\u2019in ilk \u00f6nemli yap\u0131t\u0131. Bu uzun \u00f6yk\u00fcn\u00fcn vurgulanmas\u0131 gereken bir<span class=\"excerpt-hellip\"> [\u2026]<\/span><\/p>\n","protected":false},"featured_media":0,"template":"","meta":{"_monsterinsights_skip_tracking":false,"_monsterinsights_sitenote_active":false,"_monsterinsights_sitenote_note":"","_monsterinsights_sitenote_category":0},"product_brand":[],"product_cat":[12291,13113],"product_tag":[],"class_list":{"0":"post-699851","1":"product","2":"type-product","3":"status-publish","5":"product_cat-edebiyat","6":"product_cat-ispanyol-edebiyati","7":"pa_cilt-ciltsiz","8":"pa_tur-kitap","9":"pa_yayinevi-can-yayinlari","10":"pa_yazar-gabriel-garcia-marquez","12":"first","13":"instock","14":"sale","15":"shipping-taxable","16":"purchasable","17":"product-type-simple"},"_links":{"self":[{"href":"https:\/\/roveyayinevi.com.tr\/index.php\/wp-json\/wp\/v2\/product\/699851","targetHints":{"allow":["GET"]}}],"collection":[{"href":"https:\/\/roveyayinevi.com.tr\/index.php\/wp-json\/wp\/v2\/product"}],"about":[{"href":"https:\/\/roveyayinevi.com.tr\/index.php\/wp-json\/wp\/v2\/types\/product"}],"wp:attachment":[{"href":"https:\/\/roveyayinevi.com.tr\/index.php\/wp-json\/wp\/v2\/media?parent=699851"}],"wp:term":[{"taxonomy":"product_brand","embeddable":true,"href":"https:\/\/roveyayinevi.com.tr\/index.php\/wp-json\/wp\/v2\/product_brand?post=699851"},{"taxonomy":"product_cat","embeddable":true,"href":"https:\/\/roveyayinevi.com.tr\/index.php\/wp-json\/wp\/v2\/product_cat?post=699851"},{"taxonomy":"product_tag","embeddable":true,"href":"https:\/\/roveyayinevi.com.tr\/index.php\/wp-json\/wp\/v2\/product_tag?post=699851"}],"curies":[{"name":"wp","href":"https:\/\/api.w.org\/{rel}","templated":true}]}}