{"id":699837,"date":"2025-08-27T14:54:26","date_gmt":"2025-08-27T11:54:26","guid":{"rendered":"https:\/\/roveyayinevi.com.tr\/index.php\/urun\/golgelerin-efendisi-12-son-orman-muhafizi\/"},"modified":"2026-03-23T02:10:35","modified_gmt":"2026-03-22T23:10:35","slug":"golgelerin-efendisi-12-son-orman-muhafizi","status":"publish","type":"product","link":"https:\/\/roveyayinevi.com.tr\/index.php\/urun\/golgelerin-efendisi-12-son-orman-muhafizi\/","title":{"rendered":"G\u00f6lgelerin Efendisi 12 &#8211; Son Orman Muhaf\u0131z\u0131"},"content":{"rendered":"<p>Will, hayat\u0131n\u0131 alt\u00fcst eden bir trajedi ya\u015fad\u0131ktan sonra, bu olay\u0131n sorumlular\u0131n\u0131 bulup cezaland\u0131rmaya yemin eder. Bu, Orman Muhaf\u0131zlar\u0131 Birli\u011fi\u2019nden ayr\u0131lmas\u0131na mal olsa bile\u2026 \ufffcTan\u0131t\u0131m Metni<\/p>\n","protected":false},"excerpt":{"rendered":"<p>Will, hayat\u0131n\u0131 alt\u00fcst eden bir trajedi ya\u015fad\u0131ktan sonra, bu olay\u0131n sorumlular\u0131n\u0131 bulup cezaland\u0131rmaya yemin eder. Bu, Orman Muhaf\u0131zlar\u0131 Birli\u011fi\u2019nden ayr\u0131lmas\u0131na mal olsa bile\u2026 \ufffcTan\u0131t\u0131m Metni<\/p>\n","protected":false},"featured_media":0,"template":"","meta":{"_monsterinsights_skip_tracking":false,"_monsterinsights_sitenote_active":false,"_monsterinsights_sitenote_note":"","_monsterinsights_sitenote_category":0},"product_brand":[],"product_cat":[12274,12284],"product_tag":[],"class_list":{"0":"post-699837","1":"product","2":"type-product","3":"status-publish","5":"product_cat-cocuk-ve-genclik-kitaplari","6":"product_cat-hikayeler","7":"pa_cilt-ciltsiz","8":"pa_tur-kitap","9":"pa_yayinevi-beyaz-balina-yayinlari","10":"pa_yazar-john-flanagan","12":"first","13":"instock","14":"sale","15":"shipping-taxable","16":"purchasable","17":"product-type-simple"},"_links":{"self":[{"href":"https:\/\/roveyayinevi.com.tr\/index.php\/wp-json\/wp\/v2\/product\/699837","targetHints":{"allow":["GET"]}}],"collection":[{"href":"https:\/\/roveyayinevi.com.tr\/index.php\/wp-json\/wp\/v2\/product"}],"about":[{"href":"https:\/\/roveyayinevi.com.tr\/index.php\/wp-json\/wp\/v2\/types\/product"}],"wp:attachment":[{"href":"https:\/\/roveyayinevi.com.tr\/index.php\/wp-json\/wp\/v2\/media?parent=699837"}],"wp:term":[{"taxonomy":"product_brand","embeddable":true,"href":"https:\/\/roveyayinevi.com.tr\/index.php\/wp-json\/wp\/v2\/product_brand?post=699837"},{"taxonomy":"product_cat","embeddable":true,"href":"https:\/\/roveyayinevi.com.tr\/index.php\/wp-json\/wp\/v2\/product_cat?post=699837"},{"taxonomy":"product_tag","embeddable":true,"href":"https:\/\/roveyayinevi.com.tr\/index.php\/wp-json\/wp\/v2\/product_tag?post=699837"}],"curies":[{"name":"wp","href":"https:\/\/api.w.org\/{rel}","templated":true}]}}