{"id":699806,"date":"2025-08-27T14:53:15","date_gmt":"2025-08-27T11:53:15","guid":{"rendered":"https:\/\/roveyayinevi.com.tr\/index.php\/urun\/felsefe-tarihinden-kesitler\/"},"modified":"2026-04-16T02:08:56","modified_gmt":"2026-04-15T23:08:56","slug":"felsefe-tarihinden-kesitler","status":"publish","type":"product","link":"https:\/\/roveyayinevi.com.tr\/index.php\/urun\/felsefe-tarihinden-kesitler\/","title":{"rendered":"Felsefe Tarihinden Kesitler"},"content":{"rendered":"<p>Elbette do\u011frusu felsefe sevdal\u0131lar\u0131n\u0131n filozoflar\u0131n eserleriyle do\u011frudan muhatap olmalar\u0131d\u0131r. Fakat bu g\u00fcn\u00fcm\u00fczde bir yandan gittik\u00e7e kabaran felsefe k\u00fclliyat\u0131na h\u00e2kim olman\u0131n g\u00fc\u00e7l\u00fc\u011f\u00fc, di\u011fer yandan g\u00fcnl\u00fck me\u015fgalelerin artan bask\u0131s\u0131 alt\u0131nda bunalan kitap okuru i\u00e7in kolay bir i\u015f de\u011fildir. \ufffcTan\u0131t\u0131m Metni<\/p>\n","protected":false},"excerpt":{"rendered":"<p>Elbette do\u011frusu felsefe sevdal\u0131lar\u0131n\u0131n filozoflar\u0131n eserleriyle do\u011frudan muhatap olmalar\u0131d\u0131r. Fakat bu g\u00fcn\u00fcm\u00fczde bir yandan gittik\u00e7e kabaran felsefe k\u00fclliyat\u0131na h\u00e2kim olman\u0131n g\u00fc\u00e7l\u00fc\u011f\u00fc, di\u011fer yandan g\u00fcnl\u00fck me\u015fgalelerin artan<span class=\"excerpt-hellip\"> [\u2026]<\/span><\/p>\n","protected":false},"featured_media":0,"template":"","meta":{"_monsterinsights_skip_tracking":false,"_monsterinsights_sitenote_active":false,"_monsterinsights_sitenote_note":"","_monsterinsights_sitenote_category":0},"product_brand":[],"product_cat":[12389,12388],"product_tag":[],"class_list":{"0":"post-699806","1":"product","2":"type-product","3":"status-publish","5":"product_cat-diger-felsefe","6":"product_cat-felsefe","7":"pa_cilt-ciltsiz","8":"pa_tur-kitap","9":"pa_yayinevi-say-yayinlari","10":"pa_yazar-arthur-schopenhauer","12":"first","13":"instock","14":"sale","15":"shipping-taxable","16":"purchasable","17":"product-type-simple"},"_links":{"self":[{"href":"https:\/\/roveyayinevi.com.tr\/index.php\/wp-json\/wp\/v2\/product\/699806","targetHints":{"allow":["GET"]}}],"collection":[{"href":"https:\/\/roveyayinevi.com.tr\/index.php\/wp-json\/wp\/v2\/product"}],"about":[{"href":"https:\/\/roveyayinevi.com.tr\/index.php\/wp-json\/wp\/v2\/types\/product"}],"wp:attachment":[{"href":"https:\/\/roveyayinevi.com.tr\/index.php\/wp-json\/wp\/v2\/media?parent=699806"}],"wp:term":[{"taxonomy":"product_brand","embeddable":true,"href":"https:\/\/roveyayinevi.com.tr\/index.php\/wp-json\/wp\/v2\/product_brand?post=699806"},{"taxonomy":"product_cat","embeddable":true,"href":"https:\/\/roveyayinevi.com.tr\/index.php\/wp-json\/wp\/v2\/product_cat?post=699806"},{"taxonomy":"product_tag","embeddable":true,"href":"https:\/\/roveyayinevi.com.tr\/index.php\/wp-json\/wp\/v2\/product_tag?post=699806"}],"curies":[{"name":"wp","href":"https:\/\/api.w.org\/{rel}","templated":true}]}}