{"id":699804,"date":"2025-08-27T14:53:15","date_gmt":"2025-08-27T11:53:15","guid":{"rendered":"https:\/\/roveyayinevi.com.tr\/index.php\/urun\/dijital-goruntu-duzenleme-ve-ozel-efektler\/"},"modified":"2026-04-16T02:08:55","modified_gmt":"2026-04-15T23:08:55","slug":"dijital-goruntu-duzenleme-ve-ozel-efektler","status":"publish","type":"product","link":"https:\/\/roveyayinevi.com.tr\/index.php\/urun\/dijital-goruntu-duzenleme-ve-ozel-efektler\/","title":{"rendered":"Dijital G\u00f6r\u00fcnt\u00fc D\u00fczenleme ve \u00d6zel Efektler"},"content":{"rendered":"<p>S\u0131radan bir \u00e7ekimi m\u00fckemmel bir foto\u011frafa d\u00f6n\u00fc\u015ft\u00fcrmek ya da g\u00f6r\u00fcnt\u00fcn\u00fcze ger\u00e7ek\u00fcst\u00fc bir boyut kazand\u0131rmak ister misiniz? Bunlar\u0131 dijital g\u00f6r\u00fcnt\u00fc d\u00fczenlemenin s\u0131n\u0131rs\u0131z imk\u00e2nlar\u0131 sayesinde ger\u00e7ekle\u015ftirmeniz m\u00fcmk\u00fcn. D\u00fcnyaca \u00fcnl\u00fc foto\u011fraf\u00e7\u0131 ve foto\u011fraf e\u011fitmeni Michael Freeman, dijital g\u00f6r\u00fcnt\u00fc d\u00fczenlemede kullan\u0131lan yaz\u0131l\u0131mlar\u0131, temel ara\u00e7lar\u0131 ve teknikleri anlat\u0131rken, \u00e7al\u0131\u015fmalar\u0131n\u0131z\u0131 iyiden m\u00fckemmele ta\u015f\u0131yacak ipu\u00e7lar\u0131n\u0131 da veriyor. <\/p>\n","protected":false},"excerpt":{"rendered":"<p>S\u0131radan bir \u00e7ekimi m\u00fckemmel bir foto\u011frafa d\u00f6n\u00fc\u015ft\u00fcrmek ya da g\u00f6r\u00fcnt\u00fcn\u00fcze ger\u00e7ek\u00fcst\u00fc bir boyut kazand\u0131rmak ister misiniz? Bunlar\u0131 dijital g\u00f6r\u00fcnt\u00fc d\u00fczenlemenin s\u0131n\u0131rs\u0131z imk\u00e2nlar\u0131 sayesinde ger\u00e7ekle\u015ftirmeniz m\u00fcmk\u00fcn. D\u00fcnyaca<span class=\"excerpt-hellip\"> [\u2026]<\/span><\/p>\n","protected":false},"featured_media":0,"template":"","meta":{"_monsterinsights_skip_tracking":false,"_monsterinsights_sitenote_active":false,"_monsterinsights_sitenote_note":"","_monsterinsights_sitenote_category":0},"product_brand":[],"product_cat":[12409,12408],"product_tag":[],"class_list":{"0":"post-699804","1":"product","2":"type-product","3":"status-publish","5":"product_cat-fotograf-sinema-tiyatro","6":"product_cat-sanat","7":"pa_cilt-ciltsiz","8":"pa_tur-kitap","9":"pa_yayinevi-say-yayinlari","10":"pa_yazar-michael-freeman","12":"first","13":"instock","14":"sale","15":"shipping-taxable","16":"purchasable","17":"product-type-simple"},"_links":{"self":[{"href":"https:\/\/roveyayinevi.com.tr\/index.php\/wp-json\/wp\/v2\/product\/699804","targetHints":{"allow":["GET"]}}],"collection":[{"href":"https:\/\/roveyayinevi.com.tr\/index.php\/wp-json\/wp\/v2\/product"}],"about":[{"href":"https:\/\/roveyayinevi.com.tr\/index.php\/wp-json\/wp\/v2\/types\/product"}],"wp:attachment":[{"href":"https:\/\/roveyayinevi.com.tr\/index.php\/wp-json\/wp\/v2\/media?parent=699804"}],"wp:term":[{"taxonomy":"product_brand","embeddable":true,"href":"https:\/\/roveyayinevi.com.tr\/index.php\/wp-json\/wp\/v2\/product_brand?post=699804"},{"taxonomy":"product_cat","embeddable":true,"href":"https:\/\/roveyayinevi.com.tr\/index.php\/wp-json\/wp\/v2\/product_cat?post=699804"},{"taxonomy":"product_tag","embeddable":true,"href":"https:\/\/roveyayinevi.com.tr\/index.php\/wp-json\/wp\/v2\/product_tag?post=699804"}],"curies":[{"name":"wp","href":"https:\/\/api.w.org\/{rel}","templated":true}]}}