{"id":699772,"date":"2025-08-27T14:53:05","date_gmt":"2025-08-27T11:53:05","guid":{"rendered":"https:\/\/roveyayinevi.com.tr\/index.php\/urun\/demokrasinin-sosyolojisi\/"},"modified":"2026-04-16T02:08:55","modified_gmt":"2026-04-15T23:08:55","slug":"demokrasinin-sosyolojisi","status":"publish","type":"product","link":"https:\/\/roveyayinevi.com.tr\/index.php\/urun\/demokrasinin-sosyolojisi\/","title":{"rendered":"Demokrasinin Sosyolojisi"},"content":{"rendered":"<p>Demokrasi kavram\u0131 T\u00fcrkiye\u2019deki siyasi g\u00fcndemin son y\u0131llarda en fazla tart\u0131\u015f\u0131lan meselelerinden biri. Demokratikle\u015fme tart\u0131\u015fmalar\u0131n\u0131n bir ad\u0131m \u00f6tesine ge\u00e7en bu kitap, T\u00fcrkiye\u2019de demokrasi olgusunun, paradokslar\u0131ndan ba\u011f\u0131ms\u0131z olarak ele al\u0131nmas\u0131na dikkat \u00e7ekmektedir. Bu husus, hem teorik d\u00fczeyde demokrasi kavramla\u015ft\u0131rmam\u0131z\u0131, hem pratikte demokrasiyi hayata ge\u00e7irmemizi sorunlu k\u0131lmaktad\u0131r. Bu itibarla, paradokslar\u0131na de\u011finmek; metafizikle\u015ftirilme tehlikesine dikkat \u00e7ekerek, demokrasiye ele\u015ftirel yakla\u015f\u0131m\u0131 davet etmekle, dolay\u0131s\u0131yla onun h\u00e2l\u00e2 tamamlanmam\u0131\u015fl\u0131\u011f\u0131n\u0131 ifade etmekle e\u015fanlaml\u0131 g\u00f6r\u00fclmesi a\u00e7\u0131s\u0131ndan \u00f6nemlidir. <\/p>\n","protected":false},"excerpt":{"rendered":"<p>Demokrasi kavram\u0131 T\u00fcrkiye\u2019deki siyasi g\u00fcndemin son y\u0131llarda en fazla tart\u0131\u015f\u0131lan meselelerinden biri. Demokratikle\u015fme tart\u0131\u015fmalar\u0131n\u0131n bir ad\u0131m \u00f6tesine ge\u00e7en bu kitap, T\u00fcrkiye\u2019de demokrasi olgusunun, paradokslar\u0131ndan ba\u011f\u0131ms\u0131z olarak<span class=\"excerpt-hellip\"> [\u2026]<\/span><\/p>\n","protected":false},"featured_media":0,"template":"","meta":{"_monsterinsights_skip_tracking":false,"_monsterinsights_sitenote_active":false,"_monsterinsights_sitenote_note":"","_monsterinsights_sitenote_category":0},"product_brand":[],"product_cat":[12351,12324],"product_tag":[],"class_list":{"0":"post-699772","1":"product","2":"type-product","3":"status-publish","5":"product_cat-siyaset-sosyolojisi","6":"product_cat-sosyoloji","7":"pa_tur-kitap","8":"pa_yayinevi-timas-yayinlari","9":"pa_yazar-ali-yasar-saribay","11":"first","12":"instock","13":"sale","14":"shipping-taxable","15":"purchasable","16":"product-type-simple"},"_links":{"self":[{"href":"https:\/\/roveyayinevi.com.tr\/index.php\/wp-json\/wp\/v2\/product\/699772","targetHints":{"allow":["GET"]}}],"collection":[{"href":"https:\/\/roveyayinevi.com.tr\/index.php\/wp-json\/wp\/v2\/product"}],"about":[{"href":"https:\/\/roveyayinevi.com.tr\/index.php\/wp-json\/wp\/v2\/types\/product"}],"wp:attachment":[{"href":"https:\/\/roveyayinevi.com.tr\/index.php\/wp-json\/wp\/v2\/media?parent=699772"}],"wp:term":[{"taxonomy":"product_brand","embeddable":true,"href":"https:\/\/roveyayinevi.com.tr\/index.php\/wp-json\/wp\/v2\/product_brand?post=699772"},{"taxonomy":"product_cat","embeddable":true,"href":"https:\/\/roveyayinevi.com.tr\/index.php\/wp-json\/wp\/v2\/product_cat?post=699772"},{"taxonomy":"product_tag","embeddable":true,"href":"https:\/\/roveyayinevi.com.tr\/index.php\/wp-json\/wp\/v2\/product_tag?post=699772"}],"curies":[{"name":"wp","href":"https:\/\/api.w.org\/{rel}","templated":true}]}}