{"id":699745,"date":"2025-08-27T14:52:57","date_gmt":"2025-08-27T11:52:57","guid":{"rendered":"https:\/\/roveyayinevi.com.tr\/index.php\/urun\/ucu-yanik-harfler\/"},"modified":"2026-04-16T02:08:54","modified_gmt":"2026-04-15T23:08:54","slug":"ucu-yanik-harfler","status":"publish","type":"product","link":"https:\/\/roveyayinevi.com.tr\/index.php\/urun\/ucu-yanik-harfler\/","title":{"rendered":"Ucu Yan\u0131k Harfler"},"content":{"rendered":"<p>Nas\u0131lsa daima isimleriyle m\u00fcsemmad\u0131r Elif&#8217;lerin yerleri. Hem klasik hem \u00e7a\u011fda\u015f edebiyat\u0131m\u0131zda\u2026 Kah kar gibi tozar, kah z\u00fcl\u00fcflenirler yanaklarda, kah ok olur hedeflerini bulurlar. Bu defa ozan olup Ankara burcundan ucu t\u00fcten harflerle \u015fiirlerinde uyanm\u0131\u015flar ayd\u0131nl\u0131k bak\u0131\u015fl\u0131 dev bir kad\u0131n\u0131n\u2026Enfes bir duygu yolculu\u011fu. Elif&#8217;in g\u00f6nl\u00fcnden Kut&#8217;lu olsun, daim olsunlar. -Kut Tun\u00e7ay- Ressam, hattat- G\u00fcnl\u00fck ya\u015fam\u0131n, g\u00fcnl\u00fck s\u00f6ylemin s\u0131n\u0131rlar\u0131n\u0131n \u00f6tesinde, \u015fiir duyan, \u015fiir soluyan, \u015fiir ya\u015fayan; dilin gizemini dizelerine d\u00f6ken; co\u015fkunun, sevdan\u0131n, hasretin, kavgan\u0131n, ayk\u0131r\u0131l\u0131\u011f\u0131n ad\u0131d\u0131r Elif Konur. \u00d6zg\u00fcnd\u00fcr, s\u00f6z cambazl\u0131\u011f\u0131ndan uzak ve yal\u0131nd\u0131r. \u00d6zg\u00fcrl\u00fc\u011f\u00fcn ta kendisidir. G\u00fcn \u0131\u015f\u0131\u011f\u0131 titrer \u015fiirinde, ak y\u0131ld\u0131zlar mavili\u011fe b\u00fcr\u00fcn\u00fcr. \u015eimdi bu engin y\u00fcrekten \u00e7\u0131kan \u015fiirlere yelken a\u00e7acak; kekik, nane, karanfil kokan dizeleri bir nefeste okuyacak; yeni bir d\u00fcnyaya do\u011facaks\u0131n\u0131z\u2026 -S\u00fcleyman S\u0131rr\u0131- \u015eair, edebiyat\u00e7\u0131- <\/p>\n","protected":false},"excerpt":{"rendered":"<p>Nas\u0131lsa daima isimleriyle m\u00fcsemmad\u0131r Elif&#8217;lerin yerleri. Hem klasik hem \u00e7a\u011fda\u015f edebiyat\u0131m\u0131zda\u2026 Kah kar gibi tozar, kah z\u00fcl\u00fcflenirler yanaklarda, kah ok olur hedeflerini bulurlar. Bu defa ozan<span class=\"excerpt-hellip\"> [\u2026]<\/span><\/p>\n","protected":false},"featured_media":0,"template":"","meta":{"_monsterinsights_skip_tracking":false,"_monsterinsights_sitenote_active":false,"_monsterinsights_sitenote_note":"","_monsterinsights_sitenote_category":0},"product_brand":[],"product_cat":[12291,12509],"product_tag":[],"class_list":{"0":"post-699745","1":"product","2":"type-product","3":"status-publish","5":"product_cat-edebiyat","6":"product_cat-siir","7":"pa_cilt-ciltsiz","8":"pa_tur-kitap","9":"pa_yayinevi-sinopsis-yayinlari","10":"pa_yazar-elif-konur","12":"first","13":"instock","14":"sale","15":"shipping-taxable","16":"purchasable","17":"product-type-simple"},"_links":{"self":[{"href":"https:\/\/roveyayinevi.com.tr\/index.php\/wp-json\/wp\/v2\/product\/699745","targetHints":{"allow":["GET"]}}],"collection":[{"href":"https:\/\/roveyayinevi.com.tr\/index.php\/wp-json\/wp\/v2\/product"}],"about":[{"href":"https:\/\/roveyayinevi.com.tr\/index.php\/wp-json\/wp\/v2\/types\/product"}],"wp:attachment":[{"href":"https:\/\/roveyayinevi.com.tr\/index.php\/wp-json\/wp\/v2\/media?parent=699745"}],"wp:term":[{"taxonomy":"product_brand","embeddable":true,"href":"https:\/\/roveyayinevi.com.tr\/index.php\/wp-json\/wp\/v2\/product_brand?post=699745"},{"taxonomy":"product_cat","embeddable":true,"href":"https:\/\/roveyayinevi.com.tr\/index.php\/wp-json\/wp\/v2\/product_cat?post=699745"},{"taxonomy":"product_tag","embeddable":true,"href":"https:\/\/roveyayinevi.com.tr\/index.php\/wp-json\/wp\/v2\/product_tag?post=699745"}],"curies":[{"name":"wp","href":"https:\/\/api.w.org\/{rel}","templated":true}]}}