{"id":699743,"date":"2025-08-27T14:52:56","date_gmt":"2025-08-27T11:52:56","guid":{"rendered":"https:\/\/roveyayinevi.com.tr\/index.php\/urun\/emegin-gucu\/"},"modified":"2026-04-16T02:08:54","modified_gmt":"2026-04-15T23:08:54","slug":"emegin-gucu","status":"publish","type":"product","link":"https:\/\/roveyayinevi.com.tr\/index.php\/urun\/emegin-gucu\/","title":{"rendered":"Eme\u011fin G\u00fcc\u00fc"},"content":{"rendered":"<p>Kapsaml\u0131 bir ara\u015ft\u0131rman\u0131n \u00fcr\u00fcn\u00fc olan bu kitap, i\u015f\u00e7i eylemlerinin son 130 y\u0131lda d\u00fcnya genelinde sergiledi\u011fi e\u011filimleri d\u00fcnya kapitalizminin ekonomik ve siyasi dinamikleriyle ba\u011flant\u0131l\u0131 olarak inceliyor. D\u00fcnyada i\u015f\u00e7i eylemleri \u00fczerine yeni bir veritaban\u0131n\u0131 temel alan kitap, i\u015f\u00e7i eylemlerinin ba\u015fl\u0131ca mekanlar\u0131n\u0131n, \u00fcretimin co\u011frafi mekanlar\u0131nda ya\u015fanan kaymalarla birlikte \u00fclkeden \u00fclkeye nas\u0131l yer de\u011fi\u015ftirdi\u011fini g\u00f6zler \u00f6n\u00fcne seriyor. Kitap ayr\u0131ca tarihsel veriler \u0131\u015f\u0131\u011f\u0131nda i\u015f\u00e7i hareketlerinin g\u00fcn\u00fcm\u00fczde i\u00e7inde bulundu\u011fu krizin ger\u00e7ekte yeni ve \u00f6zg\u00fcn olan yanlar\u0131n\u0131 belirlemeye \u00e7al\u0131\u015f\u0131yor. Yirmi birinci y\u00fczy\u0131l i\u015f\u00e7i hareketlerinin gelecekte ortaya \u00e7\u0131kmas\u0131 muhtemel yeni bi\u00e7imleri ile ilgili de\u011ferlendirmelerle son buluyor. Yazar bu kitab\u0131yla Amerikan Sosyoloji Derne\u011fi Se\u00e7kin Akademik Yay\u0131n \u00d6d\u00fcl\u00fc\u2019n\u00fc (2005) kazanm\u0131\u015ft\u0131r. D\u00fcnya i\u015f\u00e7i hareketlerinin ge\u00e7mi\u015fi, bug\u00fcn\u00fc ve gelece\u011fiyle ilgilenen herkes bu kitab\u0131 muhakkak okumal\u0131. -Ian Robinson, Critical Solidarity- Bu kitap, i\u015f\u00e7i hareketlerinin d\u00fcnya \u00e7ap\u0131nda i\u00e7inde oldu\u011fu varsay\u0131lan kriz ortam\u0131n\u0131 daha iyi anlamam\u0131z\u0131 kolayla\u015ft\u0131r\u0131yor ve i\u015f\u00e7i hareketlerinden neler bekleyebilece\u011fimiz konusunda bizi bilgilendiriyor. -American Journal of Sociology- Beverly Silver\u2019\u0131n olduk\u00e7a zengin ve \u00e7ok g\u00fc\u00e7l\u00fc savlarla dolu kitab\u0131, k\u00fcreselle\u015fme literat\u00fcr\u00fcnde eksikli\u011fi uzun s\u00fcredir hissedilen tarihsel ve s\u0131n\u0131fsal bir analiz ortaya koyuyor. Bravo! -Leo Panitch, York \u00dcniversitesi- \ufffcTan\u0131t\u0131m Metni<\/p>\n","protected":false},"excerpt":{"rendered":"<p>Kapsaml\u0131 bir ara\u015ft\u0131rman\u0131n \u00fcr\u00fcn\u00fc olan bu kitap, i\u015f\u00e7i eylemlerinin son 130 y\u0131lda d\u00fcnya genelinde sergiledi\u011fi e\u011filimleri d\u00fcnya kapitalizminin ekonomik ve siyasi dinamikleriyle ba\u011flant\u0131l\u0131 olarak inceliyor. D\u00fcnyada<span class=\"excerpt-hellip\"> [\u2026]<\/span><\/p>\n","protected":false},"featured_media":0,"template":"","meta":{"_monsterinsights_skip_tracking":false,"_monsterinsights_sitenote_active":false,"_monsterinsights_sitenote_note":"","_monsterinsights_sitenote_category":0},"product_brand":[],"product_cat":[12337,16547],"product_tag":[],"class_list":{"0":"post-699743","1":"product","2":"type-product","3":"status-publish","5":"product_cat-politika-siyaset","6":"product_cat-sol-hareketler","7":"pa_cilt-ciltsiz","8":"pa_tur-kitap","9":"pa_yayinevi-yordam-kitap","10":"pa_yazar-beverly-silver","12":"first","13":"instock","14":"sale","15":"shipping-taxable","16":"purchasable","17":"product-type-simple"},"_links":{"self":[{"href":"https:\/\/roveyayinevi.com.tr\/index.php\/wp-json\/wp\/v2\/product\/699743","targetHints":{"allow":["GET"]}}],"collection":[{"href":"https:\/\/roveyayinevi.com.tr\/index.php\/wp-json\/wp\/v2\/product"}],"about":[{"href":"https:\/\/roveyayinevi.com.tr\/index.php\/wp-json\/wp\/v2\/types\/product"}],"wp:attachment":[{"href":"https:\/\/roveyayinevi.com.tr\/index.php\/wp-json\/wp\/v2\/media?parent=699743"}],"wp:term":[{"taxonomy":"product_brand","embeddable":true,"href":"https:\/\/roveyayinevi.com.tr\/index.php\/wp-json\/wp\/v2\/product_brand?post=699743"},{"taxonomy":"product_cat","embeddable":true,"href":"https:\/\/roveyayinevi.com.tr\/index.php\/wp-json\/wp\/v2\/product_cat?post=699743"},{"taxonomy":"product_tag","embeddable":true,"href":"https:\/\/roveyayinevi.com.tr\/index.php\/wp-json\/wp\/v2\/product_tag?post=699743"}],"curies":[{"name":"wp","href":"https:\/\/api.w.org\/{rel}","templated":true}]}}