{"id":699700,"date":"2025-08-27T14:52:43","date_gmt":"2025-08-27T11:52:43","guid":{"rendered":"https:\/\/roveyayinevi.com.tr\/index.php\/urun\/kultur-politikalarinin-kuramsallastirilmasi\/"},"modified":"2026-03-07T02:13:28","modified_gmt":"2026-03-06T23:13:28","slug":"kultur-politikalarinin-kuramsallastirilmasi","status":"publish","type":"product","link":"https:\/\/roveyayinevi.com.tr\/index.php\/urun\/kultur-politikalarinin-kuramsallastirilmasi\/","title":{"rendered":"K\u00fclt\u00fcr Politikalar\u0131n\u0131n Kuramsalla\u015ft\u0131r\u0131lmas\u0131"},"content":{"rendered":"<p>Bu \u00e7al\u0131\u015fman\u0131n konusu, \u00e7e\u015fitli toplant\u0131, belge, \u00e7al\u0131\u015ftay ve seminerlerdeki g\u00f6zlemlenmi\u015f bir alg\u0131ya ve beraberindeki yakla\u015f\u0131mlara itiraz olmak \u00fczere se\u00e7ilmi\u015ftir. S\u00f6z konusu alg\u0131, \u00f6zetlemek gerekirse, k\u00fclt\u00fcrel faaliyetleri y\u00fcksek katma de\u011fer yaratmayan bir alan olarak g\u00f6rmekte, muhasebele\u015ftirme a\u015famas\u0131nda da k\u00fclt\u00fcrel faaliyetlere bir maliyet kalemi olarak bakmaktad\u0131r. Peki, \u00f6yle mi? K\u00fclt\u00fcrel faaliyetlerin yahut daha genel bir ifadeyle k\u00fclt\u00fcrel politikalar\u0131n ger\u00e7ekte nas\u0131l y\u00fcksek bir katma de\u011fere sahip oldu\u011funu ortaya koymak, bu \u00e7al\u0131\u015fman\u0131n kayg\u0131s\u0131n\u0131 olu\u015fturmaktad\u0131r ve bu kayg\u0131yla, bu \u00e7al\u0131\u015fman\u0131n ilgilenenlere faydal\u0131 olaca\u011f\u0131n\u0131 \u00fcmit ediyorum. \u00c7e\u015fitli akademik ortamlarda, varl\u0131klar\u0131na tan\u0131k olunmak suretiyle de olsa, d\u00fcnyay\u0131 okumu\u015f hocalar\u0131n oldu\u011funu g\u00f6rmek ayr\u0131 bir k\u0131van\u00e7 kayna\u011f\u0131&#8230; Nihayetinde, yine onlar sayesinde bilimden bir keyif al\u0131nd\u0131. Mahir TERZ\u0130 Ankara, 2014 <\/p>\n","protected":false},"excerpt":{"rendered":"<p>Bu \u00e7al\u0131\u015fman\u0131n konusu, \u00e7e\u015fitli toplant\u0131, belge, \u00e7al\u0131\u015ftay ve seminerlerdeki g\u00f6zlemlenmi\u015f bir alg\u0131ya ve beraberindeki yakla\u015f\u0131mlara itiraz olmak \u00fczere se\u00e7ilmi\u015ftir. S\u00f6z konusu alg\u0131, \u00f6zetlemek gerekirse, k\u00fclt\u00fcrel faaliyetleri<span class=\"excerpt-hellip\"> [\u2026]<\/span><\/p>\n","protected":false},"featured_media":0,"template":"","meta":{"_monsterinsights_skip_tracking":false,"_monsterinsights_sitenote_active":false,"_monsterinsights_sitenote_note":"","_monsterinsights_sitenote_category":0},"product_brand":[],"product_cat":[12337,14543],"product_tag":[],"class_list":{"0":"post-699700","1":"product","2":"type-product","3":"status-publish","5":"product_cat-politika-siyaset","6":"product_cat-turkiye-siyaseti-ve-politikasi","7":"pa_cilt-ciltsiz","8":"pa_tur-kitap","9":"pa_yayinevi-edge-akademi","10":"pa_yazar-mahir-terzi","12":"first","13":"instock","14":"sale","15":"shipping-taxable","16":"purchasable","17":"product-type-simple"},"_links":{"self":[{"href":"https:\/\/roveyayinevi.com.tr\/index.php\/wp-json\/wp\/v2\/product\/699700","targetHints":{"allow":["GET"]}}],"collection":[{"href":"https:\/\/roveyayinevi.com.tr\/index.php\/wp-json\/wp\/v2\/product"}],"about":[{"href":"https:\/\/roveyayinevi.com.tr\/index.php\/wp-json\/wp\/v2\/types\/product"}],"wp:attachment":[{"href":"https:\/\/roveyayinevi.com.tr\/index.php\/wp-json\/wp\/v2\/media?parent=699700"}],"wp:term":[{"taxonomy":"product_brand","embeddable":true,"href":"https:\/\/roveyayinevi.com.tr\/index.php\/wp-json\/wp\/v2\/product_brand?post=699700"},{"taxonomy":"product_cat","embeddable":true,"href":"https:\/\/roveyayinevi.com.tr\/index.php\/wp-json\/wp\/v2\/product_cat?post=699700"},{"taxonomy":"product_tag","embeddable":true,"href":"https:\/\/roveyayinevi.com.tr\/index.php\/wp-json\/wp\/v2\/product_tag?post=699700"}],"curies":[{"name":"wp","href":"https:\/\/api.w.org\/{rel}","templated":true}]}}