{"id":699698,"date":"2025-08-27T14:52:43","date_gmt":"2025-08-27T11:52:43","guid":{"rendered":"https:\/\/roveyayinevi.com.tr\/index.php\/urun\/alparslanin-akincisi-ayrilmaz-ikili\/"},"modified":"2026-04-16T02:08:53","modified_gmt":"2026-04-15T23:08:53","slug":"alparslanin-akincisi-ayrilmaz-ikili","status":"publish","type":"product","link":"https:\/\/roveyayinevi.com.tr\/index.php\/urun\/alparslanin-akincisi-ayrilmaz-ikili\/","title":{"rendered":"Alparslan&#8217;\u0131n Ak\u0131nc\u0131s\u0131 : Ayr\u0131lmaz \u0130kili"},"content":{"rendered":"<p>Sultan Alparslan&#8217;\u0131n Anadolu&#8217;da ilerleyi\u015finin gizli kahramanlar\u0131yd\u0131 ak\u0131nc\u0131lar\u2026 Alperen de onlardan biriydi! Ad\u0131 gibi   alp   yani yi\u011fit, ad\u0131 gibi   eren   yani Allah&#8217;\u0131n sevgisine ermi\u015f\u2026 Y\u0131llarca ustas\u0131yla sava\u015f talimi yap\u0131yor, \u00e2limlerden ilim ve ahlak dersleri al\u0131yor. Nihayet obas\u0131ndaki bir\u00e7ok gencin i\u00e7inden ak\u0131nc\u0131 se\u00e7iliyor. Hedefine ula\u015ft\u0131ktan sonra da kendini geli\u015ftirmekten geri durmuyor. \u00c7\u00fcnk\u00fc ak\u0131nc\u0131 olmak, hi\u00e7 bitmeyen bir yolculu\u011fa \u00e7\u0131kmak demek\u2026 <\/p>\n","protected":false},"excerpt":{"rendered":"<p>Sultan Alparslan&#8217;\u0131n Anadolu&#8217;da ilerleyi\u015finin gizli kahramanlar\u0131yd\u0131 ak\u0131nc\u0131lar\u2026 Alperen de onlardan biriydi! Ad\u0131 gibi alp yani yi\u011fit, ad\u0131 gibi eren yani Allah&#8217;\u0131n sevgisine ermi\u015f\u2026 Y\u0131llarca ustas\u0131yla sava\u015f<span class=\"excerpt-hellip\"> [\u2026]<\/span><\/p>\n","protected":false},"featured_media":0,"template":"","meta":{"_monsterinsights_skip_tracking":false,"_monsterinsights_sitenote_active":false,"_monsterinsights_sitenote_note":"","_monsterinsights_sitenote_category":0},"product_brand":[],"product_cat":[12274,12284],"product_tag":[],"class_list":{"0":"post-699698","1":"product","2":"type-product","3":"status-publish","5":"product_cat-cocuk-ve-genclik-kitaplari","6":"product_cat-hikayeler","7":"pa_tur-kitap","8":"pa_yayinevi-genc-timas","9":"pa_yazar-ismail-bilgin","11":"first","12":"instock","13":"sale","14":"shipping-taxable","15":"purchasable","16":"product-type-simple"},"_links":{"self":[{"href":"https:\/\/roveyayinevi.com.tr\/index.php\/wp-json\/wp\/v2\/product\/699698","targetHints":{"allow":["GET"]}}],"collection":[{"href":"https:\/\/roveyayinevi.com.tr\/index.php\/wp-json\/wp\/v2\/product"}],"about":[{"href":"https:\/\/roveyayinevi.com.tr\/index.php\/wp-json\/wp\/v2\/types\/product"}],"wp:attachment":[{"href":"https:\/\/roveyayinevi.com.tr\/index.php\/wp-json\/wp\/v2\/media?parent=699698"}],"wp:term":[{"taxonomy":"product_brand","embeddable":true,"href":"https:\/\/roveyayinevi.com.tr\/index.php\/wp-json\/wp\/v2\/product_brand?post=699698"},{"taxonomy":"product_cat","embeddable":true,"href":"https:\/\/roveyayinevi.com.tr\/index.php\/wp-json\/wp\/v2\/product_cat?post=699698"},{"taxonomy":"product_tag","embeddable":true,"href":"https:\/\/roveyayinevi.com.tr\/index.php\/wp-json\/wp\/v2\/product_tag?post=699698"}],"curies":[{"name":"wp","href":"https:\/\/api.w.org\/{rel}","templated":true}]}}