{"id":699688,"date":"2025-08-27T14:52:40","date_gmt":"2025-08-27T11:52:40","guid":{"rendered":"https:\/\/roveyayinevi.com.tr\/index.php\/urun\/yavas-ebeveynlik\/"},"modified":"2026-04-16T02:08:53","modified_gmt":"2026-04-15T23:08:53","slug":"yavas-ebeveynlik","status":"publish","type":"product","link":"https:\/\/roveyayinevi.com.tr\/index.php\/urun\/yavas-ebeveynlik\/","title":{"rendered":"Yava\u015f Ebeveynlik"},"content":{"rendered":"<p>H\u0131zla ak\u0131p giden hayat\u0131n sahibi sen misin? Birbirimize yabanc\u0131la\u015ft\u0131k. A\u015f\u0131r\u0131 kayg\u0131l\u0131y\u0131z. Kendimizden de \u00e7ocuklar\u0131m\u0131zdan da beklentilerimiz \u00e7ok y\u00fcksek. \u00c7ocuklar\u0131m\u0131z\u0131n tatminsizli\u011finden \u015fik\u00e2yet ediyor ne kadar yorgun ve tahamm\u00fcls\u00fcz oldu\u011fumuzdan dem vuruyoruz. Peki b\u00f6yle mi olmal\u0131? Ebeveynlik daha farkl\u0131 yap\u0131lamaz m\u0131? \ufffcTan\u0131t\u0131m Metni<\/p>\n","protected":false},"excerpt":{"rendered":"<p>H\u0131zla ak\u0131p giden hayat\u0131n sahibi sen misin? Birbirimize yabanc\u0131la\u015ft\u0131k. A\u015f\u0131r\u0131 kayg\u0131l\u0131y\u0131z. Kendimizden de \u00e7ocuklar\u0131m\u0131zdan da beklentilerimiz \u00e7ok y\u00fcksek. \u00c7ocuklar\u0131m\u0131z\u0131n tatminsizli\u011finden \u015fik\u00e2yet ediyor ne kadar yorgun ve<span class=\"excerpt-hellip\"> [\u2026]<\/span><\/p>\n","protected":false},"featured_media":0,"template":"","meta":{"_monsterinsights_skip_tracking":false,"_monsterinsights_sitenote_active":false,"_monsterinsights_sitenote_note":"","_monsterinsights_sitenote_category":0},"product_brand":[],"product_cat":[14902,13365],"product_tag":[],"class_list":{"0":"post-699688","1":"product","2":"type-product","3":"status-publish","5":"product_cat-annelik-ve-cocuk-bakimi","6":"product_cat-saglik","7":"pa_cilt-ciltsiz","8":"pa_tur-kitap","9":"pa_yayinevi-altin-kitaplar","10":"pa_yazar-pinar-mermer","12":"first","13":"instock","14":"sale","15":"shipping-taxable","16":"purchasable","17":"product-type-simple"},"_links":{"self":[{"href":"https:\/\/roveyayinevi.com.tr\/index.php\/wp-json\/wp\/v2\/product\/699688","targetHints":{"allow":["GET"]}}],"collection":[{"href":"https:\/\/roveyayinevi.com.tr\/index.php\/wp-json\/wp\/v2\/product"}],"about":[{"href":"https:\/\/roveyayinevi.com.tr\/index.php\/wp-json\/wp\/v2\/types\/product"}],"wp:attachment":[{"href":"https:\/\/roveyayinevi.com.tr\/index.php\/wp-json\/wp\/v2\/media?parent=699688"}],"wp:term":[{"taxonomy":"product_brand","embeddable":true,"href":"https:\/\/roveyayinevi.com.tr\/index.php\/wp-json\/wp\/v2\/product_brand?post=699688"},{"taxonomy":"product_cat","embeddable":true,"href":"https:\/\/roveyayinevi.com.tr\/index.php\/wp-json\/wp\/v2\/product_cat?post=699688"},{"taxonomy":"product_tag","embeddable":true,"href":"https:\/\/roveyayinevi.com.tr\/index.php\/wp-json\/wp\/v2\/product_tag?post=699688"}],"curies":[{"name":"wp","href":"https:\/\/api.w.org\/{rel}","templated":true}]}}