{"id":699673,"date":"2025-08-27T14:52:35","date_gmt":"2025-08-27T11:52:35","guid":{"rendered":"https:\/\/roveyayinevi.com.tr\/index.php\/urun\/dunya-bankasi\/"},"modified":"2026-04-16T02:08:53","modified_gmt":"2026-04-15T23:08:53","slug":"dunya-bankasi","status":"publish","type":"product","link":"https:\/\/roveyayinevi.com.tr\/index.php\/urun\/dunya-bankasi\/","title":{"rendered":"D\u00fcnya Bankas\u0131"},"content":{"rendered":"<p>D\u00fcnya Bankas\u0131, her yerde. D\u00fcnyan\u0131n d\u00f6rt bir yan\u0131nda, ama \u00f6zellikle \u00dc\u00e7\u00fcnc\u00fc D\u00fcnya\u2019da elini atmad\u0131\u011f\u0131 bir alan neredeyse yok. Temel misyonunu yoksullu\u011fu azaltmak olarak tarif ediyor. Peki yoksullu\u011fu ne \u00f6l\u00e7\u00fcde azaltabiliyor? Bu kitap, bu sorunun yan\u0131lt\u0131c\u0131l\u0131\u011f\u0131ndan yola \u00e7\u0131k\u0131yor. \u00c7\u00fcnk\u00fc soruyu bu \u015fekilde sormak, D\u00fcnya Bankas\u0131\u2019n\u0131n e\u015fitsiz ve adaletsiz bir sistemin \u00f6nemli bir oyuncusu oldu\u011funu g\u00f6zden \u0131rak tutmak sonucunu do\u011furabilir. Evet, kuruldu\u011fu y\u0131ldan bu yana D\u00fcnya Bankas\u0131 uluslararas\u0131 d\u00fczeyde ekonominin en belirleyici kurulu\u015flar\u0131ndan biri olmu\u015ftur ve d\u00fcnyan\u0131n pek \u00e7ok b\u00f6lgesinde liberal ekonomik programlar\u0131n uygulanmas\u0131nda, yoksul \u00fclkelerin daha ba\u011f\u0131ml\u0131 bir hale getirilmesinde etkin bir rol \u00fcstlenmi\u015ftir. Dolay\u0131s\u0131yla soruyu ba\u015fka t\u00fcrl\u00fc sormak gerekir. D\u00fcnya n\u00fcfusunun b\u00fcy\u00fck\u00e7e bir b\u00f6l\u00fcm\u00fcn\u00fc a\u00e7l\u0131k ve hastal\u0131kla ba\u015f ba\u015fa b\u0131rakan, milyonlarca insan\u0131 ancak k\u00f6lelikle ba\u011fda\u015f\u0131r bir \u00e7al\u0131\u015fma d\u00fczeni i\u00e7ine sokan, \u00e7\u0131kar, iktidar ve k\u00e2r g\u00fcd\u00fcs\u00fcyle donanm\u0131\u015f g\u00fc\u00e7lerin i\u00e7inde D\u00fcnya Bankas\u0131\u2019n\u0131n yeri nedir? D\u00fcnya Bankas\u0131: Yan\u0131lsamalar ve Ger\u00e7ekler kitab\u0131 bu soruya yan\u0131t verme amac\u0131 ta\u015f\u0131yor. Kitapt \u00f6zellikle D\u00fcnya Bankas\u0131\u2019n\u0131n 90\u2019lardan itibaren geli\u015ftirdi\u011fi stratejileri mercek alt\u0131na al\u0131yor. Banka\u2019n\u0131n ayn\u0131 zamanda siyasi, ideolojik ve k\u00fclt\u00fcrel bir kurum oldu\u011fu tezinden hareket ediyor ve onun hegemonik g\u00fcc\u00fcne vurgu yap\u0131yor. Bug\u00fcn D\u00fcnya Bankas\u0131\u2019n\u0131n bi\u00e7imlendirdi\u011fi, temel \u00e7er\u00e7evesini \u00e7izdi\u011fi politikalar\u0131 bilmeden i\u00e7inde ya\u015fad\u0131\u011f\u0131m\u0131z d\u00fcnyay\u0131 tam olarak anlamam\u0131z m\u00fcmk\u00fcn de\u011fildir. Filiz Zabc\u0131\u2019n\u0131n y\u0131llara yay\u0131lan titiz \u00e7al\u0131\u015fmas\u0131n\u0131n \u00fcr\u00fcn\u00fc olan bu yo\u011fun kitap, sorunun anla\u015f\u0131lmas\u0131na \u00f6nemli bir katk\u0131 sunuyor. \ufffcTan\u0131t\u0131m Metni<\/p>\n","protected":false},"excerpt":{"rendered":"<p>D\u00fcnya Bankas\u0131, her yerde. D\u00fcnyan\u0131n d\u00f6rt bir yan\u0131nda, ama \u00f6zellikle \u00dc\u00e7\u00fcnc\u00fc D\u00fcnya\u2019da elini atmad\u0131\u011f\u0131 bir alan neredeyse yok. Temel misyonunu yoksullu\u011fu azaltmak olarak tarif ediyor. Peki<span class=\"excerpt-hellip\"> [\u2026]<\/span><\/p>\n","protected":false},"featured_media":0,"template":"","meta":{"_monsterinsights_skip_tracking":false,"_monsterinsights_sitenote_active":false,"_monsterinsights_sitenote_note":"","_monsterinsights_sitenote_category":0},"product_brand":[],"product_cat":[13044,13043],"product_tag":[],"class_list":{"0":"post-699673","1":"product","2":"type-product","3":"status-publish","5":"product_cat-dunya-ekonomisi","6":"product_cat-ekonomi","7":"pa_cilt-ciltsiz","8":"pa_tur-kitap","9":"pa_yayinevi-yordam-kitap","10":"pa_yazar-filiz-zabci","12":"first","13":"instock","14":"sale","15":"shipping-taxable","16":"purchasable","17":"product-type-simple"},"_links":{"self":[{"href":"https:\/\/roveyayinevi.com.tr\/index.php\/wp-json\/wp\/v2\/product\/699673","targetHints":{"allow":["GET"]}}],"collection":[{"href":"https:\/\/roveyayinevi.com.tr\/index.php\/wp-json\/wp\/v2\/product"}],"about":[{"href":"https:\/\/roveyayinevi.com.tr\/index.php\/wp-json\/wp\/v2\/types\/product"}],"wp:attachment":[{"href":"https:\/\/roveyayinevi.com.tr\/index.php\/wp-json\/wp\/v2\/media?parent=699673"}],"wp:term":[{"taxonomy":"product_brand","embeddable":true,"href":"https:\/\/roveyayinevi.com.tr\/index.php\/wp-json\/wp\/v2\/product_brand?post=699673"},{"taxonomy":"product_cat","embeddable":true,"href":"https:\/\/roveyayinevi.com.tr\/index.php\/wp-json\/wp\/v2\/product_cat?post=699673"},{"taxonomy":"product_tag","embeddable":true,"href":"https:\/\/roveyayinevi.com.tr\/index.php\/wp-json\/wp\/v2\/product_tag?post=699673"}],"curies":[{"name":"wp","href":"https:\/\/api.w.org\/{rel}","templated":true}]}}