{"id":699668,"date":"2025-08-27T14:52:33","date_gmt":"2025-08-27T11:52:33","guid":{"rendered":"https:\/\/roveyayinevi.com.tr\/index.php\/urun\/oda-muzigi-butun-siirleri\/"},"modified":"2026-04-16T02:08:53","modified_gmt":"2026-04-15T23:08:53","slug":"oda-muzigi-butun-siirleri","status":"publish","type":"product","link":"https:\/\/roveyayinevi.com.tr\/index.php\/urun\/oda-muzigi-butun-siirleri\/","title":{"rendered":"Oda M\u00fczi\u011fi &#8211; B\u00fct\u00fcn \u015eiirleri"},"content":{"rendered":"<p>\u0130rlandal\u0131 yenilik\u00e7i yazar James Joyce\u2019un (1882-1941) \u015fair y\u00f6n\u00fc \u00fclkemizde pek bilinmez. Oysa yazar\u0131n ilk yay\u0131mlanan kitab\u0131, Chamber Music (Oda M\u00fczi\u011fi) (1907) adl\u0131 \u015fiirler toplam\u0131d\u0131r. Bu kitab\u0131nda Jacobean tarzda yaz\u0131lm\u0131\u015f lirik \u015fiirler yer al\u0131r. \u00c7ok iyi \u015fark\u0131 s\u00f6yleyebilen Joyce, 36 \u015fiirden olu\u015fan kitab\u0131na bu ad\u0131 vererek \u015fiirlerin m\u00fczikal \u00f6zelliklerini \u00f6ne \u00e7\u0131kar\u0131r. Ger\u00e7i \u015fiirler a\u015fktaki tensel \u015fehvetle duygusall\u0131\u011f\u0131 birle\u015ftirebilmesiyle de ilgi \u00e7ekicidir. Ancak Joyce, y\u0131llar sonra, bu \u015fiirlerin yay\u0131mlanm\u0131\u015f olmas\u0131ndan utan\u00e7 duydu\u011funu s\u00f6yler. 1904&#8217;te yazd\u0131\u011f\u0131 The Holy Office (Kutsal G\u00f6rev), rol kesen kumpanya dedi\u011fi ve W.B. Yeats, George Russell, John Synge, Lady Gregory gibi yazarlar\u0131n olu\u015fturdu\u011fu \u0130ris Literary Revival (\u0130rland Edebi Uyan\u0131\u015f\u0131) \u00e7evresi ve kendisiyle ilgili bir yergidir. 1912&#8217;de son kez gitti\u011fi \u0130rlanda&#8217;dan d\u00f6nerken, bir di\u011fer \u00f6fkeli yergisini, Gas from a Burner&#8217;\u0131 (Yak\u0131c\u0131 Gaz) trende yazar. 1927&#8217;de Paris&#8217;te yay\u0131mlanan Pomes Penyeach farkl\u0131 bir \u00e7izgidedir. Joyce, bu \u015fiirde, ruhunu g\u00f6zler \u00f6n\u00fcne sermekten \u00e7ekinmez. 1932&#8217;de, torunu Stephen James Joyce&#8217;un do\u011fdu\u011fu g\u00fcn yazd\u0131\u011f\u0131 Ecce Puer de ise yal\u0131n bir s\u00f6yleyi\u015fle babas\u0131n\u0131, o\u011flunu, torununu ve bir \u00f6l\u00e7\u00fcye kadar da kendisini anlat\u0131r. \u015eiirlerinde Joyce\u2019un kontrole gerek duymad\u0131\u011f\u0131 duygusal y\u00f6n\u00fc yans\u0131r; sanat\u00e7\u0131 ki\u015fili\u011finin T\u00fcrkiye\u2019de pek de bilinmeyen y\u00f6n\u00fc&#8230; \ufffcTan\u0131t\u0131m Metni<\/p>\n","protected":false},"excerpt":{"rendered":"<p>\u0130rlandal\u0131 yenilik\u00e7i yazar James Joyce\u2019un (1882-1941) \u015fair y\u00f6n\u00fc \u00fclkemizde pek bilinmez. Oysa yazar\u0131n ilk yay\u0131mlanan kitab\u0131, Chamber Music (Oda M\u00fczi\u011fi) (1907) adl\u0131 \u015fiirler toplam\u0131d\u0131r. Bu kitab\u0131nda<span class=\"excerpt-hellip\"> [\u2026]<\/span><\/p>\n","protected":false},"featured_media":0,"template":"","meta":{"_monsterinsights_skip_tracking":false,"_monsterinsights_sitenote_active":false,"_monsterinsights_sitenote_note":"","_monsterinsights_sitenote_category":0},"product_brand":[],"product_cat":[12291,12509],"product_tag":[],"class_list":{"0":"post-699668","1":"product","2":"type-product","3":"status-publish","5":"product_cat-edebiyat","6":"product_cat-siir","7":"pa_cilt-ciltsiz","8":"pa_tur-kitap","9":"pa_yayinevi-is-bankasi-kultur-yayinlari","10":"pa_yazar-james-joyce","12":"first","13":"instock","14":"sale","15":"shipping-taxable","16":"purchasable","17":"product-type-simple"},"_links":{"self":[{"href":"https:\/\/roveyayinevi.com.tr\/index.php\/wp-json\/wp\/v2\/product\/699668","targetHints":{"allow":["GET"]}}],"collection":[{"href":"https:\/\/roveyayinevi.com.tr\/index.php\/wp-json\/wp\/v2\/product"}],"about":[{"href":"https:\/\/roveyayinevi.com.tr\/index.php\/wp-json\/wp\/v2\/types\/product"}],"wp:attachment":[{"href":"https:\/\/roveyayinevi.com.tr\/index.php\/wp-json\/wp\/v2\/media?parent=699668"}],"wp:term":[{"taxonomy":"product_brand","embeddable":true,"href":"https:\/\/roveyayinevi.com.tr\/index.php\/wp-json\/wp\/v2\/product_brand?post=699668"},{"taxonomy":"product_cat","embeddable":true,"href":"https:\/\/roveyayinevi.com.tr\/index.php\/wp-json\/wp\/v2\/product_cat?post=699668"},{"taxonomy":"product_tag","embeddable":true,"href":"https:\/\/roveyayinevi.com.tr\/index.php\/wp-json\/wp\/v2\/product_tag?post=699668"}],"curies":[{"name":"wp","href":"https:\/\/api.w.org\/{rel}","templated":true}]}}