{"id":699660,"date":"2025-08-27T14:52:30","date_gmt":"2025-08-27T11:52:30","guid":{"rendered":"https:\/\/roveyayinevi.com.tr\/index.php\/urun\/red-kit-sayi-34-dick-diggerin-madeni\/"},"modified":"2026-03-23T02:10:13","modified_gmt":"2026-03-22T23:10:13","slug":"red-kit-sayi-34-dick-diggerin-madeni","status":"publish","type":"product","link":"https:\/\/roveyayinevi.com.tr\/index.php\/urun\/red-kit-sayi-34-dick-diggerin-madeni\/","title":{"rendered":"Red Kit Say\u0131: 34 Dick Digger\u2019\u0131n Madeni"},"content":{"rendered":"<p>\u0130ki ayr\u0131 macera i\u00e7eren Dick Digger\u2019\u0131n Madeni, orijinal ad\u0131yla La Mine d\u2019Or de Dick Digger, orijinal ilk Red Kit olup T\u00fcrk\u00e7e\u2019de ilk kez YKY taraf\u0131ndan yay\u0131mlan\u0131yor.  Morris\u2019in yaz\u0131p \u00e7izdi\u011fi bu alb\u00fcmde, iyi kalpli, d\u00fcr\u00fcst, yard\u0131msever, usta, ak\u0131ll\u0131 ve tabii \u00e7ok h\u0131zl\u0131 kovboyumuz al\u0131\u015f\u0131k oldu\u011fumuz ince hatlar\u0131ndan farkl\u0131, daha yuvarlak \u00e7eneli olu\u015fuyla dikkat \u00e7ekiyor. Sad\u0131k ve \u00e7ok zeki yol arkada\u015f\u0131 D\u00fcld\u00fcl\u2019le birlikte \u00f6nce, ke\u015ffetti\u011fi alt\u0131n madeninin haritas\u0131n\u0131 \u00e7ald\u0131ran Dick Digger\u2019\u0131n yard\u0131m\u0131na ko\u015farak k\u00f6t\u00fcleri yakal\u0131yor, ard\u0131ndan da kendisine ikiz karde\u015fi kadar benzeyen haydut Deli Jim\u2019e kar\u015f\u0131 m\u00fccadele ediyor.<\/p>\n","protected":false},"excerpt":{"rendered":"<p>\u0130ki ayr\u0131 macera i\u00e7eren Dick Digger\u2019\u0131n Madeni, orijinal ad\u0131yla La Mine d\u2019Or de Dick Digger, orijinal ilk Red Kit olup T\u00fcrk\u00e7e\u2019de ilk kez YKY taraf\u0131ndan yay\u0131mlan\u0131yor.<span class=\"excerpt-hellip\"> [\u2026]<\/span><\/p>\n","protected":false},"featured_media":0,"template":"","meta":{"_monsterinsights_skip_tracking":false,"_monsterinsights_sitenote_active":false,"_monsterinsights_sitenote_note":"","_monsterinsights_sitenote_category":0},"product_brand":[],"product_cat":[12416,12291],"product_tag":[],"class_list":{"0":"post-699660","1":"product","2":"type-product","3":"status-publish","5":"product_cat-cizgi-roman","6":"product_cat-edebiyat","7":"pa_cilt-ciltsiz","8":"pa_tur-kitap","9":"pa_yayinevi-yapi-kredi-yayinlari","10":"pa_yazar-morris","12":"first","13":"instock","14":"sale","15":"shipping-taxable","16":"purchasable","17":"product-type-simple"},"_links":{"self":[{"href":"https:\/\/roveyayinevi.com.tr\/index.php\/wp-json\/wp\/v2\/product\/699660","targetHints":{"allow":["GET"]}}],"collection":[{"href":"https:\/\/roveyayinevi.com.tr\/index.php\/wp-json\/wp\/v2\/product"}],"about":[{"href":"https:\/\/roveyayinevi.com.tr\/index.php\/wp-json\/wp\/v2\/types\/product"}],"wp:attachment":[{"href":"https:\/\/roveyayinevi.com.tr\/index.php\/wp-json\/wp\/v2\/media?parent=699660"}],"wp:term":[{"taxonomy":"product_brand","embeddable":true,"href":"https:\/\/roveyayinevi.com.tr\/index.php\/wp-json\/wp\/v2\/product_brand?post=699660"},{"taxonomy":"product_cat","embeddable":true,"href":"https:\/\/roveyayinevi.com.tr\/index.php\/wp-json\/wp\/v2\/product_cat?post=699660"},{"taxonomy":"product_tag","embeddable":true,"href":"https:\/\/roveyayinevi.com.tr\/index.php\/wp-json\/wp\/v2\/product_tag?post=699660"}],"curies":[{"name":"wp","href":"https:\/\/api.w.org\/{rel}","templated":true}]}}