{"id":699640,"date":"2025-08-27T14:52:23","date_gmt":"2025-08-27T11:52:23","guid":{"rendered":"https:\/\/roveyayinevi.com.tr\/index.php\/urun\/mubarek-vakitler\/"},"modified":"2026-04-16T02:08:52","modified_gmt":"2026-04-15T23:08:52","slug":"mubarek-vakitler","status":"publish","type":"product","link":"https:\/\/roveyayinevi.com.tr\/index.php\/urun\/mubarek-vakitler\/","title":{"rendered":"M\u00fcbarek Vakitler"},"content":{"rendered":"<p>\u015e\u00fcphesiz Allah\u2019\u0131n yaratt\u0131\u011f\u0131 her \u015fey gibi zaman da m\u00fcb\u00e2rektir. Yarat\u0131lm\u0131\u015f her \u015fey e\u015fsiz ve benzersizdir, ancak baz\u0131 ki\u015filer, zamanlar ve mek\u00e2nlar di\u011ferlerinden faz\u00eeletli ve \u00fcst\u00fcnd\u00fcr. Rabb\u2019imiz daha \u00fcst\u00fcn ve faz\u00eeletli k\u0131ld\u0131\u011f\u0131 baz\u0131 vakitleri, merhameti ve \u015fefkatiyle, bizlere Kitab-\u0131 Ker\u00eem\u2019indeki \u00e2yetleriyle, kevn\u00ee \u00e2yetleriyle, yeg\u00e2ne \u00f6rne\u011fimiz olan Hab\u00eeb-i Ed\u00eeb-i Z\u00ee\u015f\u00e2n\u2019\u0131 vas\u0131tas\u0131 ile ve vel\u00ee kullar\u0131n\u0131n nasihat ve tavsiyeleriyle g\u00f6stermi\u015ftir. <\/p>\n","protected":false},"excerpt":{"rendered":"<p>\u015e\u00fcphesiz Allah\u2019\u0131n yaratt\u0131\u011f\u0131 her \u015fey gibi zaman da m\u00fcb\u00e2rektir. Yarat\u0131lm\u0131\u015f her \u015fey e\u015fsiz ve benzersizdir, ancak baz\u0131 ki\u015filer, zamanlar ve mek\u00e2nlar di\u011ferlerinden faz\u00eeletli ve \u00fcst\u00fcnd\u00fcr. Rabb\u2019imiz<span class=\"excerpt-hellip\"> [\u2026]<\/span><\/p>\n","protected":false},"featured_media":0,"template":"","meta":{"_monsterinsights_skip_tracking":false,"_monsterinsights_sitenote_active":false,"_monsterinsights_sitenote_note":"","_monsterinsights_sitenote_category":0},"product_brand":[],"product_cat":[12718,12719,22508],"product_tag":[],"class_list":{"0":"post-699640","1":"product","2":"type-product","3":"status-publish","5":"product_cat-din","6":"product_cat-islam","7":"product_cat-islam-egitimi","8":"pa_cilt-ciltsiz","9":"pa_tur-kitap","10":"pa_yayinevi-sufi-kitap","11":"pa_yazar-o-tugrul-inancer","13":"first","14":"instock","15":"sale","16":"shipping-taxable","17":"purchasable","18":"product-type-simple"},"_links":{"self":[{"href":"https:\/\/roveyayinevi.com.tr\/index.php\/wp-json\/wp\/v2\/product\/699640","targetHints":{"allow":["GET"]}}],"collection":[{"href":"https:\/\/roveyayinevi.com.tr\/index.php\/wp-json\/wp\/v2\/product"}],"about":[{"href":"https:\/\/roveyayinevi.com.tr\/index.php\/wp-json\/wp\/v2\/types\/product"}],"wp:attachment":[{"href":"https:\/\/roveyayinevi.com.tr\/index.php\/wp-json\/wp\/v2\/media?parent=699640"}],"wp:term":[{"taxonomy":"product_brand","embeddable":true,"href":"https:\/\/roveyayinevi.com.tr\/index.php\/wp-json\/wp\/v2\/product_brand?post=699640"},{"taxonomy":"product_cat","embeddable":true,"href":"https:\/\/roveyayinevi.com.tr\/index.php\/wp-json\/wp\/v2\/product_cat?post=699640"},{"taxonomy":"product_tag","embeddable":true,"href":"https:\/\/roveyayinevi.com.tr\/index.php\/wp-json\/wp\/v2\/product_tag?post=699640"}],"curies":[{"name":"wp","href":"https:\/\/api.w.org\/{rel}","templated":true}]}}